{"id":46,"date":"2021-02-16T11:44:42","date_gmt":"2021-02-16T16:44:42","guid":{"rendered":"https:\/\/demosites.io\/neve-3\/?page_id=46"},"modified":"2026-03-27T09:00:27","modified_gmt":"2026-03-27T14:00:27","slug":"inicio","status":"publish","type":"page","link":"https:\/\/academia.utp.edu.co\/andresescobar\/","title":{"rendered":"Inicio"},"content":{"rendered":"\n<div class=\"wp-block-cover alignfull\" style=\"min-height:600px;aspect-ratio:unset;\"><img loading=\"lazy\" decoding=\"async\" width=\"1280\" height=\"367\" class=\"wp-block-cover__image-background wp-image-818 size-full\" alt=\"\" src=\"https:\/\/academia.utp.edu.co\/andresescobar\/files\/2025\/09\/imgPorDefecto.jpg\" data-object-fit=\"cover\" srcset=\"https:\/\/academia.utp.edu.co\/andresescobar\/files\/2025\/09\/imgPorDefecto.jpg 1280w, https:\/\/academia.utp.edu.co\/andresescobar\/files\/2025\/09\/imgPorDefecto-300x86.jpg 300w, https:\/\/academia.utp.edu.co\/andresescobar\/files\/2025\/09\/imgPorDefecto-1024x294.jpg 1024w, https:\/\/academia.utp.edu.co\/andresescobar\/files\/2025\/09\/imgPorDefecto-768x220.jpg 768w\" sizes=\"auto, (max-width: 1280px) 100vw, 1280px\" \/><span aria-hidden=\"true\" class=\"wp-block-cover__background has-nv-dark-bg-background-color has-background-dim-60 has-background-dim\"><\/span><div class=\"wp-block-cover__inner-container is-layout-flow wp-block-cover-is-layout-flow\">\n<div class=\"wp-block-columns are-vertically-aligned-center is-layout-flex wp-container-core-columns-is-layout-9d6595d7 wp-block-columns-is-layout-flex\">\n<div class=\"wp-block-column is-vertically-aligned-center is-layout-flow wp-block-column-is-layout-flow\" style=\"flex-basis:100%\">\n<h2 class=\"wp-block-heading alignfull has-text-align-center\" style=\"font-size:53px\">Profesor Andr\u00e9s Escobar Mej\u00eda<br>Representante de profesores y profesoras ante el  <br>     Consejo Superior Universitario         <br>2025-2027<\/h2>\n<\/div>\n<\/div>\n\n\n\n<div style=\"height:0px\" aria-hidden=\"true\" class=\"wp-block-spacer\"><\/div>\n\n\n\n<p class=\"has-text-align-right\" style=\"font-size:24px;letter-spacing:1.5px\"><em><strong>Una representaci\u00f3n profesoral incluyente, independiente, <\/strong><\/em><br><br><em><strong>cr\u00edtica y transformadora<\/strong>.<\/em><\/p>\n\n\n\n<p style=\"font-size:24px;letter-spacing:1.5px\"><\/p>\n<\/div><\/div>\n\n\n\n<p class=\"has-text-align-center\"><\/p>\n\n\n\n<div class=\"wp-block-columns is-layout-flex wp-container-core-columns-is-layout-9d6595d7 wp-block-columns-is-layout-flex\">\n<div class=\"wp-block-column is-vertically-aligned-center is-layout-flow wp-block-column-is-layout-flow\"><div class=\"wp-block-image\">\n<figure class=\"aligncenter size-full is-resized\"><img loading=\"lazy\" decoding=\"async\" width=\"1707\" height=\"2560\" src=\"https:\/\/academia.utp.edu.co\/andresescobar\/files\/2025\/07\/VHCD4977-1-scaled.jpg\" alt=\"\" class=\"wp-image-706\" style=\"width:394px;height:auto\" srcset=\"https:\/\/academia.utp.edu.co\/andresescobar\/files\/2025\/07\/VHCD4977-1-scaled.jpg 1707w, https:\/\/academia.utp.edu.co\/andresescobar\/files\/2025\/07\/VHCD4977-1-200x300.jpg 200w, https:\/\/academia.utp.edu.co\/andresescobar\/files\/2025\/07\/VHCD4977-1-683x1024.jpg 683w, https:\/\/academia.utp.edu.co\/andresescobar\/files\/2025\/07\/VHCD4977-1-768x1152.jpg 768w, https:\/\/academia.utp.edu.co\/andresescobar\/files\/2025\/07\/VHCD4977-1-1024x1536.jpg 1024w, https:\/\/academia.utp.edu.co\/andresescobar\/files\/2025\/07\/VHCD4977-1-1365x2048.jpg 1365w\" sizes=\"auto, (max-width: 1707px) 100vw, 1707px\" \/><\/figure>\n<\/div><\/div>\n\n\n\n<div class=\"wp-block-column is-vertically-aligned-center is-layout-flow wp-block-column-is-layout-flow\">\n<p><\/p>\n\n\n\n<h2 class=\"wp-block-heading has-text-align-center has-large-font-size\">Andr\u00e9s Escobar Mej\u00eda<\/h2>\n\n\n\n<p>Pereirano de nacimiento, es Mag\u00edster en Ingenier\u00eda El\u00e9ctrica por la <strong>Universidad Tecnol\u00f3gica de Pereira (2005)<\/strong> y Doctor en Ingenier\u00eda por la <strong>Universidad de Arkansas, Estados Unidos (2014)<\/strong>, mediante la beca <strong>Fulbright Regiones 2009<\/strong>.<\/p>\n\n\n\n<p>Docente Titular de la <strong>UTP<\/strong>, adscrito a la <strong>Facultad de Ingenier\u00edas<\/strong> e Investigador Senior <strong>MinCiencias<\/strong> y Senior <strong>IEEE<\/strong>. Orienta cursos de pregrado en el programa de <strong>Ingenier\u00eda El\u00e9ctrica<\/strong> e <strong>Ingenier\u00eda Electr\u00f3nica<\/strong>. Tambi\u00e9n orienta cursos de posgrado en la <strong>Maestr\u00eda en Ingenier\u00eda El\u00e9ctrica<\/strong> y el <strong>Doctorado en Ingenier\u00eda<\/strong>. Su experiencia docente tambi\u00e9n la aplica al campo de la direcci\u00f3n acad\u00e9mica al ser Director del programa de <strong>Maestr\u00eda en Ingenier\u00eda El\u00e9ctrica<\/strong>.<\/p>\n\n\n\n<p>El Profesor Escobar reafirma su compromiso con una representaci\u00f3n profesoral incluyente, independiente, cr\u00edtica y transformadora, orientada siempre a la defensa de la <strong>Autonom\u00eda Universitaria<\/strong>.<\/p>\n<\/div>\n<\/div>\n\n\n\n<figure class=\"wp-block-image size-full is-resized\"><img loading=\"lazy\" decoding=\"async\" width=\"1167\" height=\"350\" src=\"http:\/\/academia.utp.edu.co\/andresescobar\/files\/2025\/10\/Pagina-Web-ce2f07.svg\" alt=\"\" class=\"wp-image-939\" style=\"width:437px;height:auto\" \/><\/figure>\n\n\n\n<p><\/p>\n\n\n\n<div class=\"wp-block-columns ticss-4a95e055 is-layout-flex wp-container-core-columns-is-layout-abbe5815 wp-block-columns-is-layout-flex\" style=\"padding-top:0;padding-right:0;padding-bottom:0;padding-left:0\">\n<div class=\"wp-block-column ticss-39aa8e65 is-layout-flow wp-block-column-is-layout-flow\">\n<div class=\"contador-utp-card\">\n    <div class=\"indicador-live\"><\/div>\n    <span class=\"contador-texto\">Visitas en el sitio web:<\/span>\n    \n    <div class=\"bloqueo-link\">\n        <div id=\"sfcmjk9ebcjkamseja2lqr27naeh8zzzp5u\"><\/div>\n        \n        \n            <img decoding=\"async\" src=\"https:\/\/counter1.optistats.ovh\/private\/contadorvisitasgratis.php?c=mjk9ebcjkamseja2lqr27naeh8zzzp5u\" border=\"0\" title=\"contador de visitas html\" alt=\"contador de visitas html\">\n        \n    <\/div>\n<\/div>\n<\/div>\n<\/div>\n\n\n\n<p class=\"ticss-4f15c612\"><\/p>\n\n\n\n<p><\/p>\n","protected":false},"excerpt":{"rendered":"<p>Andr\u00e9s Escobar Mej\u00eda Pereirano de nacimiento, es Mag\u00edster en Ingenier\u00eda El\u00e9ctrica por la Universidad Tecnol\u00f3gica de Pereira (2005) y Doctor en Ingenier\u00eda por la Universidad de Arkansas, Estados Unidos (2014),&hellip;&nbsp;<a href=\"https:\/\/academia.utp.edu.co\/andresescobar\/\" rel=\"bookmark\">Leer m\u00e1s &raquo;<span class=\"screen-reader-text\">Inicio<\/span><\/a><\/p>\n","protected":false},"author":1902,"featured_media":0,"parent":0,"menu_order":0,"comment_status":"closed","ping_status":"closed","template":"","meta":{"neve_meta_sidebar":"full-width","neve_meta_container":"contained","neve_meta_enable_content_width":"on","neve_meta_content_width":100,"neve_meta_title_alignment":"","neve_meta_author_avatar":"","neve_post_elements_order":"","neve_meta_disable_header":"","neve_meta_disable_footer":"","neve_meta_disable_title":"on","footnotes":""},"class_list":["post-46","page","type-page","status-publish","hentry"],"_links":{"self":[{"href":"https:\/\/academia.utp.edu.co\/andresescobar\/wp-json\/wp\/v2\/pages\/46","targetHints":{"allow":["GET"]}}],"collection":[{"href":"https:\/\/academia.utp.edu.co\/andresescobar\/wp-json\/wp\/v2\/pages"}],"about":[{"href":"https:\/\/academia.utp.edu.co\/andresescobar\/wp-json\/wp\/v2\/types\/page"}],"author":[{"embeddable":true,"href":"https:\/\/academia.utp.edu.co\/andresescobar\/wp-json\/wp\/v2\/users\/1902"}],"replies":[{"embeddable":true,"href":"https:\/\/academia.utp.edu.co\/andresescobar\/wp-json\/wp\/v2\/comments?post=46"}],"version-history":[{"count":80,"href":"https:\/\/academia.utp.edu.co\/andresescobar\/wp-json\/wp\/v2\/pages\/46\/revisions"}],"predecessor-version":[{"id":1392,"href":"https:\/\/academia.utp.edu.co\/andresescobar\/wp-json\/wp\/v2\/pages\/46\/revisions\/1392"}],"wp:attachment":[{"href":"https:\/\/academia.utp.edu.co\/andresescobar\/wp-json\/wp\/v2\/media?parent=46"}],"curies":[{"name":"wp","href":"https:\/\/api.w.org\/{rel}","templated":true}]}}