{"id":116,"date":"2025-07-24T20:24:15","date_gmt":"2025-07-24T18:24:15","guid":{"rendered":"https:\/\/academia.utp.edu.co\/aula-biomedica\/?page_id=116"},"modified":"2025-11-14T23:12:56","modified_gmt":"2025-11-14T22:12:56","slug":"estudiantes","status":"publish","type":"page","link":"https:\/\/academia.utp.edu.co\/aula-biomedica\/estudiantes\/","title":{"rendered":"Estudiantes"},"content":{"rendered":"\n<div style=\"height:19px\" aria-hidden=\"true\" class=\"wp-block-spacer\"><\/div>\n\n\n\n<div class=\"wp-block-media-text is-stacked-on-mobile\" style=\"grid-template-columns:31% auto\"><figure class=\"wp-block-media-text__media\"><img loading=\"lazy\" decoding=\"async\" width=\"1024\" height=\"1024\" src=\"https:\/\/academia.utp.edu.co\/aula-biomedica\/files\/2025\/07\/Edificio-Ciencias-de-la-Salud-1024x1024-2.png\" alt=\"\" class=\"wp-image-126 size-full\" srcset=\"https:\/\/academia.utp.edu.co\/aula-biomedica\/files\/2025\/07\/Edificio-Ciencias-de-la-Salud-1024x1024-2.png 1024w, https:\/\/academia.utp.edu.co\/aula-biomedica\/files\/2025\/07\/Edificio-Ciencias-de-la-Salud-1024x1024-2-300x300.png 300w, https:\/\/academia.utp.edu.co\/aula-biomedica\/files\/2025\/07\/Edificio-Ciencias-de-la-Salud-1024x1024-2-150x150.png 150w, https:\/\/academia.utp.edu.co\/aula-biomedica\/files\/2025\/07\/Edificio-Ciencias-de-la-Salud-1024x1024-2-768x768.png 768w\" sizes=\"auto, (max-width: 1024px) 100vw, 1024px\" \/><\/figure><div class=\"wp-block-media-text__content\">\n<blockquote class=\"wp-block-quote is-layout-flow wp-block-quote-is-layout-flow\">\n<p>Este es un espacio hecho para destacar el talento de los estudiantes de la Facultad de Ciencias de la Salud, programa de Medicina de la Universidad Tecnol\u00f3gica de Pereira.<\/p>\n<\/blockquote>\n<\/div><\/div>\n\n\n\n<hr class=\"wp-block-separator has-alpha-channel-opacity is-style-wide\" \/>\n\n\n\n<h4 class=\"wp-block-heading\">Conoce sobre la fibrosis qu\u00edstica<\/h4>\n\n\n\n<div class=\"wp-block-columns is-layout-flex wp-container-core-columns-is-layout-28f84493 wp-block-columns-is-layout-flex\">\n<div class=\"wp-block-column is-vertically-aligned-center is-layout-flow wp-block-column-is-layout-flow\">\n<figure class=\"wp-block-embed is-type-video is-provider-youtube wp-block-embed-youtube wp-embed-aspect-9-16 wp-has-aspect-ratio\"><div class=\"wp-block-embed__wrapper\">\n<iframe loading=\"lazy\" title=\"Empalme alternativo del pre-ARNm\" width=\"422\" height=\"750\" src=\"https:\/\/www.youtube.com\/embed\/jUxMVnYrJgk?feature=oembed\" frameborder=\"0\" allow=\"accelerometer; autoplay; clipboard-write; encrypted-media; gyroscope; picture-in-picture; web-share\" referrerpolicy=\"strict-origin-when-cross-origin\" allowfullscreen><\/iframe>\n<\/div><\/figure>\n<\/div>\n\n\n\n<div class=\"wp-block-column is-layout-flow wp-block-column-is-layout-flow\">\n<figure class=\"wp-block-embed is-type-video is-provider-youtube wp-block-embed-youtube wp-embed-aspect-9-16 wp-has-aspect-ratio\"><div class=\"wp-block-embed__wrapper\">\n<iframe loading=\"lazy\" title=\"Fibrosis qu\u00edstica\" width=\"422\" height=\"750\" src=\"https:\/\/www.youtube.com\/embed\/TRb5xIPPSgU?feature=oembed\" frameborder=\"0\" allow=\"accelerometer; autoplay; clipboard-write; encrypted-media; gyroscope; picture-in-picture; web-share\" referrerpolicy=\"strict-origin-when-cross-origin\" allowfullscreen><\/iframe>\n<\/div><\/figure>\n<\/div>\n<\/div>\n\n\n\n<div class=\"wp-block-columns is-layout-flex wp-container-core-columns-is-layout-28f84493 wp-block-columns-is-layout-flex\">\n<div class=\"wp-block-column is-layout-flow wp-block-column-is-layout-flow\">\n<figure class=\"wp-block-image aligncenter size-large\"><img loading=\"lazy\" decoding=\"async\" width=\"410\" height=\"1024\" src=\"https:\/\/academia.utp.edu.co\/aula-biomedica\/files\/2025\/07\/Infografia-fibrosis-quistica_page-0001-1-410x1024.jpg\" alt=\"\" class=\"wp-image-139\" srcset=\"https:\/\/academia.utp.edu.co\/aula-biomedica\/files\/2025\/07\/Infografia-fibrosis-quistica_page-0001-1-410x1024.jpg 410w, https:\/\/academia.utp.edu.co\/aula-biomedica\/files\/2025\/07\/Infografia-fibrosis-quistica_page-0001-1-120x300.jpg 120w, https:\/\/academia.utp.edu.co\/aula-biomedica\/files\/2025\/07\/Infografia-fibrosis-quistica_page-0001-1-768x1920.jpg 768w, https:\/\/academia.utp.edu.co\/aula-biomedica\/files\/2025\/07\/Infografia-fibrosis-quistica_page-0001-1-819x2048.jpg 819w, https:\/\/academia.utp.edu.co\/aula-biomedica\/files\/2025\/07\/Infografia-fibrosis-quistica_page-0001-1-scaled.jpg 1024w\" sizes=\"auto, (max-width: 410px) 100vw, 410px\" \/><\/figure>\n<\/div>\n\n\n\n<div class=\"wp-block-column is-layout-flow wp-block-column-is-layout-flow\">\n<figure class=\"wp-block-image aligncenter size-large\"><img loading=\"lazy\" decoding=\"async\" width=\"410\" height=\"1024\" src=\"https:\/\/academia.utp.edu.co\/aula-biomedica\/files\/2025\/07\/Fibrosis-quistica-_page-0001-1-410x1024.jpg\" alt=\"\" class=\"wp-image-140\" srcset=\"https:\/\/academia.utp.edu.co\/aula-biomedica\/files\/2025\/07\/Fibrosis-quistica-_page-0001-1-410x1024.jpg 410w, https:\/\/academia.utp.edu.co\/aula-biomedica\/files\/2025\/07\/Fibrosis-quistica-_page-0001-1-120x300.jpg 120w, https:\/\/academia.utp.edu.co\/aula-biomedica\/files\/2025\/07\/Fibrosis-quistica-_page-0001-1-768x1920.jpg 768w, https:\/\/academia.utp.edu.co\/aula-biomedica\/files\/2025\/07\/Fibrosis-quistica-_page-0001-1-819x2048.jpg 819w, https:\/\/academia.utp.edu.co\/aula-biomedica\/files\/2025\/07\/Fibrosis-quistica-_page-0001-1-scaled.jpg 1024w\" sizes=\"auto, (max-width: 410px) 100vw, 410px\" \/><\/figure>\n<\/div>\n<\/div>\n\n\n\n<h4 class=\"wp-block-heading\">Conoce sobre el ret\u00edculo endoplasm\u00e1tico y el aparato de Golgi  <\/h4>\n\n\n\n<div class=\"wp-block-columns is-layout-flex wp-container-core-columns-is-layout-28f84493 wp-block-columns-is-layout-flex\">\n<div class=\"wp-block-column is-layout-flow wp-block-column-is-layout-flow\">\n<figure class=\"wp-block-embed is-type-video is-provider-youtube wp-block-embed-youtube wp-embed-aspect-16-9 wp-has-aspect-ratio\"><div class=\"wp-block-embed__wrapper\">\n<iframe loading=\"lazy\" title=\"Ret\u00edculo endoplasm\u00e1tico\" width=\"500\" height=\"281\" src=\"https:\/\/www.youtube.com\/embed\/JpLCY-BO2IY?feature=oembed\" frameborder=\"0\" allow=\"accelerometer; autoplay; clipboard-write; encrypted-media; gyroscope; picture-in-picture; web-share\" referrerpolicy=\"strict-origin-when-cross-origin\" allowfullscreen><\/iframe>\n<\/div><\/figure>\n<\/div>\n\n\n\n<div class=\"wp-block-column is-layout-flow wp-block-column-is-layout-flow\">\n<figure class=\"wp-block-embed is-type-video is-provider-youtube wp-block-embed-youtube wp-embed-aspect-16-9 wp-has-aspect-ratio\"><div class=\"wp-block-embed__wrapper\">\n<iframe loading=\"lazy\" title=\"Disfunci\u00f3n mitocondrial en enfermedades neurodegenerativas\" width=\"500\" height=\"281\" src=\"https:\/\/www.youtube.com\/embed\/Nkaez4Tzo98?feature=oembed\" frameborder=\"0\" allow=\"accelerometer; autoplay; clipboard-write; encrypted-media; gyroscope; picture-in-picture; web-share\" referrerpolicy=\"strict-origin-when-cross-origin\" allowfullscreen><\/iframe>\n<\/div><\/figure>\n<\/div>\n<\/div>\n\n\n\n<div class=\"wp-block-columns is-layout-flex wp-container-core-columns-is-layout-28f84493 wp-block-columns-is-layout-flex\">\n<div class=\"wp-block-column is-layout-flow wp-block-column-is-layout-flow\">\n<figure class=\"wp-block-image aligncenter size-large\"><img loading=\"lazy\" decoding=\"async\" width=\"410\" height=\"1024\" src=\"https:\/\/academia.utp.edu.co\/aula-biomedica\/files\/2025\/11\/RETICULO-ENDOPLASMATICO-1-1-410x1024.png\" alt=\"\" class=\"wp-image-226\" srcset=\"https:\/\/academia.utp.edu.co\/aula-biomedica\/files\/2025\/11\/RETICULO-ENDOPLASMATICO-1-1-410x1024.png 410w, https:\/\/academia.utp.edu.co\/aula-biomedica\/files\/2025\/11\/RETICULO-ENDOPLASMATICO-1-1-120x300.png 120w, https:\/\/academia.utp.edu.co\/aula-biomedica\/files\/2025\/11\/RETICULO-ENDOPLASMATICO-1-1-768x1920.png 768w, https:\/\/academia.utp.edu.co\/aula-biomedica\/files\/2025\/11\/RETICULO-ENDOPLASMATICO-1-1-819x2048.png 819w, https:\/\/academia.utp.edu.co\/aula-biomedica\/files\/2025\/11\/RETICULO-ENDOPLASMATICO-1-1-scaled.png 1024w\" sizes=\"auto, (max-width: 410px) 100vw, 410px\" \/><\/figure>\n<\/div>\n\n\n\n<div class=\"wp-block-column is-layout-flow wp-block-column-is-layout-flow\">\n<figure class=\"wp-block-image aligncenter size-large\"><img loading=\"lazy\" decoding=\"async\" width=\"410\" height=\"1024\" src=\"https:\/\/academia.utp.edu.co\/aula-biomedica\/files\/2025\/11\/Infografi\u0301a-aparato-del-golgi-MARIANA-SA\u0301NCHEZ--410x1024.png\" alt=\"\" class=\"wp-image-227\" srcset=\"https:\/\/academia.utp.edu.co\/aula-biomedica\/files\/2025\/11\/Infografi\u0301a-aparato-del-golgi-MARIANA-SA\u0301NCHEZ--410x1024.png 410w, https:\/\/academia.utp.edu.co\/aula-biomedica\/files\/2025\/11\/Infografi\u0301a-aparato-del-golgi-MARIANA-SA\u0301NCHEZ--120x300.png 120w, https:\/\/academia.utp.edu.co\/aula-biomedica\/files\/2025\/11\/Infografi\u0301a-aparato-del-golgi-MARIANA-SA\u0301NCHEZ--768x1920.png 768w, https:\/\/academia.utp.edu.co\/aula-biomedica\/files\/2025\/11\/Infografi\u0301a-aparato-del-golgi-MARIANA-SA\u0301NCHEZ--819x2048.png 819w, https:\/\/academia.utp.edu.co\/aula-biomedica\/files\/2025\/11\/Infografi\u0301a-aparato-del-golgi-MARIANA-SA\u0301NCHEZ--scaled.png 1024w\" sizes=\"auto, (max-width: 410px) 100vw, 410px\" \/><\/figure>\n<\/div>\n<\/div>\n","protected":false},"excerpt":{"rendered":"<p>Conoce sobre la fibrosis qu\u00edstica Conoce sobre el ret\u00edculo endoplasm\u00e1tico y el aparato de Golgi<\/p>\n","protected":false},"author":1931,"featured_media":0,"parent":0,"menu_order":0,"comment_status":"closed","ping_status":"closed","template":"","meta":{"site-sidebar-layout":"default","site-content-layout":"","ast-site-content-layout":"default","site-content-style":"default","site-sidebar-style":"default","ast-global-header-display":"","ast-banner-title-visibility":"","ast-main-header-display":"","ast-hfb-above-header-display":"","ast-hfb-below-header-display":"","ast-hfb-mobile-header-display":"","site-post-title":"","ast-breadcrumbs-content":"","ast-featured-img":"","footer-sml-layout":"","ast-disable-related-posts":"","theme-transparent-header-meta":"","adv-header-id-meta":"","stick-header-meta":"","header-above-stick-meta":"","header-main-stick-meta":"","header-below-stick-meta":"","astra-migrate-meta-layouts":"default","ast-page-background-enabled":"default","ast-page-background-meta":{"desktop":{"background-color":"var(--ast-global-color-5)","background-image":"","background-repeat":"repeat","background-position":"center center","background-size":"auto","background-attachment":"scroll","background-type":"","background-media":"","overlay-type":"","overlay-color":"","overlay-opacity":"","overlay-gradient":""},"tablet":{"background-color":"","background-image":"","background-repeat":"repeat","background-position":"center center","background-size":"auto","background-attachment":"scroll","background-type":"","background-media":"","overlay-type":"","overlay-color":"","overlay-opacity":"","overlay-gradient":""},"mobile":{"background-color":"","background-image":"","background-repeat":"repeat","background-position":"center center","background-size":"auto","background-attachment":"scroll","background-type":"","background-media":"","overlay-type":"","overlay-color":"","overlay-opacity":"","overlay-gradient":""}},"ast-content-background-meta":{"desktop":{"background-color":"var(--ast-global-color-4)","background-image":"","background-repeat":"repeat","background-position":"center center","background-size":"auto","background-attachment":"scroll","background-type":"","background-media":"","overlay-type":"","overlay-color":"","overlay-opacity":"","overlay-gradient":""},"tablet":{"background-color":"var(--ast-global-color-4)","background-image":"","background-repeat":"repeat","background-position":"center center","background-size":"auto","background-attachment":"scroll","background-type":"","background-media":"","overlay-type":"","overlay-color":"","overlay-opacity":"","overlay-gradient":""},"mobile":{"background-color":"var(--ast-global-color-4)","background-image":"","background-repeat":"repeat","background-position":"center center","background-size":"auto","background-attachment":"scroll","background-type":"","background-media":"","overlay-type":"","overlay-color":"","overlay-opacity":"","overlay-gradient":""}},"footnotes":""},"class_list":["post-116","page","type-page","status-publish","hentry"],"_links":{"self":[{"href":"https:\/\/academia.utp.edu.co\/aula-biomedica\/wp-json\/wp\/v2\/pages\/116","targetHints":{"allow":["GET"]}}],"collection":[{"href":"https:\/\/academia.utp.edu.co\/aula-biomedica\/wp-json\/wp\/v2\/pages"}],"about":[{"href":"https:\/\/academia.utp.edu.co\/aula-biomedica\/wp-json\/wp\/v2\/types\/page"}],"author":[{"embeddable":true,"href":"https:\/\/academia.utp.edu.co\/aula-biomedica\/wp-json\/wp\/v2\/users\/1931"}],"replies":[{"embeddable":true,"href":"https:\/\/academia.utp.edu.co\/aula-biomedica\/wp-json\/wp\/v2\/comments?post=116"}],"version-history":[{"count":26,"href":"https:\/\/academia.utp.edu.co\/aula-biomedica\/wp-json\/wp\/v2\/pages\/116\/revisions"}],"predecessor-version":[{"id":275,"href":"https:\/\/academia.utp.edu.co\/aula-biomedica\/wp-json\/wp\/v2\/pages\/116\/revisions\/275"}],"wp:attachment":[{"href":"https:\/\/academia.utp.edu.co\/aula-biomedica\/wp-json\/wp\/v2\/media?parent=116"}],"curies":[{"name":"wp","href":"https:\/\/api.w.org\/{rel}","templated":true}]}}