{"id":13,"date":"2012-04-18T07:26:13","date_gmt":"2012-04-18T07:26:13","guid":{"rendered":"http:\/\/academia.utp.edu.co\/basicasyaplicadas\/?page_id=13"},"modified":"2021-02-18T11:10:15","modified_gmt":"2021-02-18T16:10:15","slug":"1-biologia-celular","status":"publish","type":"page","link":"https:\/\/academia.utp.edu.co\/basicasyaplicadas\/1-biologia-celular\/","title":{"rendered":"DP14 Biolog\u00eda Celular"},"content":{"rendered":"<h4>La biolog\u00eda celular es la rama de la <a title=\"Biolog\u00eda\" href=\"http:\/\/es.wikipedia.org\/wiki\/Biolog%C3%ADa\">biolog\u00eda<\/a> que persigue la comprensi\u00f3n de las funciones de la <a title=\"C\u00e9lula\" href=\"http:\/\/es.wikipedia.org\/wiki\/C%C3%A9lula\">c\u00e9lula<\/a>, unidad estructural b\u00e1sica de los <a title=\"Seres vivos\" href=\"http:\/\/es.wikipedia.org\/wiki\/Seres_vivos\">seres vivos<\/a>. Es un \u00e1rea de investigaci\u00f3n activa cuyo entendimiento es fundamental para todas las ciencias biol\u00f3gicas. En la actualidad no se concibe un programa de salud o de ciencias naturales que no contenga una fundamentaci\u00f3n molecular y celular, que le permita al estudiante tener una visi\u00f3n hol\u00edstica de su entorno y que sirva de soporte para el entendimiento de los procesos fisiol\u00f3gicos, morfol\u00f3gicos y bioqu\u00edmicas que le dan al ser humano su identidad.<\/h4>\n<h4>Para el profesional de ciencias del deporte y la recreaci\u00f3n el curso de biolog\u00eda celular le permitir\u00e1\u00a0 comprender de\u00a0 una manera m\u00e1s clara como es que el saber de las otras ramas del conocimiento es un soporte de su formaci\u00f3n profesional.<\/h4>\n<h3><strong><span style=\"color: #800000\">PROGRAMA DE ASIGNATURA.<\/span><\/strong><\/h3>\n<h3><a href=\"https:\/\/academia.utp.edu.co\/basicasyaplicadas\/files\/2012\/04\/PLAN-DE-ASIGNATURA-BIOLOG\u00cdA-CELULAR-2015-1.pdf\">PLAN DE ASIGNATURA BIOLOG\u00cdA CELULAR &#8211; 2015-1<\/a><\/h3>\n<h4><span style=\"color: #800000\">\u00a0DOCENTES<\/span><\/h4>\n<h4><span style=\"color: #3366ff\">\u00a0<span style=\"color: #0000ff\"><a style=\"color: #0000ff\" href=\"https:\/\/academia.utp.edu.co\/basicasyaplicadas\/files\/2012\/04\/ENRIQUE-AGUILAR-FERNANDEZ-Docente.pdf\">ENRIQUE AGUILAR FERNANDEZ &#8211; Docente<\/a><\/span><\/span><\/h4>\n<h3><span style=\"text-decoration: underline\"><span style=\"color: #0000ff;text-decoration: underline\">CLAUDIA P\u00c9REZ RENGIFO\u00a0&#8211; Docente<\/span><\/span><\/h3>\n<h3><span style=\"text-decoration: underline\"><span style=\"color: #0000ff;text-decoration: underline\"><strong><em>KATERINE YEPES GIRALDO<\/em><\/strong>\u00a0&#8211; Docente<\/span><\/span><\/h3>\n<h4><\/h4>\n","protected":false},"excerpt":{"rendered":"<p>La biolog\u00eda celular es la rama de la biolog\u00eda que persigue la comprensi\u00f3n de las funciones de la c\u00e9lula, unidad estructural b\u00e1sica de los seres vivos. Es un \u00e1rea de [&hellip;]<\/p>\n","protected":false},"author":15,"featured_media":0,"parent":0,"menu_order":0,"comment_status":"closed","ping_status":"open","template":"","meta":{"footnotes":""},"class_list":["post-13","page","type-page","status-publish","hentry"],"_links":{"self":[{"href":"https:\/\/academia.utp.edu.co\/basicasyaplicadas\/wp-json\/wp\/v2\/pages\/13","targetHints":{"allow":["GET"]}}],"collection":[{"href":"https:\/\/academia.utp.edu.co\/basicasyaplicadas\/wp-json\/wp\/v2\/pages"}],"about":[{"href":"https:\/\/academia.utp.edu.co\/basicasyaplicadas\/wp-json\/wp\/v2\/types\/page"}],"author":[{"embeddable":true,"href":"https:\/\/academia.utp.edu.co\/basicasyaplicadas\/wp-json\/wp\/v2\/users\/15"}],"replies":[{"embeddable":true,"href":"https:\/\/academia.utp.edu.co\/basicasyaplicadas\/wp-json\/wp\/v2\/comments?post=13"}],"version-history":[{"count":23,"href":"https:\/\/academia.utp.edu.co\/basicasyaplicadas\/wp-json\/wp\/v2\/pages\/13\/revisions"}],"predecessor-version":[{"id":2107,"href":"https:\/\/academia.utp.edu.co\/basicasyaplicadas\/wp-json\/wp\/v2\/pages\/13\/revisions\/2107"}],"wp:attachment":[{"href":"https:\/\/academia.utp.edu.co\/basicasyaplicadas\/wp-json\/wp\/v2\/media?parent=13"}],"curies":[{"name":"wp","href":"https:\/\/api.w.org\/{rel}","templated":true}]}}