{"id":33,"date":"2012-04-18T07:36:52","date_gmt":"2012-04-18T07:36:52","guid":{"rendered":"http:\/\/academia.utp.edu.co\/basicasyaplicadas\/?page_id=33"},"modified":"2021-02-18T11:10:16","modified_gmt":"2021-02-18T16:10:16","slug":"5-teoria-y-analisis-del-movimiento","status":"publish","type":"page","link":"https:\/\/academia.utp.edu.co\/basicasyaplicadas\/5-teoria-y-analisis-del-movimiento\/","title":{"rendered":"DP41 Teor\u00eda y an\u00e1lisis del movimiento"},"content":{"rendered":"<p>PROGRAMA DE ASIGNATURA.<\/p>\n<h3><a href=\"https:\/\/academia.utp.edu.co\/basicasyaplicadas\/files\/2018\/02\/Microcurr\u00edculo-Teor\u00eda-y-An\u00e1lisis-del-Movimiento-1-2018.pdf\">Microcurr\u00edculo Teor\u00eda y An\u00e1lisis del Movimiento &#8211; 1 &#8211; 2018<\/a><\/h3>\n","protected":false},"excerpt":{"rendered":"<p>PROGRAMA DE ASIGNATURA. Microcurr\u00edculo Teor\u00eda y An\u00e1lisis del Movimiento &#8211; 1 &#8211; 2018<\/p>\n","protected":false},"author":15,"featured_media":0,"parent":0,"menu_order":0,"comment_status":"closed","ping_status":"open","template":"","meta":{"footnotes":""},"class_list":["post-33","page","type-page","status-publish","hentry"],"_links":{"self":[{"href":"https:\/\/academia.utp.edu.co\/basicasyaplicadas\/wp-json\/wp\/v2\/pages\/33","targetHints":{"allow":["GET"]}}],"collection":[{"href":"https:\/\/academia.utp.edu.co\/basicasyaplicadas\/wp-json\/wp\/v2\/pages"}],"about":[{"href":"https:\/\/academia.utp.edu.co\/basicasyaplicadas\/wp-json\/wp\/v2\/types\/page"}],"author":[{"embeddable":true,"href":"https:\/\/academia.utp.edu.co\/basicasyaplicadas\/wp-json\/wp\/v2\/users\/15"}],"replies":[{"embeddable":true,"href":"https:\/\/academia.utp.edu.co\/basicasyaplicadas\/wp-json\/wp\/v2\/comments?post=33"}],"version-history":[{"count":6,"href":"https:\/\/academia.utp.edu.co\/basicasyaplicadas\/wp-json\/wp\/v2\/pages\/33\/revisions"}],"predecessor-version":[{"id":6581,"href":"https:\/\/academia.utp.edu.co\/basicasyaplicadas\/wp-json\/wp\/v2\/pages\/33\/revisions\/6581"}],"wp:attachment":[{"href":"https:\/\/academia.utp.edu.co\/basicasyaplicadas\/wp-json\/wp\/v2\/media?parent=33"}],"curies":[{"name":"wp","href":"https:\/\/api.w.org\/{rel}","templated":true}]}}