{"id":53,"date":"2012-04-18T07:42:00","date_gmt":"2012-04-18T07:42:00","guid":{"rendered":"http:\/\/academia.utp.edu.co\/basicasyaplicadas\/?page_id=53"},"modified":"2021-02-18T11:10:16","modified_gmt":"2021-02-18T16:10:16","slug":"10-psicologia-deportiva","status":"publish","type":"page","link":"https:\/\/academia.utp.edu.co\/basicasyaplicadas\/10-psicologia-deportiva\/","title":{"rendered":"DP63 Psicolog\u00eda del Deporte y la Recreaci\u00f3n"},"content":{"rendered":"<p>&nbsp;<\/p>\n<h4>La comprensi\u00f3n del comportamiento humano en el proceso educativo f\u00edsico-deportivo es de fundamental importancia para el profesional que lo conduce, pues todo cuanto se haga a trav\u00e9s de la b\u00fasqueda de la salud, el juego, la recreaci\u00f3n y el deporte as\u00ed mismo redundar\u00e1 en un mayor ascenso, desarrollo, realizaci\u00f3n y felicidad humanas.\u00a0 El aprendizaje, la motivaci\u00f3n, la personalidad, la actitud, el entrenamiento, el entorno sociofamiliar y las expectativas de ni\u00f1os, j\u00f3venes y adultos en la acci\u00f3n deportiva y recreativa son facetas revestidas de profundas caracter\u00edsticas psicol\u00f3gicas, que deben ser estudiadas bajo el rigor cient\u00edfico, comprometiendo de paso la validez de la futura labor de los profesionales que ejercen en estas \u00e1reas.\u00a0 El por qu\u00e9 de la Psicolog\u00eda\u00a0 del Deporte y la Recreaci\u00f3n est\u00e1 justificado en los valiosos esfuerzos interdisciplinarios que en los \u00faltimos a\u00f1os se vienen haciendo para satisfacer la demanda universal de garantizar la consecuci\u00f3n de los objetivos que estas actividades se proponen.\u00a0 Esto exige el m\u00e1ximo de nuestros profesionales y estudiantes en actitud, estudio, trabajo de campo e investigaci\u00f3n, de tal manera que la relaci\u00f3n entre la fundamentaci\u00f3n te\u00f3rica y la validez pr\u00e1ctica determine la unidad din\u00e1mica sobre la cual se construyan las bases para una mejor sociedad, partiendo de la atenci\u00f3n integral ideal de los ni\u00f1os, los adolescentes, los adultos y los ancianos.<\/h4>\n<p><strong><span style=\"color: #800000\">PLAN DE ASIGNATURA.<\/span><\/strong><\/p>\n<p><a href=\"https:\/\/academia.utp.edu.co\/basicasyaplicadas\/files\/2012\/04\/PROGRAMA-PSICOLOG\u00cdA-DEL-DEPORTE-Y-LA-RECREACI\u00d3N-2012.pdf\">PROGRAMA PSICOLOG\u00cdA DEL DEPORTE Y LA RECREACI\u00d3N 2012<\/a><\/p>\n","protected":false},"excerpt":{"rendered":"<p>&nbsp; La comprensi\u00f3n del comportamiento humano en el proceso educativo f\u00edsico-deportivo es de fundamental importancia para el profesional que lo conduce, pues todo cuanto se haga a trav\u00e9s de la [&hellip;]<\/p>\n","protected":false},"author":15,"featured_media":0,"parent":0,"menu_order":0,"comment_status":"closed","ping_status":"open","template":"","meta":{"footnotes":""},"class_list":["post-53","page","type-page","status-publish","hentry"],"_links":{"self":[{"href":"https:\/\/academia.utp.edu.co\/basicasyaplicadas\/wp-json\/wp\/v2\/pages\/53","targetHints":{"allow":["GET"]}}],"collection":[{"href":"https:\/\/academia.utp.edu.co\/basicasyaplicadas\/wp-json\/wp\/v2\/pages"}],"about":[{"href":"https:\/\/academia.utp.edu.co\/basicasyaplicadas\/wp-json\/wp\/v2\/types\/page"}],"author":[{"embeddable":true,"href":"https:\/\/academia.utp.edu.co\/basicasyaplicadas\/wp-json\/wp\/v2\/users\/15"}],"replies":[{"embeddable":true,"href":"https:\/\/academia.utp.edu.co\/basicasyaplicadas\/wp-json\/wp\/v2\/comments?post=53"}],"version-history":[{"count":11,"href":"https:\/\/academia.utp.edu.co\/basicasyaplicadas\/wp-json\/wp\/v2\/pages\/53\/revisions"}],"predecessor-version":[{"id":2088,"href":"https:\/\/academia.utp.edu.co\/basicasyaplicadas\/wp-json\/wp\/v2\/pages\/53\/revisions\/2088"}],"wp:attachment":[{"href":"https:\/\/academia.utp.edu.co\/basicasyaplicadas\/wp-json\/wp\/v2\/media?parent=53"}],"curies":[{"name":"wp","href":"https:\/\/api.w.org\/{rel}","templated":true}]}}