{"id":33,"date":"2012-04-10T06:02:39","date_gmt":"2012-04-10T06:02:39","guid":{"rendered":"http:\/\/academia.utp.edu.co\/basicoclinico\/?page_id=33"},"modified":"2023-07-30T04:16:06","modified_gmt":"2023-07-30T04:16:06","slug":"semiologia-cardiovascular","status":"publish","type":"page","link":"https:\/\/academia.utp.edu.co\/basicoclinica\/semiologia-cardiovascular\/","title":{"rendered":"SEMIOLOG\u00cdA CARDIOVASCULAR"},"content":{"rendered":"<h4 style=\"text-align: right\"><strong><span style=\"color: #008000\"><a href=\"https:\/\/academia.utp.edu.co\/basicoclinica\/\"><span style=\"color: #008000\">Regresar a INICIO<\/span><\/a><\/span><\/strong><\/h4>\n<h4><span style=\"color: #800000\"><strong>PRESENTACI\u00d3N DE LA ROTACI\u00d3N<\/strong><\/span><\/h4>\n<h4><span style=\"font-size: 1.17em\">El estudiante de&nbsp; V semestre est\u00e1 en un etapa de transici\u00f3n entre los&nbsp; conocimientos b\u00e1sicos y los cl\u00ednicos.&nbsp; La Semiolog\u00eda es el primer pilar cl\u00ednico, no s\u00f3lo en el&nbsp; aprendizaje de la Medicina sino tambi\u00e9n en el ejercicio profesional de toda la vida.&nbsp; Es el primer contacto que tiene el estudiante con los pacientes.<\/span><\/h4>\n<h4><span style=\"color: #000000\">Requerir\u00e1 por lo tanto, evocar todos sus conocimientos b\u00e1sicos, para aplicarlos y correlacionarlos con las destrezas y habilidades que debe adquirir a fin de&nbsp; realizar un interrogatorio y un examen f\u00edsico adecuado a la persona adulta y anciana, reconociendo e interpretando s\u00edntomas y signos&nbsp; biol\u00f3gicos, psicol\u00f3gicos, sociales que lo oriente a un diagn\u00f3stico.<\/span><\/h4>\n<div id=\"attachment_827\" style=\"width: 213px\" class=\"wp-caption aligncenter\"><a href=\"https:\/\/academia.utp.edu.co\/basicoclinica\/files\/2012\/04\/PROYECTO-EDUCATIVO-PROGRAMA-DE-MEDICINA-%E2%80%93-UTP-2013-%E2%80%93-v01.pdf\"><img loading=\"lazy\" decoding=\"async\" aria-describedby=\"caption-attachment-827\" class=\" wp-image-827 \" src=\"https:\/\/academia.utp.edu.co\/basicoclinica\/files\/2012\/04\/Leer-el-PEP.jpg\" alt=\"Leer el PEP\" width=\"203\" height=\"182\"><\/a><p id=\"caption-attachment-827\" class=\"wp-caption-text\"><strong>Leer el PEP<\/strong><\/p><\/div>\n<h2 style=\"text-align: center\"><span style=\"color: #000000\"><a style=\"font-size: 1.17em;color: #000000\" href=\"https:\/\/academia.utp.edu.co\/basicoclinica\/files\/2012\/04\/NORMAS-DE-BIOSEGURIDAD-FACIES-UTP.pdf\">NORMAS DE BIOSEGURIDAD FACIES UTP<\/a><\/span><\/h2>\n<h3><span style=\"color: #000000\"><span style=\"font-size: 1em;font-weight: normal\">&nbsp;<a href=\"https:\/\/academia.utp.edu.co\/basicoclinica\/files\/2018\/08\/Historia-Cl\u00ednica-Semiol\u00f3gica-GU\u00cdA.pdf\">Historia Cl\u00ednica Semiol\u00f3gica GU\u00cdA<\/a><\/span><\/span><\/h3>\n<h3>&nbsp;<a href=\"https:\/\/academia.utp.edu.co\/basicoclinica\/files\/2018\/02\/Una-buena-historia-cl\u00ednica-solo-puede-elaborarse-cuando-existe-una-\u00f3ptima-relaci\u00f3n-m\u00e9dico-paciente.pdf\">Una buena historia cl\u00ednica solo puede elaborarse cuando existe una \u00f3ptima relaci\u00f3n m\u00e9dico paciente<\/a><\/h3>\n<h3><a href=\"https:\/\/academia.utp.edu.co\/basicoclinica\/files\/2018\/09\/ENDOTELIO-Y-ENFERMEDAD-ARTERIAL-CORONARIA.pdf\">ENDOTELIO Y ENFERMEDAD ARTERIAL &#8211; CORONARIA<\/a><\/h3>\n<h3><a href=\"https:\/\/academia.utp.edu.co\/basicoclinica\/files\/2018\/09\/S\u00edndrome-Metab\u00f3lico-FISIOPATOLOGIA.pdf\">S\u00edndrome Metab\u00f3lico -FISIOPATOLOGIA<\/a><\/h3>\n<h3><a href=\"https:\/\/academia.utp.edu.co\/basicoclinica\/files\/2018\/09\/SINDROME-METABOLICO-ACEndocrinolog\u00eda.pdf\">S\u00cdNDROME METAB\u00d3LICO ACEndocrinolog\u00eda<\/a><\/h3>\n<h3><span style=\"color: #000000\"><span style=\"font-size: 1em;font-weight: normal\">&nbsp;<\/span><span style=\"font-size: 1em;font-weight: normal\"><strong>GLOSARIOS &nbsp;M\u00c9DICOS&nbsp;B\u00c1SICOS<\/strong><\/span><\/span><\/h3>\n<h3><a href=\"https:\/\/academia.utp.edu.co\/basicoclinica\/files\/2018\/09\/Glosario-de-t\u00e9rminos-UChile.pdf\">Glosario de t\u00e9rminos &#8211; UChile<\/a><\/h3>\n<h3><a href=\"https:\/\/academia.utp.edu.co\/basicoclinica\/files\/2018\/09\/Glosario-SEMIOL\u00d3GICO-\u2013-U-Buenos-Aires.pdf\">Glosario SEMIOL\u00d3GICO \u2013 U Buenos Aires<\/a><\/h3>\n<h3><a href=\"https:\/\/academia.utp.edu.co\/basicoclinica\/files\/2018\/09\/GlosarioOftalmoMModerno.pdf\">Glosario Oftalmologico Moderno<\/a><\/h3>\n<h3><a href=\"https:\/\/academia.utp.edu.co\/basicoclinica\/files\/2020\/03\/BIOTIPO-CONSTITUCIONAL.pdf\">BIOTIPO CONSTITUCIONAL<\/a><\/h3>\n<h3><a href=\"https:\/\/academia.utp.edu.co\/basicoclinica\/files\/2018\/09\/INDICE-DE-MASA-CORPORAL-IMC-Tablas.pdf\">INDICE DE MASA CORPORAL IMC-Tablas<\/a><\/h3>\n<h3><a href=\"https:\/\/academia.utp.edu.co\/basicoclinica\/files\/2018\/09\/S\u00cdNTOMAS-Y-S\u00cdNDROMES-CARDIOVACULARES.pdf\">S\u00cdNTOMAS Y S\u00cdNDROMES CARDIOVACULARES<\/a><\/h3>\n<h3><a href=\"https:\/\/academia.utp.edu.co\/basicoclinica\/files\/2018\/09\/INSPECCION-GENERAL-Y-PARTICULAR.pdf\">INSPECCI\u00d3N GENERAL Y PARTICULAR<\/a><\/h3>\n<h2><span style=\"color: #000000\"><a style=\"color: #000000\" href=\"http:\/\/www.youtube.com\/watch?v=0NCHoUpgt8c\"><img loading=\"lazy\" decoding=\"async\" class=\"size-medium wp-image-1011 alignright\" src=\"https:\/\/academia.utp.edu.co\/basicoclinica\/files\/2012\/04\/The-NEW-ENGLAND-JOURNAL-of-MEDICINE-300x29.jpg\" alt=\"The NEW ENGLAND JOURNAL of MEDICINE\" width=\"300\" height=\"29\"><\/a><a style=\"color: #000000\" href=\"https:\/\/academia.utp.edu.co\/basicoclinica\/files\/2012\/04\/VARIABILIDAD-EN-LA-MEDICIO\u0301N-INDIRECTA-DE-LA-PRESIO\u0301N-ARTERIAL.pdf\">VARIABILIDAD EN LA MEDICI\u00d3N INDIRECTA DE LA PRESI\u00d3N ARTERIAL<\/a><\/span><\/h2>\n<h3><a href=\"https:\/\/academia.utp.edu.co\/basicoclinica\/files\/2012\/04\/Phycard-Physician-Reference-Card.pdf\">Phycard &#8211; Physician Reference Card<\/a><\/h3>\n<h2><a href=\"https:\/\/academia.utp.edu.co\/basicoclinica\/files\/2012\/04\/PALPACIO\u0301N-PULSO-Y-PRECORDIO.pdf\">PALPACI\u00d3N PULSO Y PRECORDIO<\/a><\/h2>\n<h2><span style=\"color: #000000\">&nbsp;<a style=\"color: #000000\" href=\"https:\/\/academia.utp.edu.co\/basicoclinica\/files\/2012\/04\/Auscultacio\u0300n-Cardiaca-Generalidades.pdf\">AUSCULTACI\u00d3N CARD\u00cdACA GENERALIDADES<\/a><\/span><\/h2>\n<h2 class=\"yt watch-title-container\"><span id=\"eow-title\" class=\"watch-title \" dir=\"ltr\" style=\"color: #000000\" title=\"Video sobre la Ateroesclerosis.\"><a style=\"color: #000000\" href=\"https:\/\/www.youtube.com\/watch?v=8HYWcS_XvnY\" target=\"_blank\" rel=\"noopener noreferrer\">La Ateroesclerosis (Video)<\/a><\/span><\/h2>\n<h2><span style=\"color: #000000\"><a style=\"color: #000000\" href=\"https:\/\/academia.utp.edu.co\/basicoclinica\/files\/2012\/04\/CLASIFICACIO\u0301N-Y-CARACTERISTICAS-DE-LAS-DISLIPIDEMIAS.pdf\">CLASIFICACI\u00d3N Y CARACTERISTICAS DE LAS DISLIPIDEMIAS<\/a><\/span><\/h2>\n<h2><span style=\"color: #000000\"><a style=\"color: #000000\" href=\"https:\/\/academia.utp.edu.co\/basicoclinica\/files\/2012\/04\/VALVULOPATIAS-Y-SU-REPERCUSIO\u0301N-Img-Netter.pdf\">VALVULOPATIAS Y SU REPERCUSI\u00d3N &#8211; Img Netter<\/a><\/span><\/h2>\n<h2><span style=\"color: #000000\"><span style=\"font-size: 1em;font-weight: normal\">&nbsp;<\/span><a style=\"color: #000000\" href=\"https:\/\/academia.utp.edu.co\/basicoclinica\/files\/2012\/04\/SOPLOS-2012-2.pdf\">SOPLOS&nbsp;<\/a><\/span><\/h2>\n<h2><span style=\"color: #000000\"><strong style=\"font-size: 1.17em\">&nbsp;<a style=\"color: #000000\" href=\"https:\/\/academia.utp.edu.co\/basicoclinica\/files\/2012\/04\/SI\u0301NDROMES-ARTERIALES-JMC.pdf\">S\u00cdNDROMES ARTERIALES- JMC<\/a><\/strong><\/span><\/h2>\n<h2><span style=\"color: #000000\"><a style=\"color: #000000\" href=\"https:\/\/academia.utp.edu.co\/basicoclinica\/files\/2012\/04\/EL-CIGARRILLO-IMPLICACIONES-PARA-LA-SALUD.pdf\">EL CIGARRILLO IMPLICACIONES PARA LA SALUD<\/a><\/span><\/h2>\n<h2><span style=\"color: #000000\"><a style=\"color: #000000\" href=\"https:\/\/academia.utp.edu.co\/basicoclinica\/files\/2012\/04\/EL-CIGARRILLO-TE-CONDENA.pdf\">EL CIGARRILLO TE CONDENA<\/a><\/span><\/h2>\n<h2><a href=\"https:\/\/academia.utp.edu.co\/basicoclinica\/files\/2012\/04\/Valoracion-nutricional-completa.pdf\">Valoraci\u00f3n nutricional completa<\/a><\/h2>\n<h2><span style=\"color: #000000\"><a style=\"color: #000000\" href=\"https:\/\/academia.utp.edu.co\/basicoclinica\/files\/2012\/04\/Tabla-de-pesos-y-medidas-ideales-de-una-persona-adulta-SEGU\u0301N-COMPLEXIO\u0301N.pdf\">Tabla de pesos y medidas ideales de una persona adulta SEG\u00daN COMPLEXI\u00d3N<\/a><\/span><\/h2>\n<h2><span style=\"color: #000000\"><a style=\"color: #000000\" href=\"https:\/\/academia.utp.edu.co\/basicoclinica\/files\/2012\/04\/Consumo-de-Oxigeno-Resistencia-Cardiovascular.pdf\">Consumo de Oxigeno &#8211; Resistencia Cardiovascular<\/a><\/span><\/h2>\n<h2><span style=\"color: #000000\"><a style=\"color: #000000\" href=\"https:\/\/academia.utp.edu.co\/basicoclinica\/files\/2012\/04\/TEST-DE-COURSE-NAVETTE-LEGER-LAMBERT-Formula-y-Tabla.pdf\">TEST DE COURSE NAVETTE &#8211; LEGER &#8211; LAMBERT Formula y Tabla<\/a><\/span><\/h2>\n<h2><span style=\"color: #000000\"><a style=\"color: #000000\" href=\"https:\/\/academia.utp.edu.co\/basicoclinica\/files\/2012\/04\/PROTOCOLOS-DE-EJERCICIO-Y-COSTOS-METABO\u0301LICOS-ACSM\u2019s.pdf\">PROTOCOLOS DE EJERCICIO Y COSTOS METAB\u00d3LICOS &#8211; ACSM\u2019s<\/a><\/span><\/h2>\n","protected":false},"excerpt":{"rendered":"<p>Regresar a INICIO PRESENTACI\u00d3N DE LA ROTACI\u00d3N El estudiante de&nbsp; V semestre est\u00e1 en un etapa de transici\u00f3n entre los&nbsp; conocimientos b\u00e1sicos y los cl\u00ednicos.&nbsp; La Semiolog\u00eda es el primer pilar cl\u00ednico, no s\u00f3lo&#46;&#46;&#46;<\/p>\n","protected":false},"author":15,"featured_media":0,"parent":0,"menu_order":0,"comment_status":"open","ping_status":"open","template":"","meta":{"footnotes":""},"class_list":["post-33","page","type-page","status-publish","hentry"],"_links":{"self":[{"href":"https:\/\/academia.utp.edu.co\/basicoclinica\/wp-json\/wp\/v2\/pages\/33","targetHints":{"allow":["GET"]}}],"collection":[{"href":"https:\/\/academia.utp.edu.co\/basicoclinica\/wp-json\/wp\/v2\/pages"}],"about":[{"href":"https:\/\/academia.utp.edu.co\/basicoclinica\/wp-json\/wp\/v2\/types\/page"}],"author":[{"embeddable":true,"href":"https:\/\/academia.utp.edu.co\/basicoclinica\/wp-json\/wp\/v2\/users\/15"}],"replies":[{"embeddable":true,"href":"https:\/\/academia.utp.edu.co\/basicoclinica\/wp-json\/wp\/v2\/comments?post=33"}],"version-history":[{"count":209,"href":"https:\/\/academia.utp.edu.co\/basicoclinica\/wp-json\/wp\/v2\/pages\/33\/revisions"}],"predecessor-version":[{"id":6286,"href":"https:\/\/academia.utp.edu.co\/basicoclinica\/wp-json\/wp\/v2\/pages\/33\/revisions\/6286"}],"wp:attachment":[{"href":"https:\/\/academia.utp.edu.co\/basicoclinica\/wp-json\/wp\/v2\/media?parent=33"}],"curies":[{"name":"wp","href":"https:\/\/api.w.org\/{rel}","templated":true}]}}