{"id":863,"date":"2013-07-29T12:40:58","date_gmt":"2013-07-29T12:40:58","guid":{"rendered":"http:\/\/academia.utp.edu.co\/basicoclinica\/?page_id=863"},"modified":"2013-07-29T14:02:39","modified_gmt":"2013-07-29T14:02:39","slug":"semiologia-digestiva","status":"publish","type":"page","link":"https:\/\/academia.utp.edu.co\/basicoclinica\/semiologia-digestiva\/","title":{"rendered":"SEMIOLOG\u00cdA DIGESTIVA"},"content":{"rendered":"<p style=\"text-align: left\">SEMIOLOG\u00cdA DIGESTIVA \u00a0 \u00a0 \u00a0 \u00a0 \u00a0 \u00a0 \u00a0 \u00a0 \u00a0 \u00a0 \u00a0 \u00a0 \u00a0 \u00a0 \u00a0 \u00a0 \u00a0 \u00a0 \u00a0 \u00a0 \u00a0 \u00a0 \u00a0 \u00a0 \u00a0 \u00a0 \u00a0 \u00a0 \u00a0 \u00a0 \u00a0 \u00a0 \u00a0 \u00a0 \u00a0 \u00a0 \u00a0 \u00a0 \u00a0 \u00a0<strong><span style=\"color: #008000\"><a href=\"https:\/\/academia.utp.edu.co\/basicoclinica\/\"><span style=\"color: #008000\">Regresar a INICIO<\/span><\/a><\/span><\/strong><\/p>\n<h4><span style=\"color: #800000\">PRESENTACI\u00d3N DE LA ROTACI\u00d3N<\/span><\/h4>\n<h4>El estudiante de\u00a0 V semestre est\u00e1 en un etapa de transici\u00f3n entre los\u00a0 conocimientos b\u00e1sicos y los cl\u00ednicos.\u00a0 La Semiolog\u00eda es el primer pilar cl\u00ednico, no s\u00f3lo en el\u00a0 aprendizaje de la Medicina sino tambi\u00e9n en el ejercicio profesional de toda la vida.\u00a0 Es el primer contacto que tiene el estudiante con los pacientes.<\/h4>\n<h4>Requerir\u00e1 por lo tanto, evocar todos sus conocimientos b\u00e1sicos, para aplicarlos y correlacionarlos con las destrezas y habilidades que debe adquirir a fin de\u00a0 realizar un interrogatorio y un examen f\u00edsico adecuado a la persona adulta y anciana, reconociendo e interpretando s\u00edntomas y signos\u00a0 biol\u00f3gicos, psicol\u00f3gicos, sociales que lo oriente a un diagn\u00f3stico.<\/h4>\n<p>&nbsp;<\/p>\n<div id=\"attachment_867\" style=\"width: 274px\" class=\"wp-caption aligncenter\"><a href=\"https:\/\/academia.utp.edu.co\/basicoclinica\/files\/2013\/07\/Pagina-en-construccion3.jpg\"><img loading=\"lazy\" decoding=\"async\" aria-describedby=\"caption-attachment-867\" class=\"size-full wp-image-867\" alt=\"P\u00c1GINA EN CONSTRUCCI\u00d3N\" src=\"https:\/\/academia.utp.edu.co\/basicoclinica\/files\/2013\/07\/Pagina-en-construccion3.jpg\" width=\"264\" height=\"242\" \/><\/a><p id=\"caption-attachment-867\" class=\"wp-caption-text\"><strong>P\u00c1GINA EN CONSTRUCCI\u00d3N<\/strong><\/p><\/div>\n<p>GENERALIDADES<\/p>\n","protected":false},"excerpt":{"rendered":"<p>SEMIOLOG\u00cdA DIGESTIVA \u00a0 \u00a0 \u00a0 \u00a0 \u00a0 \u00a0 \u00a0 \u00a0 \u00a0 \u00a0 \u00a0 \u00a0 \u00a0 \u00a0 \u00a0 \u00a0 \u00a0 \u00a0 \u00a0 \u00a0 \u00a0 \u00a0 \u00a0 \u00a0 \u00a0 \u00a0 \u00a0 \u00a0 \u00a0 \u00a0 \u00a0 \u00a0&#46;&#46;&#46;<\/p>\n","protected":false},"author":15,"featured_media":0,"parent":0,"menu_order":0,"comment_status":"open","ping_status":"open","template":"","meta":{"footnotes":""},"class_list":["post-863","page","type-page","status-publish","hentry"],"_links":{"self":[{"href":"https:\/\/academia.utp.edu.co\/basicoclinica\/wp-json\/wp\/v2\/pages\/863","targetHints":{"allow":["GET"]}}],"collection":[{"href":"https:\/\/academia.utp.edu.co\/basicoclinica\/wp-json\/wp\/v2\/pages"}],"about":[{"href":"https:\/\/academia.utp.edu.co\/basicoclinica\/wp-json\/wp\/v2\/types\/page"}],"author":[{"embeddable":true,"href":"https:\/\/academia.utp.edu.co\/basicoclinica\/wp-json\/wp\/v2\/users\/15"}],"replies":[{"embeddable":true,"href":"https:\/\/academia.utp.edu.co\/basicoclinica\/wp-json\/wp\/v2\/comments?post=863"}],"version-history":[{"count":7,"href":"https:\/\/academia.utp.edu.co\/basicoclinica\/wp-json\/wp\/v2\/pages\/863\/revisions"}],"predecessor-version":[{"id":939,"href":"https:\/\/academia.utp.edu.co\/basicoclinica\/wp-json\/wp\/v2\/pages\/863\/revisions\/939"}],"wp:attachment":[{"href":"https:\/\/academia.utp.edu.co\/basicoclinica\/wp-json\/wp\/v2\/media?parent=863"}],"curies":[{"name":"wp","href":"https:\/\/api.w.org\/{rel}","templated":true}]}}