{"id":19,"date":"2024-11-15T22:05:03","date_gmt":"2024-11-16T03:05:03","guid":{"rendered":"https:\/\/academia.utp.edu.co\/catedra-de-paz\/?page_id=19"},"modified":"2025-11-08T13:13:52","modified_gmt":"2025-11-08T18:13:52","slug":"talleres-arn","status":"publish","type":"page","link":"https:\/\/academia.utp.edu.co\/catedra-de-paz\/talleres-arn\/","title":{"rendered":"Talleres ARN"},"content":{"rendered":"\n<h2 class=\"wp-block-heading has-text-align-center has-ast-global-color-2-color has-text-color has-background has-link-color wp-elements-1909c4e1c79f3514881f26ea7246b85b\" style=\"background:linear-gradient(135deg,rgb(202,248,128) 26%,rgb(113,206,126) 100%);font-size:32px\"><strong>Talleres en articulaci\u00f3n con Agencia para la Reincorporaci\u00f3n y la Normalizaci\u00f3n ARN&nbsp;<\/strong><\/h2>\n\n\n\n<p>En alianza con la Agencia para Reincorporaci\u00f3n y Normalizaci\u00f3n (ARN) y&nbsp; la C\u00e1tedra de la Paz de la Universidad Tecnol\u00f3gica de Pereira hemos coordinado de manera conjunta la realizaci\u00f3n de distintos talleres en el que han participado estudiantes, docentes y personas que en otro momento de sus vidas pertenecieron a grupos armados ilegales. Asimismo, en estos espacios hemos contado con distintas personas que actualmente dedican sus vidas a trabajar para que el retorno de la poblaci\u00f3n ex combatiente a la vida civil se realice en condiciones que garanticen su reconocimiento, dignidad y compromiso con el perd\u00f3n y la reconciliaci\u00f3n.<\/p>\n\n\n\n<figure class=\"wp-block-embed is-type-video is-provider-youtube wp-block-embed-youtube wp-embed-aspect-16-9 wp-has-aspect-ratio\"><div class=\"wp-block-embed__wrapper\">\n<iframe loading=\"lazy\" title=\"Taller C\u00e1tedra de Paz - ARN\" width=\"500\" height=\"281\" src=\"https:\/\/www.youtube.com\/embed\/l8eisYj6iTM?feature=oembed\" frameborder=\"0\" allow=\"accelerometer; autoplay; clipboard-write; encrypted-media; gyroscope; picture-in-picture; web-share\" referrerpolicy=\"strict-origin-when-cross-origin\" allowfullscreen><\/iframe>\n<\/div><\/figure>\n\n\n\n<p>A partir de la escucha y la palabra y el arte, y con la convicci\u00f3n de que la paz se construye con las otras y los otros, estos talleres han sido espacio muy significativos y movilizadores para compartir, desde la escucha y la palabra, distintos pensamientos, memorias y sentires sobre el pa\u00eds que nos ha acunado y acogido, pero tambi\u00e9n sobre los dolores que nos ha procurado sin haber tenido otra posibilidad de elecci\u00f3n. Escucharnos nos permite reconocernos y aceptar que la historia de los dem\u00e1s, con sus privilegios o infortunios, siempre pudo haber sido la nuestra. La certeza de esto es tal vez el primer paso para devolvernos mutuamente la humanidad.<\/p>\n\n\n\n<figure class=\"wp-block-gallery has-nested-images columns-default is-cropped wp-block-gallery-1 is-layout-flex wp-block-gallery-is-layout-flex\">\n<figure class=\"wp-block-image size-large\"><img loading=\"lazy\" decoding=\"async\" width=\"768\" height=\"1024\" data-id=\"184\" src=\"https:\/\/academia.utp.edu.co\/catedra-de-paz\/files\/2024\/12\/IMG_7009-768x1024.jpg\" alt=\"\" class=\"wp-image-184\" srcset=\"https:\/\/academia.utp.edu.co\/catedra-de-paz\/files\/2024\/12\/IMG_7009-768x1024.jpg 768w, https:\/\/academia.utp.edu.co\/catedra-de-paz\/files\/2024\/12\/IMG_7009-225x300.jpg 225w, https:\/\/academia.utp.edu.co\/catedra-de-paz\/files\/2024\/12\/IMG_7009-1152x1536.jpg 1152w, https:\/\/academia.utp.edu.co\/catedra-de-paz\/files\/2024\/12\/IMG_7009-1536x2048.jpg 1536w, https:\/\/academia.utp.edu.co\/catedra-de-paz\/files\/2024\/12\/IMG_7009-scaled.jpg 1920w\" sizes=\"auto, (max-width: 768px) 100vw, 768px\" \/><\/figure>\n\n\n\n<figure class=\"wp-block-image size-large\"><img loading=\"lazy\" decoding=\"async\" width=\"1024\" height=\"768\" data-id=\"188\" src=\"https:\/\/academia.utp.edu.co\/catedra-de-paz\/files\/2024\/12\/IMG_2424-1024x768.jpg\" alt=\"\" class=\"wp-image-188\" srcset=\"https:\/\/academia.utp.edu.co\/catedra-de-paz\/files\/2024\/12\/IMG_2424-1024x768.jpg 1024w, https:\/\/academia.utp.edu.co\/catedra-de-paz\/files\/2024\/12\/IMG_2424-300x225.jpg 300w, https:\/\/academia.utp.edu.co\/catedra-de-paz\/files\/2024\/12\/IMG_2424-768x576.jpg 768w, https:\/\/academia.utp.edu.co\/catedra-de-paz\/files\/2024\/12\/IMG_2424-1536x1152.jpg 1536w, https:\/\/academia.utp.edu.co\/catedra-de-paz\/files\/2024\/12\/IMG_2424-2048x1536.jpg 2048w\" sizes=\"auto, (max-width: 1024px) 100vw, 1024px\" \/><\/figure>\n\n\n\n<figure class=\"wp-block-image size-large\"><img loading=\"lazy\" decoding=\"async\" width=\"1024\" height=\"768\" data-id=\"186\" src=\"https:\/\/academia.utp.edu.co\/catedra-de-paz\/files\/2024\/12\/IMG_4906-1024x768.jpg\" alt=\"\" class=\"wp-image-186\" srcset=\"https:\/\/academia.utp.edu.co\/catedra-de-paz\/files\/2024\/12\/IMG_4906-1024x768.jpg 1024w, https:\/\/academia.utp.edu.co\/catedra-de-paz\/files\/2024\/12\/IMG_4906-300x225.jpg 300w, https:\/\/academia.utp.edu.co\/catedra-de-paz\/files\/2024\/12\/IMG_4906-768x576.jpg 768w, https:\/\/academia.utp.edu.co\/catedra-de-paz\/files\/2024\/12\/IMG_4906-1536x1152.jpg 1536w, https:\/\/academia.utp.edu.co\/catedra-de-paz\/files\/2024\/12\/IMG_4906-2048x1536.jpg 2048w\" sizes=\"auto, (max-width: 1024px) 100vw, 1024px\" \/><\/figure>\n\n\n\n<figure class=\"wp-block-image size-large\"><img loading=\"lazy\" decoding=\"async\" width=\"768\" height=\"1024\" data-id=\"191\" src=\"https:\/\/academia.utp.edu.co\/catedra-de-paz\/files\/2024\/12\/IMG_4934-768x1024.jpg\" alt=\"\" class=\"wp-image-191\" srcset=\"https:\/\/academia.utp.edu.co\/catedra-de-paz\/files\/2024\/12\/IMG_4934-768x1024.jpg 768w, https:\/\/academia.utp.edu.co\/catedra-de-paz\/files\/2024\/12\/IMG_4934-225x300.jpg 225w, https:\/\/academia.utp.edu.co\/catedra-de-paz\/files\/2024\/12\/IMG_4934-1152x1536.jpg 1152w, https:\/\/academia.utp.edu.co\/catedra-de-paz\/files\/2024\/12\/IMG_4934-1536x2048.jpg 1536w, https:\/\/academia.utp.edu.co\/catedra-de-paz\/files\/2024\/12\/IMG_4934-scaled.jpg 1920w\" sizes=\"auto, (max-width: 768px) 100vw, 768px\" \/><\/figure>\n\n\n\n<figure class=\"wp-block-image size-large\"><img loading=\"lazy\" decoding=\"async\" width=\"1024\" height=\"768\" data-id=\"194\" src=\"https:\/\/academia.utp.edu.co\/catedra-de-paz\/files\/2024\/12\/IMG_4959-1024x768.jpg\" alt=\"\" class=\"wp-image-194\" srcset=\"https:\/\/academia.utp.edu.co\/catedra-de-paz\/files\/2024\/12\/IMG_4959-1024x768.jpg 1024w, https:\/\/academia.utp.edu.co\/catedra-de-paz\/files\/2024\/12\/IMG_4959-300x225.jpg 300w, https:\/\/academia.utp.edu.co\/catedra-de-paz\/files\/2024\/12\/IMG_4959-768x576.jpg 768w, https:\/\/academia.utp.edu.co\/catedra-de-paz\/files\/2024\/12\/IMG_4959-1536x1152.jpg 1536w, https:\/\/academia.utp.edu.co\/catedra-de-paz\/files\/2024\/12\/IMG_4959-2048x1536.jpg 2048w\" sizes=\"auto, (max-width: 1024px) 100vw, 1024px\" \/><\/figure>\n<\/figure>\n\n\n\n<p>Estos encuentros con firmantes del Acuerdo de Paz,&nbsp; personas en proceso de reintegraci\u00f3n y comparecientes de la fuerza p\u00fablica nos plantean realidades diversas que exigen sensibilidad, escucha activa, respeto y compromiso con la responsabilidad \u00e9tica y pol\u00edtica que todas y todos tenemos con la reconciliaci\u00f3n y la paz. En este video te compartimos, en profundidad, uno de los talleres realizados; el registro es un sentido testimonio en el que el arte se convierte en puente para el encuentro, la memoria y la transformaci\u00f3n.<\/p>\n\n\n\n<p>Observa estos productos que se encuentran en el instagram de la C\u00e1tedra de Paz:<\/p>\n\n\n\n<div class=\"wp-block-buttons is-content-justification-center is-layout-flex wp-container-core-buttons-is-layout-a89b3969 wp-block-buttons-is-layout-flex\">\n<div class=\"wp-block-button is-style-outline is-style-outline--2\"><a class=\"wp-block-button__link has-text-align-center wp-element-button\" href=\"https:\/\/www.instagram.com\/p\/DP7kz5okSpZ\/?utm_source=ig_web_copy_link&amp;igsh=MzRlODBiNWFlZA==\">Carrusel taller con la ARN<\/a><\/div>\n\n\n\n<div class=\"wp-block-button is-style-outline is-style-outline--3\"><a class=\"wp-block-button__link wp-element-button\" href=\"https:\/\/www.instagram.com\/reel\/DKDlkZzOAiR\/?utm_source=ig_web_copy_link&amp;igsh=MzRlODBiNWFlZA==\">Reel taller con la ARN<\/a><\/div>\n<\/div>\n\n\n\n<p><\/p>\n","protected":false},"excerpt":{"rendered":"<p>Talleres en articulaci\u00f3n con Agencia para la Reincorporaci\u00f3n y la Normalizaci\u00f3n ARN&nbsp; En alianza con la Agencia para Reincorporaci\u00f3n y Normalizaci\u00f3n (ARN) y&nbsp; la C\u00e1tedra de la Paz de la [&hellip;]<\/p>\n","protected":false},"author":1930,"featured_media":0,"parent":0,"menu_order":0,"comment_status":"closed","ping_status":"closed","template":"","meta":{"site-sidebar-layout":"default","site-content-layout":"","ast-site-content-layout":"default","site-content-style":"default","site-sidebar-style":"default","ast-global-header-display":"","ast-banner-title-visibility":"","ast-main-header-display":"","ast-hfb-above-header-display":"","ast-hfb-below-header-display":"","ast-hfb-mobile-header-display":"","site-post-title":"disabled","ast-breadcrumbs-content":"","ast-featured-img":"","footer-sml-layout":"","ast-disable-related-posts":"","theme-transparent-header-meta":"","adv-header-id-meta":"","stick-header-meta":"","header-above-stick-meta":"","header-main-stick-meta":"","header-below-stick-meta":"","astra-migrate-meta-layouts":"default","ast-page-background-enabled":"default","ast-page-background-meta":{"desktop":{"background-color":"var(--ast-global-color-5)","background-image":"","background-repeat":"repeat","background-position":"center center","background-size":"auto","background-attachment":"scroll","background-type":"","background-media":"","overlay-type":"","overlay-color":"","overlay-opacity":"","overlay-gradient":""},"tablet":{"background-color":"","background-image":"","background-repeat":"repeat","background-position":"center center","background-size":"auto","background-attachment":"scroll","background-type":"","background-media":"","overlay-type":"","overlay-color":"","overlay-opacity":"","overlay-gradient":""},"mobile":{"background-color":"","background-image":"","background-repeat":"repeat","background-position":"center center","background-size":"auto","background-attachment":"scroll","background-type":"","background-media":"","overlay-type":"","overlay-color":"","overlay-opacity":"","overlay-gradient":""}},"ast-content-background-meta":{"desktop":{"background-color":"var(--ast-global-color-4)","background-image":"","background-repeat":"repeat","background-position":"center center","background-size":"auto","background-attachment":"scroll","background-type":"","background-media":"","overlay-type":"","overlay-color":"","overlay-opacity":"","overlay-gradient":""},"tablet":{"background-color":"var(--ast-global-color-4)","background-image":"","background-repeat":"repeat","background-position":"center center","background-size":"auto","background-attachment":"scroll","background-type":"","background-media":"","overlay-type":"","overlay-color":"","overlay-opacity":"","overlay-gradient":""},"mobile":{"background-color":"var(--ast-global-color-4)","background-image":"","background-repeat":"repeat","background-position":"center center","background-size":"auto","background-attachment":"scroll","background-type":"","background-media":"","overlay-type":"","overlay-color":"","overlay-opacity":"","overlay-gradient":""}},"footnotes":""},"class_list":["post-19","page","type-page","status-publish","hentry"],"_links":{"self":[{"href":"https:\/\/academia.utp.edu.co\/catedra-de-paz\/wp-json\/wp\/v2\/pages\/19","targetHints":{"allow":["GET"]}}],"collection":[{"href":"https:\/\/academia.utp.edu.co\/catedra-de-paz\/wp-json\/wp\/v2\/pages"}],"about":[{"href":"https:\/\/academia.utp.edu.co\/catedra-de-paz\/wp-json\/wp\/v2\/types\/page"}],"author":[{"embeddable":true,"href":"https:\/\/academia.utp.edu.co\/catedra-de-paz\/wp-json\/wp\/v2\/users\/1930"}],"replies":[{"embeddable":true,"href":"https:\/\/academia.utp.edu.co\/catedra-de-paz\/wp-json\/wp\/v2\/comments?post=19"}],"version-history":[{"count":11,"href":"https:\/\/academia.utp.edu.co\/catedra-de-paz\/wp-json\/wp\/v2\/pages\/19\/revisions"}],"predecessor-version":[{"id":662,"href":"https:\/\/academia.utp.edu.co\/catedra-de-paz\/wp-json\/wp\/v2\/pages\/19\/revisions\/662"}],"wp:attachment":[{"href":"https:\/\/academia.utp.edu.co\/catedra-de-paz\/wp-json\/wp\/v2\/media?parent=19"}],"curies":[{"name":"wp","href":"https:\/\/api.w.org\/{rel}","templated":true}]}}