{"id":20,"date":"2024-11-15T22:04:50","date_gmt":"2024-11-16T03:04:50","guid":{"rendered":"https:\/\/academia.utp.edu.co\/catedra-de-paz\/?page_id=20"},"modified":"2025-12-10T12:45:20","modified_gmt":"2025-12-10T17:45:20","slug":"trabajos-de-estudiantes","status":"publish","type":"page","link":"https:\/\/academia.utp.edu.co\/catedra-de-paz\/trabajos-de-estudiantes\/","title":{"rendered":"Trabajos de estudiantes"},"content":{"rendered":"\n<h2 class=\"wp-block-heading has-text-align-center has-electric-grass-gradient-background has-background\">Trabajos de los estudiantes<\/h2>\n\n\n\n<figure class=\"wp-block-image aligncenter size-large\"><img loading=\"lazy\" decoding=\"async\" width=\"1024\" height=\"576\" src=\"https:\/\/academia.utp.edu.co\/catedra-de-paz\/files\/2025\/12\/IMG_1278-1024x576.jpg\" alt=\"\" class=\"wp-image-917\" srcset=\"https:\/\/academia.utp.edu.co\/catedra-de-paz\/files\/2025\/12\/IMG_1278-1024x576.jpg 1024w, https:\/\/academia.utp.edu.co\/catedra-de-paz\/files\/2025\/12\/IMG_1278-300x169.jpg 300w, https:\/\/academia.utp.edu.co\/catedra-de-paz\/files\/2025\/12\/IMG_1278-768x432.jpg 768w, https:\/\/academia.utp.edu.co\/catedra-de-paz\/files\/2025\/12\/IMG_1278-1536x864.jpg 1536w, https:\/\/academia.utp.edu.co\/catedra-de-paz\/files\/2025\/12\/IMG_1278.jpg 1920w\" sizes=\"auto, (max-width: 1024px) 100vw, 1024px\" \/><\/figure>\n\n\n\n<p class=\"has-text-align-center\">Aqu\u00ed puedes explorar los productos creativos que lxs estudiantes desarrollaron en el marco de la electiva C\u00e1tedra de Paz. Cada uno de ellos recoge procesos, preguntas y b\u00fasquedas que nacieron en nuestras clases y que se transformaron en propuestas sensibles y reflexivas. En los botones de abajo podr\u00e1s hacer un recorrido por algunos de estos productos:<\/p>\n\n\n\n<div class=\"wp-block-buttons is-content-justification-center is-layout-flex wp-container-core-buttons-is-layout-a89b3969 wp-block-buttons-is-layout-flex\">\n<div class=\"wp-block-button\"><a class=\"wp-block-button__link wp-element-button\" href=\"https:\/\/academia.utp.edu.co\/catedra-de-paz\/fotoperformances\/\">Fotoperformances<\/a><\/div>\n\n\n\n<div class=\"wp-block-button\"><a class=\"wp-block-button__link wp-element-button\" href=\"https:\/\/academia.utp.edu.co\/catedra-de-paz\/video-memorias\/\">Video-Memorias<\/a><\/div>\n\n\n\n<div class=\"wp-block-button\"><a class=\"wp-block-button__link wp-element-button\" href=\"https:\/\/academia.utp.edu.co\/catedra-de-paz\/podcasts\/\">Podcasts<\/a><\/div>\n\n\n\n<div class=\"wp-block-button\"><a class=\"wp-block-button__link wp-element-button\" href=\"https:\/\/academia.utp.edu.co\/catedra-de-paz\/reels\/\">Reels<\/a><\/div>\n\n\n\n<div class=\"wp-block-button\"><a class=\"wp-block-button__link wp-element-button\" href=\"https:\/\/academia.utp.edu.co\/catedra-de-paz\/posters\/\">P\u00f3sters<\/a><\/div>\n<\/div>\n","protected":false},"excerpt":{"rendered":"<p>Trabajos de los estudiantes Aqu\u00ed puedes explorar los productos creativos que lxs estudiantes desarrollaron en el marco de la electiva C\u00e1tedra de Paz. Cada uno de ellos recoge procesos, preguntas [&hellip;]<\/p>\n","protected":false},"author":1930,"featured_media":0,"parent":0,"menu_order":0,"comment_status":"closed","ping_status":"closed","template":"","meta":{"site-sidebar-layout":"default","site-content-layout":"","ast-site-content-layout":"default","site-content-style":"default","site-sidebar-style":"default","ast-global-header-display":"","ast-banner-title-visibility":"","ast-main-header-display":"","ast-hfb-above-header-display":"","ast-hfb-below-header-display":"","ast-hfb-mobile-header-display":"","site-post-title":"disabled","ast-breadcrumbs-content":"","ast-featured-img":"","footer-sml-layout":"","ast-disable-related-posts":"","theme-transparent-header-meta":"","adv-header-id-meta":"","stick-header-meta":"","header-above-stick-meta":"","header-main-stick-meta":"","header-below-stick-meta":"","astra-migrate-meta-layouts":"default","ast-page-background-enabled":"default","ast-page-background-meta":{"desktop":{"background-color":"var(--ast-global-color-5)","background-image":"","background-repeat":"repeat","background-position":"center center","background-size":"auto","background-attachment":"scroll","background-type":"","background-media":"","overlay-type":"","overlay-color":"","overlay-opacity":"","overlay-gradient":""},"tablet":{"background-color":"","background-image":"","background-repeat":"repeat","background-position":"center center","background-size":"auto","background-attachment":"scroll","background-type":"","background-media":"","overlay-type":"","overlay-color":"","overlay-opacity":"","overlay-gradient":""},"mobile":{"background-color":"","background-image":"","background-repeat":"repeat","background-position":"center center","background-size":"auto","background-attachment":"scroll","background-type":"","background-media":"","overlay-type":"","overlay-color":"","overlay-opacity":"","overlay-gradient":""}},"ast-content-background-meta":{"desktop":{"background-color":"var(--ast-global-color-4)","background-image":"","background-repeat":"repeat","background-position":"center center","background-size":"auto","background-attachment":"scroll","background-type":"","background-media":"","overlay-type":"","overlay-color":"","overlay-opacity":"","overlay-gradient":""},"tablet":{"background-color":"var(--ast-global-color-4)","background-image":"","background-repeat":"repeat","background-position":"center center","background-size":"auto","background-attachment":"scroll","background-type":"","background-media":"","overlay-type":"","overlay-color":"","overlay-opacity":"","overlay-gradient":""},"mobile":{"background-color":"var(--ast-global-color-4)","background-image":"","background-repeat":"repeat","background-position":"center center","background-size":"auto","background-attachment":"scroll","background-type":"","background-media":"","overlay-type":"","overlay-color":"","overlay-opacity":"","overlay-gradient":""}},"footnotes":""},"class_list":["post-20","page","type-page","status-publish","hentry"],"_links":{"self":[{"href":"https:\/\/academia.utp.edu.co\/catedra-de-paz\/wp-json\/wp\/v2\/pages\/20","targetHints":{"allow":["GET"]}}],"collection":[{"href":"https:\/\/academia.utp.edu.co\/catedra-de-paz\/wp-json\/wp\/v2\/pages"}],"about":[{"href":"https:\/\/academia.utp.edu.co\/catedra-de-paz\/wp-json\/wp\/v2\/types\/page"}],"author":[{"embeddable":true,"href":"https:\/\/academia.utp.edu.co\/catedra-de-paz\/wp-json\/wp\/v2\/users\/1930"}],"replies":[{"embeddable":true,"href":"https:\/\/academia.utp.edu.co\/catedra-de-paz\/wp-json\/wp\/v2\/comments?post=20"}],"version-history":[{"count":28,"href":"https:\/\/academia.utp.edu.co\/catedra-de-paz\/wp-json\/wp\/v2\/pages\/20\/revisions"}],"predecessor-version":[{"id":938,"href":"https:\/\/academia.utp.edu.co\/catedra-de-paz\/wp-json\/wp\/v2\/pages\/20\/revisions\/938"}],"wp:attachment":[{"href":"https:\/\/academia.utp.edu.co\/catedra-de-paz\/wp-json\/wp\/v2\/media?parent=20"}],"curies":[{"name":"wp","href":"https:\/\/api.w.org\/{rel}","templated":true}]}}