{"id":22,"date":"2024-11-15T22:04:38","date_gmt":"2024-11-16T03:04:38","guid":{"rendered":"https:\/\/academia.utp.edu.co\/catedra-de-paz\/?page_id=22"},"modified":"2025-12-10T12:45:22","modified_gmt":"2025-12-10T17:45:22","slug":"lineas","status":"publish","type":"page","link":"https:\/\/academia.utp.edu.co\/catedra-de-paz\/lineas\/","title":{"rendered":"Presentaci\u00f3n"},"content":{"rendered":"\n<h2 class=\"wp-block-heading has-text-align-center has-pale-ocean-gradient-background has-background\">L\u00edneas de investigaci\u00f3n<\/h2>\n\n\n\n<figure class=\"wp-block-image aligncenter size-full\"><img loading=\"lazy\" decoding=\"async\" width=\"819\" height=\"282\" src=\"https:\/\/academia.utp.edu.co\/catedra-de-paz\/files\/2025\/12\/Captura-de-pantalla-2025-12-08-135409.png\" alt=\"\" class=\"wp-image-807\" srcset=\"https:\/\/academia.utp.edu.co\/catedra-de-paz\/files\/2025\/12\/Captura-de-pantalla-2025-12-08-135409.png 819w, https:\/\/academia.utp.edu.co\/catedra-de-paz\/files\/2025\/12\/Captura-de-pantalla-2025-12-08-135409-300x103.png 300w, https:\/\/academia.utp.edu.co\/catedra-de-paz\/files\/2025\/12\/Captura-de-pantalla-2025-12-08-135409-768x264.png 768w\" sizes=\"auto, (max-width: 819px) 100vw, 819px\" \/><\/figure>\n\n\n\n<p>El Semillero de Investigaci\u00f3n C\u00e1tedra de Paz es un espacio acad\u00e9mico que surge como una apuesta formativa, investigativa y de incidencia social, con el prop\u00f3sito de dar continuidad a los procesos pedag\u00f3gicos iniciados en la C\u00e1tedra de la Paz. Tras varios a\u00f1os de orientar la electiva, las y los docentes que orientamos la electiva&nbsp; identificamos la necesidad de generar un lugar en el que las, los y les estudiantes pudieran seguir profundizando en los temas abordados durante el semestre. La formalizaci\u00f3n del semillero se concret\u00f3 el 17 de febrero de 2022 por parte de la Vicerrector\u00eda de Investigaciones, Innovaci\u00f3n y Extensi\u00f3n de la UTP, bajo el c\u00f3digo SE1-22-2.<\/p>\n\n\n\n<p>Desde su origen, el semillero se propuso como un escenario para seguir haci\u00e9ndonos preguntas sobre el pa\u00eds, el mundo y los territorios, buscando respuestas que nos permitan comprender lo que hemos sido, somos y podemos ser. Desde sus inicios, el objetivo fundamental que nos hemos trazado ha sido el de consolidar un espacio de formaci\u00f3n e investigaci\u00f3n en torno a temas como el conflicto, la memoria, la verdad, la subjetividad pol\u00edtica y la educaci\u00f3n para la paz, todo ello desde una perspectiva diferencial y territorial.&nbsp;<\/p>\n\n\n\n<p>Teniendo en cuenta lo anterior, y a partir del di\u00e1logo entre las y los docentes y estudiantes que hacemos parte del semiller hemos concebido su estructura en tres&nbsp; dimensiones: la formaci\u00f3n, que permite continuar el aprendizaje m\u00e1s all\u00e1 del sal\u00f3n de clase y del tiempo formal del semestre; la investigaci\u00f3n, que busca generar conocimiento nuevo orientado a la comprensi\u00f3n y transformaci\u00f3n de los territorios; y la extensi\u00f3n o incidencia, que procura llevar las reflexiones m\u00e1s all\u00e1 del \u00e1mbito universitario, promoviendo el di\u00e1logo con otras instituciones, comunidades y actores sociales.<\/p>\n\n\n\n<p>Con un enfoque centrado en los territorios \u2014particularmente el Eje Cafetero y el departamento de Risaralda\u2014, en el semillero hemos asumido el compromiso de explorar, desenterrar y sembrar conocimiento en contextos donde a\u00fan persisten silencios sobre los impactos del conflicto armado. En sus tres a\u00f1os de existencia, no solo hemos crecido en n\u00famero de integrantes, sino tambi\u00e9n en diversidad disciplinar y en capacidad para integrar a egresadas y egresados que desean seguir aportando a la construcci\u00f3n colectiva de saberes y acciones por la paz. As\u00ed, hemos logrado consolidar el semillero como un espacio vivo, donde la reflexi\u00f3n cr\u00edtica, la memoria y la imaginaci\u00f3n pol\u00edtica se entrelazan para contribuir a la construcci\u00f3n de territorios m\u00e1s justos, habitables y dignos<\/p>\n\n\n\n<figure class=\"wp-block-gallery has-nested-images columns-default is-cropped wp-block-gallery-1 is-layout-flex wp-block-gallery-is-layout-flex\">\n<figure class=\"wp-block-image size-large\"><img loading=\"lazy\" decoding=\"async\" width=\"768\" height=\"1024\" data-id=\"607\" src=\"https:\/\/academia.utp.edu.co\/catedra-de-paz\/files\/2025\/08\/image-768x1024.jpeg\" alt=\"\" class=\"wp-image-607\" srcset=\"https:\/\/academia.utp.edu.co\/catedra-de-paz\/files\/2025\/08\/image-768x1024.jpeg 768w, https:\/\/academia.utp.edu.co\/catedra-de-paz\/files\/2025\/08\/image-225x300.jpeg 225w, https:\/\/academia.utp.edu.co\/catedra-de-paz\/files\/2025\/08\/image-1152x1536.jpeg 1152w, https:\/\/academia.utp.edu.co\/catedra-de-paz\/files\/2025\/08\/image.jpeg 1200w\" sizes=\"auto, (max-width: 768px) 100vw, 768px\" \/><\/figure>\n\n\n\n<figure class=\"wp-block-image size-large\"><img loading=\"lazy\" decoding=\"async\" width=\"768\" height=\"1024\" data-id=\"608\" src=\"https:\/\/academia.utp.edu.co\/catedra-de-paz\/files\/2025\/08\/image-1-768x1024.jpeg\" alt=\"\" class=\"wp-image-608\" srcset=\"https:\/\/academia.utp.edu.co\/catedra-de-paz\/files\/2025\/08\/image-1-768x1024.jpeg 768w, https:\/\/academia.utp.edu.co\/catedra-de-paz\/files\/2025\/08\/image-1-225x300.jpeg 225w, https:\/\/academia.utp.edu.co\/catedra-de-paz\/files\/2025\/08\/image-1-1152x1536.jpeg 1152w, https:\/\/academia.utp.edu.co\/catedra-de-paz\/files\/2025\/08\/image-1.jpeg 1200w\" sizes=\"auto, (max-width: 768px) 100vw, 768px\" \/><\/figure>\n<\/figure>\n\n\n\n<figure class=\"wp-block-video\"><video height=\"1080\" style=\"aspect-ratio: 1920 \/ 1080;\" width=\"1920\" controls src=\"https:\/\/academia.utp.edu.co\/catedra-de-paz\/files\/2025\/11\/GEPJ-SEMILLERO-CATEDRA-DE-PAZ.mp4\"><\/video><\/figure>\n\n\n\n<div class=\"wp-block-file\"><a id=\"wp-block-file--media-0d1c3cbd-3439-43f5-8e7f-4368534f49a9\" href=\"https:\/\/academia.utp.edu.co\/catedra-de-paz\/files\/2025\/11\/GEPJ-SEMILLERO-CATEDRA-DE-PAZ-1.pptx\">GEPJ SEMILLERO C\u00c1TEDRA DE PAZ (1)<\/a><a href=\"https:\/\/academia.utp.edu.co\/catedra-de-paz\/files\/2025\/11\/GEPJ-SEMILLERO-CATEDRA-DE-PAZ-1.pptx\" class=\"wp-block-file__button wp-element-button\" download aria-describedby=\"wp-block-file--media-0d1c3cbd-3439-43f5-8e7f-4368534f49a9\">Descarga<\/a><\/div>\n\n\n\n<p><\/p>\n","protected":false},"excerpt":{"rendered":"<p>L\u00edneas de investigaci\u00f3n El Semillero de Investigaci\u00f3n C\u00e1tedra de Paz es un espacio acad\u00e9mico que surge como una apuesta formativa, investigativa y de incidencia social, con el prop\u00f3sito de dar [&hellip;]<\/p>\n","protected":false},"author":1930,"featured_media":0,"parent":0,"menu_order":0,"comment_status":"closed","ping_status":"closed","template":"","meta":{"site-sidebar-layout":"default","site-content-layout":"","ast-site-content-layout":"default","site-content-style":"default","site-sidebar-style":"default","ast-global-header-display":"","ast-banner-title-visibility":"","ast-main-header-display":"","ast-hfb-above-header-display":"","ast-hfb-below-header-display":"","ast-hfb-mobile-header-display":"","site-post-title":"disabled","ast-breadcrumbs-content":"","ast-featured-img":"","footer-sml-layout":"","ast-disable-related-posts":"","theme-transparent-header-meta":"","adv-header-id-meta":"","stick-header-meta":"","header-above-stick-meta":"","header-main-stick-meta":"","header-below-stick-meta":"","astra-migrate-meta-layouts":"default","ast-page-background-enabled":"default","ast-page-background-meta":{"desktop":{"background-color":"var(--ast-global-color-5)","background-image":"","background-repeat":"repeat","background-position":"center center","background-size":"auto","background-attachment":"scroll","background-type":"","background-media":"","overlay-type":"","overlay-color":"","overlay-opacity":"","overlay-gradient":""},"tablet":{"background-color":"","background-image":"","background-repeat":"repeat","background-position":"center center","background-size":"auto","background-attachment":"scroll","background-type":"","background-media":"","overlay-type":"","overlay-color":"","overlay-opacity":"","overlay-gradient":""},"mobile":{"background-color":"","background-image":"","background-repeat":"repeat","background-position":"center center","background-size":"auto","background-attachment":"scroll","background-type":"","background-media":"","overlay-type":"","overlay-color":"","overlay-opacity":"","overlay-gradient":""}},"ast-content-background-meta":{"desktop":{"background-color":"var(--ast-global-color-4)","background-image":"","background-repeat":"repeat","background-position":"center center","background-size":"auto","background-attachment":"scroll","background-type":"","background-media":"","overlay-type":"","overlay-color":"","overlay-opacity":"","overlay-gradient":""},"tablet":{"background-color":"var(--ast-global-color-4)","background-image":"","background-repeat":"repeat","background-position":"center center","background-size":"auto","background-attachment":"scroll","background-type":"","background-media":"","overlay-type":"","overlay-color":"","overlay-opacity":"","overlay-gradient":""},"mobile":{"background-color":"var(--ast-global-color-4)","background-image":"","background-repeat":"repeat","background-position":"center center","background-size":"auto","background-attachment":"scroll","background-type":"","background-media":"","overlay-type":"","overlay-color":"","overlay-opacity":"","overlay-gradient":""}},"footnotes":""},"class_list":["post-22","page","type-page","status-publish","hentry"],"_links":{"self":[{"href":"https:\/\/academia.utp.edu.co\/catedra-de-paz\/wp-json\/wp\/v2\/pages\/22","targetHints":{"allow":["GET"]}}],"collection":[{"href":"https:\/\/academia.utp.edu.co\/catedra-de-paz\/wp-json\/wp\/v2\/pages"}],"about":[{"href":"https:\/\/academia.utp.edu.co\/catedra-de-paz\/wp-json\/wp\/v2\/types\/page"}],"author":[{"embeddable":true,"href":"https:\/\/academia.utp.edu.co\/catedra-de-paz\/wp-json\/wp\/v2\/users\/1930"}],"replies":[{"embeddable":true,"href":"https:\/\/academia.utp.edu.co\/catedra-de-paz\/wp-json\/wp\/v2\/comments?post=22"}],"version-history":[{"count":8,"href":"https:\/\/academia.utp.edu.co\/catedra-de-paz\/wp-json\/wp\/v2\/pages\/22\/revisions"}],"predecessor-version":[{"id":942,"href":"https:\/\/academia.utp.edu.co\/catedra-de-paz\/wp-json\/wp\/v2\/pages\/22\/revisions\/942"}],"wp:attachment":[{"href":"https:\/\/academia.utp.edu.co\/catedra-de-paz\/wp-json\/wp\/v2\/media?parent=22"}],"curies":[{"name":"wp","href":"https:\/\/api.w.org\/{rel}","templated":true}]}}