{"id":26,"date":"2024-11-15T22:03:20","date_gmt":"2024-11-16T03:03:20","guid":{"rendered":"https:\/\/academia.utp.edu.co\/catedra-de-paz\/?page_id=26"},"modified":"2025-08-03T10:27:25","modified_gmt":"2025-08-03T15:27:25","slug":"cine-foro-pazcines","status":"publish","type":"page","link":"https:\/\/academia.utp.edu.co\/catedra-de-paz\/cine-foro-pazcines\/","title":{"rendered":"Cine foro Pazcine"},"content":{"rendered":"\n<h1 class=\"wp-block-heading has-pale-ocean-gradient-background has-background\">Cine foro Pazcine<\/h1>\n\n\n\n<p class=\"has-medium-font-size\">Este espacio del Cine Foro PaZine busca promover la reflexi\u00f3n y el debate sobre temas fundamentales para la construcci\u00f3n de una sociedad m\u00e1s justa y equitativa.  El cine foro trasciende las fronteras de las aulas y converge como un espacio de encuentro y reflexi\u00f3n para toda la sociedad, tomando como base piezas cinematogr\u00e1ficas que permiten participar de un di\u00e1logo profundo que en esta oportunidad se enfoca en el papel de la ni\u00f1ez y la juventud en el conflicto armado.<\/p>\n\n\n\n<div class=\"wp-block-columns is-layout-flex wp-container-core-columns-is-layout-28f84493 wp-block-columns-is-layout-flex\">\n<div class=\"wp-block-column is-layout-flow wp-block-column-is-layout-flow\" style=\"flex-basis:50%\">\n<figure class=\"wp-block-image size-large\"><img loading=\"lazy\" decoding=\"async\" width=\"1024\" height=\"768\" src=\"https:\/\/academia.utp.edu.co\/catedra-de-paz\/files\/2024\/12\/IMG_4842-1024x768.jpg\" alt=\"\" class=\"wp-image-209\" srcset=\"https:\/\/academia.utp.edu.co\/catedra-de-paz\/files\/2024\/12\/IMG_4842-1024x768.jpg 1024w, https:\/\/academia.utp.edu.co\/catedra-de-paz\/files\/2024\/12\/IMG_4842-300x225.jpg 300w, https:\/\/academia.utp.edu.co\/catedra-de-paz\/files\/2024\/12\/IMG_4842-768x576.jpg 768w, https:\/\/academia.utp.edu.co\/catedra-de-paz\/files\/2024\/12\/IMG_4842-1536x1152.jpg 1536w, https:\/\/academia.utp.edu.co\/catedra-de-paz\/files\/2024\/12\/IMG_4842-2048x1536.jpg 2048w\" sizes=\"auto, (max-width: 1024px) 100vw, 1024px\" \/><\/figure>\n<\/div>\n\n\n\n<div class=\"wp-block-column is-layout-flow wp-block-column-is-layout-flow\" style=\"flex-basis:50%\">\n<p class=\"has-medium-font-size\">El prop\u00f3sito de este espacio ha sido, adem\u00e1s del disfrute de las pel\u00edculas como un fin en s\u00ed mismo, convertir el cine en una excusa para propiciar la reflexi\u00f3n sobre el conflicto, la violencia y la paz, as\u00ed como sobre la importancia de agenciar acciones individuales y colectivas para la construcci\u00f3n de las paces en nuestro pa\u00eds y en el mundo.<\/p>\n\n\n\n<figure class=\"wp-block-image size-full\"><img loading=\"lazy\" decoding=\"async\" width=\"2560\" height=\"1920\" src=\"https:\/\/academia.utp.edu.co\/catedra-de-paz\/files\/2024\/12\/IMG_2819-scaled.jpg\" alt=\"\" class=\"wp-image-214\" srcset=\"https:\/\/academia.utp.edu.co\/catedra-de-paz\/files\/2024\/12\/IMG_2819-scaled.jpg 2560w, https:\/\/academia.utp.edu.co\/catedra-de-paz\/files\/2024\/12\/IMG_2819-300x225.jpg 300w, https:\/\/academia.utp.edu.co\/catedra-de-paz\/files\/2024\/12\/IMG_2819-1024x768.jpg 1024w, https:\/\/academia.utp.edu.co\/catedra-de-paz\/files\/2024\/12\/IMG_2819-768x576.jpg 768w, https:\/\/academia.utp.edu.co\/catedra-de-paz\/files\/2024\/12\/IMG_2819-1536x1152.jpg 1536w, https:\/\/academia.utp.edu.co\/catedra-de-paz\/files\/2024\/12\/IMG_2819-2048x1536.jpg 2048w\" sizes=\"auto, (max-width: 2560px) 100vw, 2560px\" \/><\/figure>\n<\/div>\n<\/div>\n\n\n\n<div class=\"wp-block-columns is-layout-flex wp-container-core-columns-is-layout-28f84493 wp-block-columns-is-layout-flex\">\n<div class=\"wp-block-column is-layout-flow wp-block-column-is-layout-flow\" style=\"flex-basis:50%\">\n<figure class=\"wp-block-gallery has-nested-images columns-default is-cropped wp-block-gallery-1 is-layout-flex wp-block-gallery-is-layout-flex\">\n<figure class=\"wp-block-image size-large\"><img loading=\"lazy\" decoding=\"async\" width=\"768\" height=\"1024\" data-id=\"208\" src=\"https:\/\/academia.utp.edu.co\/catedra-de-paz\/files\/2024\/12\/IMG_4833-768x1024.jpg\" alt=\"\" class=\"wp-image-208\" srcset=\"https:\/\/academia.utp.edu.co\/catedra-de-paz\/files\/2024\/12\/IMG_4833-768x1024.jpg 768w, https:\/\/academia.utp.edu.co\/catedra-de-paz\/files\/2024\/12\/IMG_4833-225x300.jpg 225w, https:\/\/academia.utp.edu.co\/catedra-de-paz\/files\/2024\/12\/IMG_4833-1152x1536.jpg 1152w, https:\/\/academia.utp.edu.co\/catedra-de-paz\/files\/2024\/12\/IMG_4833-1536x2048.jpg 1536w, https:\/\/academia.utp.edu.co\/catedra-de-paz\/files\/2024\/12\/IMG_4833-scaled.jpg 1920w\" sizes=\"auto, (max-width: 768px) 100vw, 768px\" \/><\/figure>\n\n\n\n<figure class=\"wp-block-image size-full\"><img loading=\"lazy\" decoding=\"async\" width=\"900\" height=\"1600\" data-id=\"478\" src=\"https:\/\/academia.utp.edu.co\/catedra-de-paz\/files\/2025\/08\/Imagen-de-WhatsApp-2025-08-03-a-las-10.57.49_7918fd49.jpg\" alt=\"\" class=\"wp-image-478\" srcset=\"https:\/\/academia.utp.edu.co\/catedra-de-paz\/files\/2025\/08\/Imagen-de-WhatsApp-2025-08-03-a-las-10.57.49_7918fd49.jpg 900w, https:\/\/academia.utp.edu.co\/catedra-de-paz\/files\/2025\/08\/Imagen-de-WhatsApp-2025-08-03-a-las-10.57.49_7918fd49-169x300.jpg 169w, https:\/\/academia.utp.edu.co\/catedra-de-paz\/files\/2025\/08\/Imagen-de-WhatsApp-2025-08-03-a-las-10.57.49_7918fd49-576x1024.jpg 576w, https:\/\/academia.utp.edu.co\/catedra-de-paz\/files\/2025\/08\/Imagen-de-WhatsApp-2025-08-03-a-las-10.57.49_7918fd49-768x1365.jpg 768w, https:\/\/academia.utp.edu.co\/catedra-de-paz\/files\/2025\/08\/Imagen-de-WhatsApp-2025-08-03-a-las-10.57.49_7918fd49-864x1536.jpg 864w\" sizes=\"auto, (max-width: 900px) 100vw, 900px\" \/><\/figure>\n<\/figure>\n<\/div>\n\n\n\n<div class=\"wp-block-column is-layout-flow wp-block-column-is-layout-flow\" style=\"flex-basis:50%\">\n<p class=\"has-medium-font-size\">El cine foro se ha llevado a cabo en distintos escenarios de la ciudad, tales como universidades, colegios y dem\u00e1s instituciones que se vayan sumando a la iniciativa. En las funciones se ha contado con invitados especiales que hacen las veces de comentaristas de las funciones y que contribuyen a incentivar el di\u00e1logo y el intercambio de impresiones y sentires en torno a las proyecciones y los ciclos tem\u00e1ticos.<\/p>\n\n\n\n<p class=\"has-medium-font-size\">Es importante destacar que este evento al ser parte de una Catedra Itinerante, cuenta con otros actores involucrados, como los son: La Instituci\u00f3n Educativa La Salle, La Instituci\u00f3n Educativa Manuel Elkin Patarroyo, la Instituci\u00f3n Educativa Sagrada Familia de Ap\u00eda y la Universidad Libre. Todos han contribuido activamente en la promoci\u00f3n y organizaci\u00f3n del cine foro desde diversos espacios, lo que permite llegar a diferentes poblaciones para as\u00ed fortalecer y hacer m\u00e1s constructivo el dialogo.<\/p>\n<\/div>\n<\/div>\n\n\n\n<blockquote class=\"instagram-media\" data-instgrm-captioned data-instgrm-permalink=\"https:\/\/www.instagram.com\/reel\/DGwlvxtu9FT\/?utm_source=ig_embed&amp;utm_campaign=loading\" data-instgrm-version=\"14\" style=\"background:#FFF;border:0;border-radius:3px;margin: 1px;max-width:540px;min-width:326px;padding:0;width:99.375%;width:-webkit-calc(100% - 2px);width:calc(100% - 2px)\"><div style=\"padding:16px\"> <a href=\"https:\/\/www.instagram.com\/reel\/DGwlvxtu9FT\/?utm_source=ig_embed&amp;utm_campaign=loading\" style=\"background:#FFFFFF;line-height:0;padding:0 0;text-align:center;text-decoration:none;width:100%\" target=\"_blank\"> <div style=\"flex-direction: row;align-items: center\"> <div style=\"background-color: #F4F4F4;border-radius: 50%;flex-grow: 0;height: 40px;margin-right: 14px;width: 40px\"><\/div> <div style=\"flex-direction: column;flex-grow: 1;justify-content: center\"> <div style=\"background-color: #F4F4F4;border-radius: 4px;flex-grow: 0;height: 14px;margin-bottom: 6px;width: 100px\"><\/div> <div style=\"background-color: #F4F4F4;border-radius: 4px;flex-grow: 0;height: 14px;width: 60px\"><\/div><\/div><\/div><div style=\"padding: 19% 0\"><\/div> <div style=\"height:50px;margin:0 auto 12px;width:50px\"><\/div><div style=\"padding-top: 8px\"> <div style=\"color:#3897f0;font-family:Arial,sans-serif;font-size:14px;font-style:normal;font-weight:550;line-height:18px\">Ver esta publicaci\u00f3n en Instagram<\/div><\/div><div style=\"padding: 12.5% 0\"><\/div> <div style=\"flex-direction: row;margin-bottom: 14px;align-items: center\"><div> <div style=\"background-color: #F4F4F4;border-radius: 50%;height: 12.5px;width: 12.5px\"><\/div> <div style=\"background-color: #F4F4F4;height: 12.5px;width: 12.5px;flex-grow: 0;margin-right: 14px;margin-left: 2px\"><\/div> <div style=\"background-color: #F4F4F4;border-radius: 50%;height: 12.5px;width: 12.5px\"><\/div><\/div><div style=\"margin-left: 8px\"> <div style=\"background-color: #F4F4F4;border-radius: 50%;flex-grow: 0;height: 20px;width: 20px\"><\/div> <div style=\"width: 0;height: 0;border-top: 2px solid transparent;border-left: 6px solid #f4f4f4;border-bottom: 2px solid transparent\"><\/div><\/div><div style=\"margin-left: auto\"> <div style=\"width: 0px;border-top: 8px solid #F4F4F4;border-right: 8px solid transparent\"><\/div> <div style=\"background-color: #F4F4F4;flex-grow: 0;height: 12px;width: 16px\"><\/div> <div style=\"width: 0;height: 0;border-top: 8px solid #F4F4F4;border-left: 8px solid transparent\"><\/div><\/div><\/div> <div style=\"flex-direction: column;flex-grow: 1;justify-content: center;margin-bottom: 24px\"> <div style=\"background-color: #F4F4F4;border-radius: 4px;flex-grow: 0;height: 14px;margin-bottom: 6px;width: 224px\"><\/div> <div style=\"background-color: #F4F4F4;border-radius: 4px;flex-grow: 0;height: 14px;width: 144px\"><\/div><\/div><\/a><p style=\"color:#c9c8cd;font-family:Arial,sans-serif;font-size:14px;line-height:17px;margin-bottom:0;margin-top:8px;overflow:hidden;padding:8px 0 7px;text-align:center\"><a href=\"https:\/\/www.instagram.com\/reel\/DGwlvxtu9FT\/?utm_source=ig_embed&amp;utm_campaign=loading\" style=\"color:#c9c8cd;font-family:Arial,sans-serif;font-size:14px;font-style:normal;font-weight:normal;line-height:17px;text-decoration:none\" target=\"_blank\">Una publicaci\u00f3n compartida de Catedra de paz UTP (@utpcatedradepaz)<\/a><\/p><\/div><\/blockquote>\n\n\n\n\n<p><\/p>\n","protected":false},"excerpt":{"rendered":"<p>Cine foro Pazcine Este espacio del Cine Foro PaZine busca promover la reflexi\u00f3n y el debate sobre temas fundamentales para la construcci\u00f3n de una sociedad m\u00e1s justa y equitativa. El [&hellip;]<\/p>\n","protected":false},"author":1930,"featured_media":0,"parent":0,"menu_order":0,"comment_status":"closed","ping_status":"closed","template":"","meta":{"site-sidebar-layout":"default","site-content-layout":"","ast-site-content-layout":"default","site-content-style":"default","site-sidebar-style":"default","ast-global-header-display":"","ast-banner-title-visibility":"","ast-main-header-display":"","ast-hfb-above-header-display":"","ast-hfb-below-header-display":"","ast-hfb-mobile-header-display":"","site-post-title":"disabled","ast-breadcrumbs-content":"","ast-featured-img":"","footer-sml-layout":"","ast-disable-related-posts":"","theme-transparent-header-meta":"","adv-header-id-meta":"","stick-header-meta":"","header-above-stick-meta":"","header-main-stick-meta":"","header-below-stick-meta":"","astra-migrate-meta-layouts":"default","ast-page-background-enabled":"default","ast-page-background-meta":{"desktop":{"background-color":"var(--ast-global-color-5)","background-image":"","background-repeat":"repeat","background-position":"center center","background-size":"auto","background-attachment":"scroll","background-type":"","background-media":"","overlay-type":"","overlay-color":"","overlay-opacity":"","overlay-gradient":""},"tablet":{"background-color":"","background-image":"","background-repeat":"repeat","background-position":"center center","background-size":"auto","background-attachment":"scroll","background-type":"","background-media":"","overlay-type":"","overlay-color":"","overlay-opacity":"","overlay-gradient":""},"mobile":{"background-color":"","background-image":"","background-repeat":"repeat","background-position":"center center","background-size":"auto","background-attachment":"scroll","background-type":"","background-media":"","overlay-type":"","overlay-color":"","overlay-opacity":"","overlay-gradient":""}},"ast-content-background-meta":{"desktop":{"background-color":"var(--ast-global-color-4)","background-image":"","background-repeat":"repeat","background-position":"center center","background-size":"auto","background-attachment":"scroll","background-type":"","background-media":"","overlay-type":"","overlay-color":"","overlay-opacity":"","overlay-gradient":""},"tablet":{"background-color":"var(--ast-global-color-4)","background-image":"","background-repeat":"repeat","background-position":"center center","background-size":"auto","background-attachment":"scroll","background-type":"","background-media":"","overlay-type":"","overlay-color":"","overlay-opacity":"","overlay-gradient":""},"mobile":{"background-color":"var(--ast-global-color-4)","background-image":"","background-repeat":"repeat","background-position":"center center","background-size":"auto","background-attachment":"scroll","background-type":"","background-media":"","overlay-type":"","overlay-color":"","overlay-opacity":"","overlay-gradient":""}},"footnotes":""},"class_list":["post-26","page","type-page","status-publish","hentry"],"_links":{"self":[{"href":"https:\/\/academia.utp.edu.co\/catedra-de-paz\/wp-json\/wp\/v2\/pages\/26","targetHints":{"allow":["GET"]}}],"collection":[{"href":"https:\/\/academia.utp.edu.co\/catedra-de-paz\/wp-json\/wp\/v2\/pages"}],"about":[{"href":"https:\/\/academia.utp.edu.co\/catedra-de-paz\/wp-json\/wp\/v2\/types\/page"}],"author":[{"embeddable":true,"href":"https:\/\/academia.utp.edu.co\/catedra-de-paz\/wp-json\/wp\/v2\/users\/1930"}],"replies":[{"embeddable":true,"href":"https:\/\/academia.utp.edu.co\/catedra-de-paz\/wp-json\/wp\/v2\/comments?post=26"}],"version-history":[{"count":8,"href":"https:\/\/academia.utp.edu.co\/catedra-de-paz\/wp-json\/wp\/v2\/pages\/26\/revisions"}],"predecessor-version":[{"id":482,"href":"https:\/\/academia.utp.edu.co\/catedra-de-paz\/wp-json\/wp\/v2\/pages\/26\/revisions\/482"}],"wp:attachment":[{"href":"https:\/\/academia.utp.edu.co\/catedra-de-paz\/wp-json\/wp\/v2\/media?parent=26"}],"curies":[{"name":"wp","href":"https:\/\/api.w.org\/{rel}","templated":true}]}}