{"id":831,"date":"2025-12-09T10:46:02","date_gmt":"2025-12-09T15:46:02","guid":{"rendered":"https:\/\/academia.utp.edu.co\/catedra-de-paz\/?page_id=831"},"modified":"2025-12-10T12:03:26","modified_gmt":"2025-12-10T17:03:26","slug":"video-memorias","status":"publish","type":"page","link":"https:\/\/academia.utp.edu.co\/catedra-de-paz\/video-memorias\/","title":{"rendered":"Video-Memorias C\u00e1tedra de Paz"},"content":{"rendered":"\n<h2 class=\"wp-block-heading has-text-align-center has-electric-grass-gradient-background has-background\">Video-Memorias C\u00e1tedra De Paz<\/h2>\n\n\n\n<p class=\"has-text-align-left\" style=\"border-style:none;border-width:0px;border-radius:23px\">Los video-memorias que compartimos aqu\u00ed son el resultado de un proceso de co-aprendizaje que invit\u00f3 a lxs estudiantes a pensar y sentir la paz desde m\u00faltiples dimensiones: la conceptual, la contextual y la experiencial. Cada grupo realiz\u00f3, a su manera, un recorrido por las nociones de conflicto, violencia, paz, memoria y verdad abordadas durante la clase; esto, buscando no solo comprenderlas desde las lecturas y las discusiones de clase, sino tambi\u00e9n desde las formas particulares en que estas nociones han atravesado la historia del conflicto armado colombiano y las b\u00fasquedas permanentes por la construcci\u00f3n de la paz y las paces.<\/p>\n\n\n\n<p class=\"has-text-align-left\" style=\"border-style:none;border-width:0px;border-radius:23px\">Estos trabajos audiovisuales recogen las reflexiones y sentires derivados de los encuentros con diversos actores y de la participaci\u00f3n activa en diferentes espacios significativos: talleres de corpograf\u00edas, encuentros con personas que en otros momentos pertenecieron a grupos al margen de la ley y hoy se encuentran en proceso de reincorporaci\u00f3n a la vida civil, actividades conmemorativas y salidas acad\u00e9micas a lugares de memoria y resistencia que han emergido y se han consolidado en los territorios. En estos registros se entrelazan voces, im\u00e1genes, sonidos y gestos que, a trav\u00e9s de la creatividad y la potencia expresiva de lxs estudiantes, dan cuenta de las preguntas que lxs acompa\u00f1aron, as\u00ed como de las posibles transformaciones en sus modos de pensar-sentir y hacer derivadas de la experiencia de cursar la electiva C\u00e1tedra de Paz.<\/p>\n\n\n\n<p><strong>Experiencias C\u00e1tedra de Paz. Autoras y autores: Sebasti\u00e1n Contreras Montoya, Luisa Mar\u00eda Cardona; Sim\u00f3n Rodr\u00edguez Tabares; Leidy Fernanda Tapasco Tapasco; Diego Fernando Obando). Grupos 1&nbsp; y 4. C\u00e1tedra de Paz. Docente: Luisa Marulanda.<\/strong><\/p>\n\n\n\n<figure class=\"wp-block-embed is-type-video is-provider-youtube wp-block-embed-youtube wp-embed-aspect-16-9 wp-has-aspect-ratio\"><div class=\"wp-block-embed__wrapper\">\n<iframe loading=\"lazy\" title=\"Experiencias C\u00e1tedra de la Paz UTP\" width=\"500\" height=\"281\" src=\"https:\/\/www.youtube.com\/embed\/bOjAkQxfzjY?feature=oembed\" frameborder=\"0\" allow=\"accelerometer; autoplay; clipboard-write; encrypted-media; gyroscope; picture-in-picture; web-share\" referrerpolicy=\"strict-origin-when-cross-origin\" allowfullscreen><\/iframe>\n<\/div><\/figure>\n\n\n\n<p><em>\u201cLa tierra tiene due\u00f1os contados, adem\u00e1s su distribuci\u00f3n es desigual lo que enciende el conflicto.La tierra repartida en manos de pocos, mientras muchos otros la miran con hambre y con rencor por lo que alg\u00fan d\u00eda les perteneci\u00f3.&nbsp; Ah\u00ed empez\u00f3 la guerra: en el surco desigual, en el mapa Colombiano escrito a sangre.<\/em><\/p>\n\n\n\n<p><em>La violencia no es s\u00f3lo la directa, sino que es la estructura que oprime, la cultura que justifica, el suelo envenenado, el animal que huye despavorido del bosque arrasado. Es toda una red que atrapa a todo lo vivo y lo no vivo.&nbsp;<\/em><\/p>\n\n\n\n<p><em>La paz se teje con hilos de escucha. Que el di\u00e1logo es un puente sobre el abismo del miedo. Hablar con la verdad, aunque duela, es sembrar en terreno bald\u00edo. Abrazar las sombras del otro, y las propias,<\/em><\/p>\n\n\n\n<p><em>es el primer paso para que amanezca sin el peso de la culpa.<\/em><\/p>\n\n\n\n<p><em>Saber en qu\u00e9 lugar poner la flor. Porque la paz no es olvido.<\/em><\/p>\n\n\n\n<p><em>Es memoria viva. Es honrar el sitio exacto donde alguien qued\u00f3 suspendido, donde un nombre se volvi\u00f3 ausencia.<\/em><\/p>\n\n\n\n<p><em>Poner la flor all\u00ed, es decir:<\/em><\/p>\n\n\n\n<p><em>Aqu\u00ed estuviste. Aqu\u00ed sigues.<\/em><\/p>\n\n\n\n<p><em>Tu vida no es un n\u00famero.<\/em><\/p>\n\n\n\n<p><em>Tu memoria es parte de esta tierra que ahora, con cuidado,<\/em><\/p>\n\n\n\n<p><em>intentamos sanar.<\/em><\/p>\n\n\n\n<p><em>La paz, al final, es eso:<\/em><\/p>\n\n\n\n<p><em>saber d\u00f3nde poner la flor y tener las manos listas para ayudar a plantarla\u201d.<\/em><\/p>\n\n\n\n<p><\/p>\n\n\n\n<p><strong>Experiencias C\u00e1tedra de Paz. Autoras: Maria Jos\u00e9 P\u00e9rez y Valery Hart. Grupo 1. 2025-2. C\u00e1tedra de Paz. Docente: Luisa Marulanda.<\/strong><\/p>\n\n\n\n<figure class=\"wp-block-embed is-type-video is-provider-youtube wp-block-embed-youtube wp-embed-aspect-16-9 wp-has-aspect-ratio\"><div class=\"wp-block-embed__wrapper\">\n<iframe loading=\"lazy\" title=\"Nuestra experiencia en c\u00e1tedra de la paz\" width=\"500\" height=\"281\" src=\"https:\/\/www.youtube.com\/embed\/nbeZbPeci0s?feature=oembed\" frameborder=\"0\" allow=\"accelerometer; autoplay; clipboard-write; encrypted-media; gyroscope; picture-in-picture; web-share\" referrerpolicy=\"strict-origin-when-cross-origin\" allowfullscreen><\/iframe>\n<\/div><\/figure>\n\n\n\n<p class=\"has-text-align-left\" style=\"border-style:none;border-width:0px;border-radius:23px\"><\/p>\n\n\n\n<p><\/p>\n\n\n\n<p><\/p>\n\n\n\n<p class=\"has-text-align-left\" style=\"border-style:none;border-width:0px;border-radius:23px\"><strong>Experiencias C\u00e1tedra de Paz. Autoras: Yuliana Bedoya, Luisa Fernanda Soto, Sara Zapata y Gabriela Ascantur. Grupo 5. 2025-1. C\u00e1tedra de Paz. Docente: Luisa Marulanda.<\/strong><\/p>\n\n\n\n<figure class=\"wp-block-embed is-type-video is-provider-youtube wp-block-embed-youtube wp-embed-aspect-16-9 wp-has-aspect-ratio\"><div class=\"wp-block-embed__wrapper\">\n<iframe loading=\"lazy\" title=\"C\u00e1tedra de Paz UTP\" width=\"500\" height=\"281\" src=\"https:\/\/www.youtube.com\/embed\/1920dpUSnfs?feature=oembed\" frameborder=\"0\" allow=\"accelerometer; autoplay; clipboard-write; encrypted-media; gyroscope; picture-in-picture; web-share\" referrerpolicy=\"strict-origin-when-cross-origin\" allowfullscreen><\/iframe>\n<\/div><\/figure>\n\n\n\n<p><\/p>\n\n\n\n<p><strong>Grupo 2. C\u00e1tedra de Paz. Docente Juan Manuel Mart\u00ednez Herrera.<\/strong><\/p>\n\n\n\n<p><a href=\"https:\/\/drive.google.com\/file\/d\/1Ey4h3itVrkaMYMXiwdSlCCZ3Tgjdt1EY\/view?usp=drive_link\">https:\/\/drive.google.com\/file\/d\/1Ey4h3itVrkaMYMXiwdSlCCZ3Tgjdt1EY\/view?usp=drive_link<\/a><\/p>\n\n\n\n<div class=\"wp-block-buttons is-content-justification-center is-layout-flex wp-container-core-buttons-is-layout-a89b3969 wp-block-buttons-is-layout-flex\">\n<div class=\"wp-block-button\"><a class=\"wp-block-button__link wp-element-button\" href=\"https:\/\/academia.utp.edu.co\/catedra-de-paz\/fotoperformances\/\">Fotoperformances<\/a><\/div>\n\n\n\n<div class=\"wp-block-button\"><a class=\"wp-block-button__link wp-element-button\" href=\"https:\/\/academia.utp.edu.co\/catedra-de-paz\/video-memorias\/\">Video-Memorias<\/a><\/div>\n\n\n\n<div class=\"wp-block-button\"><a class=\"wp-block-button__link wp-element-button\" href=\"https:\/\/academia.utp.edu.co\/catedra-de-paz\/podcasts\/\">Podcasts<\/a><\/div>\n\n\n\n<div class=\"wp-block-button\"><a class=\"wp-block-button__link wp-element-button\" href=\"https:\/\/academia.utp.edu.co\/catedra-de-paz\/reels\/\">Reels<\/a><\/div>\n\n\n\n<div class=\"wp-block-button\"><a class=\"wp-block-button__link wp-element-button\" href=\"https:\/\/academia.utp.edu.co\/catedra-de-paz\/posters\/\">P\u00f3sters<\/a><\/div>\n<\/div>\n","protected":false},"excerpt":{"rendered":"<p>Video-Memorias C\u00e1tedra De Paz Los video-memorias que compartimos aqu\u00ed son el resultado de un proceso de co-aprendizaje que invit\u00f3 a lxs estudiantes a pensar y sentir la paz desde m\u00faltiples [&hellip;]<\/p>\n","protected":false},"author":1930,"featured_media":0,"parent":0,"menu_order":0,"comment_status":"closed","ping_status":"closed","template":"","meta":{"site-sidebar-layout":"default","site-content-layout":"","ast-site-content-layout":"default","site-content-style":"default","site-sidebar-style":"default","ast-global-header-display":"","ast-banner-title-visibility":"disabled","ast-main-header-display":"","ast-hfb-above-header-display":"","ast-hfb-below-header-display":"","ast-hfb-mobile-header-display":"","site-post-title":"","ast-breadcrumbs-content":"","ast-featured-img":"","footer-sml-layout":"","ast-disable-related-posts":"","theme-transparent-header-meta":"","adv-header-id-meta":"","stick-header-meta":"","header-above-stick-meta":"","header-main-stick-meta":"","header-below-stick-meta":"","astra-migrate-meta-layouts":"default","ast-page-background-enabled":"default","ast-page-background-meta":{"desktop":{"background-color":"var(--ast-global-color-5)","background-image":"","background-repeat":"repeat","background-position":"center center","background-size":"auto","background-attachment":"scroll","background-type":"","background-media":"","overlay-type":"","overlay-color":"","overlay-opacity":"","overlay-gradient":""},"tablet":{"background-color":"","background-image":"","background-repeat":"repeat","background-position":"center center","background-size":"auto","background-attachment":"scroll","background-type":"","background-media":"","overlay-type":"","overlay-color":"","overlay-opacity":"","overlay-gradient":""},"mobile":{"background-color":"","background-image":"","background-repeat":"repeat","background-position":"center center","background-size":"auto","background-attachment":"scroll","background-type":"","background-media":"","overlay-type":"","overlay-color":"","overlay-opacity":"","overlay-gradient":""}},"ast-content-background-meta":{"desktop":{"background-color":"var(--ast-global-color-4)","background-image":"","background-repeat":"repeat","background-position":"center center","background-size":"auto","background-attachment":"scroll","background-type":"","background-media":"","overlay-type":"","overlay-color":"","overlay-opacity":"","overlay-gradient":""},"tablet":{"background-color":"var(--ast-global-color-4)","background-image":"","background-repeat":"repeat","background-position":"center center","background-size":"auto","background-attachment":"scroll","background-type":"","background-media":"","overlay-type":"","overlay-color":"","overlay-opacity":"","overlay-gradient":""},"mobile":{"background-color":"var(--ast-global-color-4)","background-image":"","background-repeat":"repeat","background-position":"center center","background-size":"auto","background-attachment":"scroll","background-type":"","background-media":"","overlay-type":"","overlay-color":"","overlay-opacity":"","overlay-gradient":""}},"footnotes":""},"class_list":["post-831","page","type-page","status-publish","hentry"],"_links":{"self":[{"href":"https:\/\/academia.utp.edu.co\/catedra-de-paz\/wp-json\/wp\/v2\/pages\/831","targetHints":{"allow":["GET"]}}],"collection":[{"href":"https:\/\/academia.utp.edu.co\/catedra-de-paz\/wp-json\/wp\/v2\/pages"}],"about":[{"href":"https:\/\/academia.utp.edu.co\/catedra-de-paz\/wp-json\/wp\/v2\/types\/page"}],"author":[{"embeddable":true,"href":"https:\/\/academia.utp.edu.co\/catedra-de-paz\/wp-json\/wp\/v2\/users\/1930"}],"replies":[{"embeddable":true,"href":"https:\/\/academia.utp.edu.co\/catedra-de-paz\/wp-json\/wp\/v2\/comments?post=831"}],"version-history":[{"count":14,"href":"https:\/\/academia.utp.edu.co\/catedra-de-paz\/wp-json\/wp\/v2\/pages\/831\/revisions"}],"predecessor-version":[{"id":948,"href":"https:\/\/academia.utp.edu.co\/catedra-de-paz\/wp-json\/wp\/v2\/pages\/831\/revisions\/948"}],"wp:attachment":[{"href":"https:\/\/academia.utp.edu.co\/catedra-de-paz\/wp-json\/wp\/v2\/media?parent=831"}],"curies":[{"name":"wp","href":"https:\/\/api.w.org\/{rel}","templated":true}]}}