

{"id":721,"date":"2021-06-09T23:18:01","date_gmt":"2021-06-09T23:18:01","guid":{"rendered":"https:\/\/academia.utp.edu.co\/concurso-docente\/?page_id=721"},"modified":"2022-06-02T21:12:55","modified_gmt":"2022-06-02T21:12:55","slug":"inicio","status":"publish","type":"page","link":"https:\/\/academia.utp.edu.co\/concurso-docente\/","title":{"rendered":"Inicio"},"content":{"rendered":"\n<div class=\"wp-block-columns is-layout-flex wp-container-core-columns-is-layout-9d6595d7 wp-block-columns-is-layout-flex\">\n<div class=\"wp-block-column is-layout-flow wp-block-column-is-layout-flow\" style=\"flex-basis:20%\"><\/div>\n\n\n\n<div class=\"wp-block-column is-layout-flow wp-block-column-is-layout-flow\" style=\"flex-basis:60%\">\n<p class=\"has-medium-font-size\"><em>Recursos Inform\u00e1ticos y Educativos de la Universidad Tecnol\u00f3gica de Pereira, en adelante la UTP, informa que este mensaje es confidencial y contiene informaci\u00f3n privilegiada y no debe ser usada ni divulgada por personas distintas de su destinatario. Si obtiene esta transmisi\u00f3n por error, por favor destruya su contenido y avise a su remitente. Est\u00e1 prohibida su retenci\u00f3n, grabaci\u00f3n, utilizaci\u00f3n, aprovechamiento o divulgaci\u00f3n con cualquier prop\u00f3sito. No obstante, la UTP no asume&nbsp;ninguna responsabilidad por eventuales da\u00f1os generados por el recibo y el uso de este material, siendo responsabilidad del destinatario verificar con sus propios medios la existencia de virus u otros defectos sobre&nbsp;la naturaleza del mensaje.<\/em><\/p>\n<\/div>\n\n\n\n<div class=\"wp-block-column is-layout-flow wp-block-column-is-layout-flow\" style=\"flex-basis:20%\"><\/div>\n<\/div>\n\n\n\n<div class=\"wp-block-buttons is-horizontal is-content-justification-center is-layout-flex wp-container-core-buttons-is-layout-499968f5 wp-block-buttons-is-layout-flex\">\n<div class=\"wp-block-button is-style-outline is-style-outline--1\"><a class=\"wp-block-button__link\" href=\"https:\/\/academia.utp.edu.co\/concurso-docente\/concursos-docentes\/\">Aceptar<\/a><\/div>\n<\/div>\n","protected":false},"excerpt":{"rendered":"<p>Recursos Inform\u00e1ticos y Educativos de la Universidad Tecnol\u00f3gica de Pereira, en adelante la UTP, informa que este mensaje es confidencial y contiene informaci\u00f3n privilegiada y no debe ser usada ni divulgada por personas distintas de su destinatario. Si obtiene esta [&hellip;]<\/p>\n","protected":false},"author":531,"featured_media":0,"parent":0,"menu_order":0,"comment_status":"closed","ping_status":"closed","template":"","meta":{"footnotes":""},"class_list":["post-721","page","type-page","status-publish","hentry"],"_links":{"self":[{"href":"https:\/\/academia.utp.edu.co\/concurso-docente\/wp-json\/wp\/v2\/pages\/721","targetHints":{"allow":["GET"]}}],"collection":[{"href":"https:\/\/academia.utp.edu.co\/concurso-docente\/wp-json\/wp\/v2\/pages"}],"about":[{"href":"https:\/\/academia.utp.edu.co\/concurso-docente\/wp-json\/wp\/v2\/types\/page"}],"author":[{"embeddable":true,"href":"https:\/\/academia.utp.edu.co\/concurso-docente\/wp-json\/wp\/v2\/users\/531"}],"replies":[{"embeddable":true,"href":"https:\/\/academia.utp.edu.co\/concurso-docente\/wp-json\/wp\/v2\/comments?post=721"}],"version-history":[{"count":7,"href":"https:\/\/academia.utp.edu.co\/concurso-docente\/wp-json\/wp\/v2\/pages\/721\/revisions"}],"predecessor-version":[{"id":1651,"href":"https:\/\/academia.utp.edu.co\/concurso-docente\/wp-json\/wp\/v2\/pages\/721\/revisions\/1651"}],"wp:attachment":[{"href":"https:\/\/academia.utp.edu.co\/concurso-docente\/wp-json\/wp\/v2\/media?parent=721"}],"curies":[{"name":"wp","href":"https:\/\/api.w.org\/{rel}","templated":true}]}}