{"id":19321,"date":"2021-02-11T07:54:59","date_gmt":"2021-02-11T12:54:59","guid":{"rendered":"http:\/\/academia.utp.edu.co\/departamentocienciasbasicas\/?page_id=19321"},"modified":"2021-08-26T11:03:45","modified_gmt":"2021-08-26T16:03:45","slug":"presentacion-del-departamento","status":"publish","type":"page","link":"https:\/\/academia.utp.edu.co\/departamentocienciasbasicas\/presentacion-del-departamento\/","title":{"rendered":"Presentaci\u00f3n del Departamento"},"content":{"rendered":"<p><span style=\"color: #000080\">En esta presentaci\u00f3n encuentra todo lo relacionado con el Departamento de Ciencias B\u00e1sicas Medicina, sus administrativos, sus docentes, los microcurr\u00edculos de cada una de las asignaturas, los proyectos de investigaci\u00f3n, los semilleros, los laboratorios con sus administrativas y sus funciones y los monitores que les ayudar\u00e1n con las dudas en las asignaturas<\/span><\/p>\n<p><iframe class=\"wp-embedded-content\" sandbox=\"allow-scripts\" security=\"restricted\" title=\"DEPARTAMENTO CIENCIAS B\u00c1SICAS MEDICINA\" frameborder='0' width='1200' height='675' src='https:\/\/view.genially.com\/612650941279460de92015e0#?secret=DCf1MJb809' data-secret='DCf1MJb809' scrolling='yes'><\/iframe><\/p>\n","protected":false},"excerpt":{"rendered":"<p>En esta presentaci\u00f3n encuentra todo lo relacionado con el Departamento de Ciencias B\u00e1sicas Medicina, sus&#8230;<\/p>\n","protected":false},"author":1281,"featured_media":0,"parent":0,"menu_order":0,"comment_status":"closed","ping_status":"closed","template":"","meta":{"footnotes":""},"class_list":["post-19321","page","type-page","status-publish","hentry"],"_links":{"self":[{"href":"https:\/\/academia.utp.edu.co\/departamentocienciasbasicas\/wp-json\/wp\/v2\/pages\/19321","targetHints":{"allow":["GET"]}}],"collection":[{"href":"https:\/\/academia.utp.edu.co\/departamentocienciasbasicas\/wp-json\/wp\/v2\/pages"}],"about":[{"href":"https:\/\/academia.utp.edu.co\/departamentocienciasbasicas\/wp-json\/wp\/v2\/types\/page"}],"author":[{"embeddable":true,"href":"https:\/\/academia.utp.edu.co\/departamentocienciasbasicas\/wp-json\/wp\/v2\/users\/1281"}],"replies":[{"embeddable":true,"href":"https:\/\/academia.utp.edu.co\/departamentocienciasbasicas\/wp-json\/wp\/v2\/comments?post=19321"}],"version-history":[{"count":8,"href":"https:\/\/academia.utp.edu.co\/departamentocienciasbasicas\/wp-json\/wp\/v2\/pages\/19321\/revisions"}],"predecessor-version":[{"id":21441,"href":"https:\/\/academia.utp.edu.co\/departamentocienciasbasicas\/wp-json\/wp\/v2\/pages\/19321\/revisions\/21441"}],"wp:attachment":[{"href":"https:\/\/academia.utp.edu.co\/departamentocienciasbasicas\/wp-json\/wp\/v2\/media?parent=19321"}],"curies":[{"name":"wp","href":"https:\/\/api.w.org\/{rel}","templated":true}]}}