{"id":19421,"date":"2021-02-11T10:26:40","date_gmt":"2021-02-11T15:26:40","guid":{"rendered":"http:\/\/academia.utp.edu.co\/departamentocienciasbasicas\/?page_id=19421"},"modified":"2022-02-10T08:28:29","modified_gmt":"2022-02-10T13:28:29","slug":"pasos-para-crear-su-correo-institucional","status":"publish","type":"page","link":"https:\/\/academia.utp.edu.co\/departamentocienciasbasicas\/pasos-para-crear-su-correo-institucional\/","title":{"rendered":"Pasos para crear su correo Institucional"},"content":{"rendered":"\n<p><\/p>\n\n\n<p dir=\"ltr\"><span style=\"color: #000080\">Independientemente del programa acad\u00e9mico al que un estudiante se matricule en la Universidad Tecnol\u00f3gica de Pereira, debe crear la cuenta de correo institucional, por medio del<a style=\"color: #000080\" href=\"https:\/\/app4.utp.edu.co\/pe\/\" target=\"_blank\" rel=\"noopener noreferrer\" data-saferedirecturl=\"https:\/\/www.google.com\/url?q=https:\/\/app4.utp.edu.co\/pe\/&amp;source=gmail&amp;ust=1613139544097000&amp;usg=AFQjCNEjmIl5w0TT5Vgq5Jx5HPDw5B33zg\"> Portal Estudiantil<\/a>, siguiendo al pie de la letra, los pasos descritos en el siguiente enlace <a style=\"color: #000080\" href=\"https:\/\/media.utp.edu.co\/atencionalciudadano\/archivos\/Procedimiento%20Creacion%20de%20Correo.pdf\" target=\"_blank\" rel=\"noopener noreferrer\" data-saferedirecturl=\"https:\/\/www.google.com\/url?q=https:\/\/media.utp.edu.co\/atencionalciudadano\/archivos\/Procedimiento%2520Creacion%2520de%2520Correo.pdf&amp;source=gmail&amp;ust=1613139544097000&amp;usg=AFQjCNFgIcQFGx56nTjALsrUZ_22YwO6vA\">Procedimiento creaci\u00f3n de Correo electr\u00f3nico institucional.<\/a><\/span><\/p>\n<p dir=\"ltr\"><span style=\"color: #000080\"><br \/><strong>Una vez<\/strong> tenga su correo institucional creado, el sistema lo guardar\u00e1 en su hoja de vida <\/span><\/p>\n<div>\u00a0<\/div>\n<div class=\"gmail_default\"><strong><span style=\"color: #000080\">Con relaci\u00f3n al portal estudiantil:<\/span><\/strong><\/div>\n<div class=\"gmail_default\">\u00a0<\/div>\n<div class=\"gmail_default\"><span style=\"color: #000080\">Es importante aclarar, que el usuario del Portal Estudiantil corresponde al n\u00famero\u00a0de\u00a0documento\u00a0de\u00a0identidad\u00a0con el que el estudiante se matricul\u00f3 al programa acad\u00e9mico, si es la primera vez que ingresa o si hace mucho tiempo no ingresa, la contrase\u00f1a corresponde a la fecha de nacimiento del estudiante, siguiendo el formato DD\/MM\/AAAA, ejemplo: para una persona nacida el 5 de enero de 1990, la contrase\u00f1a ser\u00eda 05\/01\/1990. Si no es posible ingresar al Portal\u00a0Estudiantil\u00a0o tiene alg\u00fan inconveniente\u00a0con\u00a0el Portal Estudiantil, debe\u00a0dirigir\u00a0su\u00a0solicitud\u00a0por\u00a0medio\u00a0de\u00a0correo\u00a0electr\u00f3nico\u00a0a Gesti\u00f3n\u00a0de\u00a0Tecnolog\u00edas Inform\u00e1ticas\u00a0y\u00a0Sistemas\u00a0de\u00a0Informaci\u00f3n, ya que\u00a0es\u00a0la dependencia encargada\u00a0de\u00a0administrar\u00a0el\u00a0Portal\u00a0Estudiantil. El funcionario encargado\u00a0es\u00a0Alvaro\u00a0Linares\u00a0Real\u00a0<a style=\"color: #000080\" href=\"mailto:alvarolin@utp.edu.co\" target=\"_blank\" rel=\"noopener noreferrer\">alvarolin@utp.edu.co<\/a>,\u00a0favor\u00a0relacionar, n\u00famero\u00a0de\u00a0documento\u00a0de\u00a0identidad, nombre completo, fecha de nacimiento y programa\u00a0acad\u00e9mico.\u00a0<\/span><\/div>\n\n\n<p><\/p>\n","protected":false},"excerpt":{"rendered":"<p>Independientemente del programa acad\u00e9mico al que un estudiante se matricule en la Universidad Tecnol\u00f3gica de&#8230;<\/p>\n","protected":false},"author":1281,"featured_media":0,"parent":0,"menu_order":0,"comment_status":"closed","ping_status":"closed","template":"","meta":{"footnotes":""},"class_list":["post-19421","page","type-page","status-publish","hentry"],"_links":{"self":[{"href":"https:\/\/academia.utp.edu.co\/departamentocienciasbasicas\/wp-json\/wp\/v2\/pages\/19421","targetHints":{"allow":["GET"]}}],"collection":[{"href":"https:\/\/academia.utp.edu.co\/departamentocienciasbasicas\/wp-json\/wp\/v2\/pages"}],"about":[{"href":"https:\/\/academia.utp.edu.co\/departamentocienciasbasicas\/wp-json\/wp\/v2\/types\/page"}],"author":[{"embeddable":true,"href":"https:\/\/academia.utp.edu.co\/departamentocienciasbasicas\/wp-json\/wp\/v2\/users\/1281"}],"replies":[{"embeddable":true,"href":"https:\/\/academia.utp.edu.co\/departamentocienciasbasicas\/wp-json\/wp\/v2\/comments?post=19421"}],"version-history":[{"count":5,"href":"https:\/\/academia.utp.edu.co\/departamentocienciasbasicas\/wp-json\/wp\/v2\/pages\/19421\/revisions"}],"predecessor-version":[{"id":21951,"href":"https:\/\/academia.utp.edu.co\/departamentocienciasbasicas\/wp-json\/wp\/v2\/pages\/19421\/revisions\/21951"}],"wp:attachment":[{"href":"https:\/\/academia.utp.edu.co\/departamentocienciasbasicas\/wp-json\/wp\/v2\/media?parent=19421"}],"curies":[{"name":"wp","href":"https:\/\/api.w.org\/{rel}","templated":true}]}}