{"id":22561,"date":"2022-10-26T15:14:24","date_gmt":"2022-10-26T20:14:24","guid":{"rendered":"https:\/\/academia.utp.edu.co\/departamentocienciasbasicas\/?page_id=22561"},"modified":"2024-08-14T10:32:54","modified_gmt":"2024-08-14T15:32:54","slug":"profesores","status":"publish","type":"page","link":"https:\/\/academia.utp.edu.co\/departamentocienciasbasicas\/semestre-iv\/patologia\/profesores\/","title":{"rendered":"Profesores"},"content":{"rendered":"<p><span style=\"color: #000080\">La asignatura Patolog\u00eda est\u00e1 a cargo de los siguientes docentes:<\/span><\/p>\n<p><span style=\"color: #000080\"><br \/>\n<strong>Dr. Socorro Hincapi\u00e9 Rinc\u00f3n<\/strong><\/span><br \/>\n<span style=\"color: #000080\">ofelia.hincapie@utp.edu.co<\/span><\/p>\n","protected":false},"excerpt":{"rendered":"<p>La asignatura Patolog\u00eda est\u00e1 a cargo de los siguientes docentes: Dr. Socorro Hincapi\u00e9 Rinc\u00f3n ofelia.hincapie@utp.edu.co<\/p>\n","protected":false},"author":1281,"featured_media":0,"parent":22521,"menu_order":0,"comment_status":"closed","ping_status":"closed","template":"","meta":{"footnotes":""},"class_list":["post-22561","page","type-page","status-publish","hentry"],"_links":{"self":[{"href":"https:\/\/academia.utp.edu.co\/departamentocienciasbasicas\/wp-json\/wp\/v2\/pages\/22561","targetHints":{"allow":["GET"]}}],"collection":[{"href":"https:\/\/academia.utp.edu.co\/departamentocienciasbasicas\/wp-json\/wp\/v2\/pages"}],"about":[{"href":"https:\/\/academia.utp.edu.co\/departamentocienciasbasicas\/wp-json\/wp\/v2\/types\/page"}],"author":[{"embeddable":true,"href":"https:\/\/academia.utp.edu.co\/departamentocienciasbasicas\/wp-json\/wp\/v2\/users\/1281"}],"replies":[{"embeddable":true,"href":"https:\/\/academia.utp.edu.co\/departamentocienciasbasicas\/wp-json\/wp\/v2\/comments?post=22561"}],"version-history":[{"count":3,"href":"https:\/\/academia.utp.edu.co\/departamentocienciasbasicas\/wp-json\/wp\/v2\/pages\/22561\/revisions"}],"predecessor-version":[{"id":23316,"href":"https:\/\/academia.utp.edu.co\/departamentocienciasbasicas\/wp-json\/wp\/v2\/pages\/22561\/revisions\/23316"}],"up":[{"embeddable":true,"href":"https:\/\/academia.utp.edu.co\/departamentocienciasbasicas\/wp-json\/wp\/v2\/pages\/22521"}],"wp:attachment":[{"href":"https:\/\/academia.utp.edu.co\/departamentocienciasbasicas\/wp-json\/wp\/v2\/media?parent=22561"}],"curies":[{"name":"wp","href":"https:\/\/api.w.org\/{rel}","templated":true}]}}