{"id":22651,"date":"2022-10-26T15:29:48","date_gmt":"2022-10-26T20:29:48","guid":{"rendered":"https:\/\/academia.utp.edu.co\/departamentocienciasbasicas\/?page_id=22651"},"modified":"2024-08-14T15:05:44","modified_gmt":"2024-08-14T20:05:44","slug":"microcurriculo","status":"publish","type":"page","link":"https:\/\/academia.utp.edu.co\/departamentocienciasbasicas\/quinto-semestre\/fisiopatologia\/microcurriculo\/","title":{"rendered":"Microcurr\u00edculo"},"content":{"rendered":"<h2>\u00a0<\/h2>\n<p><span style=\"color: #000080\">En el siguiente link encontrar\u00e1 el microcurr\u00edculo de la asignatura Fisiopatolog\u00eda<\/span><\/p>\n\n<h2>\u00a0<\/h2>\n\n\n<div data-wp-interactive=\"core\/file\" class=\"wp-block-file\"><object data-wp-bind--hidden=\"!state.hasPdfPreview\" hidden class=\"wp-block-file__embed\" data=\"https:\/\/academia.utp.edu.co\/departamentocienciasbasicas\/files\/2024\/08\/Fisiopatologia-2024-2.pdf\" type=\"application\/pdf\" style=\"width:100%;height:600px\" aria-label=\"Incrustado de Fisiopatolog\u00eda 2024-2.\"><\/object><a id=\"wp-block-file--media-1d88be95-8186-450c-a240-6466cd69e0cf\" href=\"https:\/\/academia.utp.edu.co\/departamentocienciasbasicas\/files\/2024\/08\/Fisiopatologia-2024-2.pdf\">Fisiopatolog\u00eda 2024-2<\/a><\/div>\n","protected":false},"excerpt":{"rendered":"<p>\u00a0 En el siguiente link encontrar\u00e1 el microcurr\u00edculo de la asignatura Fisiopatolog\u00eda \u00a0<\/p>\n","protected":false},"author":1281,"featured_media":0,"parent":22631,"menu_order":0,"comment_status":"closed","ping_status":"closed","template":"","meta":{"footnotes":""},"class_list":["post-22651","page","type-page","status-publish","hentry"],"_links":{"self":[{"href":"https:\/\/academia.utp.edu.co\/departamentocienciasbasicas\/wp-json\/wp\/v2\/pages\/22651","targetHints":{"allow":["GET"]}}],"collection":[{"href":"https:\/\/academia.utp.edu.co\/departamentocienciasbasicas\/wp-json\/wp\/v2\/pages"}],"about":[{"href":"https:\/\/academia.utp.edu.co\/departamentocienciasbasicas\/wp-json\/wp\/v2\/types\/page"}],"author":[{"embeddable":true,"href":"https:\/\/academia.utp.edu.co\/departamentocienciasbasicas\/wp-json\/wp\/v2\/users\/1281"}],"replies":[{"embeddable":true,"href":"https:\/\/academia.utp.edu.co\/departamentocienciasbasicas\/wp-json\/wp\/v2\/comments?post=22651"}],"version-history":[{"count":5,"href":"https:\/\/academia.utp.edu.co\/departamentocienciasbasicas\/wp-json\/wp\/v2\/pages\/22651\/revisions"}],"predecessor-version":[{"id":23365,"href":"https:\/\/academia.utp.edu.co\/departamentocienciasbasicas\/wp-json\/wp\/v2\/pages\/22651\/revisions\/23365"}],"up":[{"embeddable":true,"href":"https:\/\/academia.utp.edu.co\/departamentocienciasbasicas\/wp-json\/wp\/v2\/pages\/22631"}],"wp:attachment":[{"href":"https:\/\/academia.utp.edu.co\/departamentocienciasbasicas\/wp-json\/wp\/v2\/media?parent=22651"}],"curies":[{"name":"wp","href":"https:\/\/api.w.org\/{rel}","templated":true}]}}