{"id":22671,"date":"2022-10-26T15:30:26","date_gmt":"2022-10-26T20:30:26","guid":{"rendered":"https:\/\/academia.utp.edu.co\/departamentocienciasbasicas\/?page_id=22671"},"modified":"2024-08-14T10:53:57","modified_gmt":"2024-08-14T15:53:57","slug":"profesores","status":"publish","type":"page","link":"https:\/\/academia.utp.edu.co\/departamentocienciasbasicas\/quinto-semestre\/fisiopatologia\/profesores\/","title":{"rendered":"Profesores"},"content":{"rendered":"<p><span style=\"color: #000080\">La asignatura Patolog\u00eda est\u00e1 a cargo de los siguientes docentes:<\/span><\/p>\n<p><span style=\"color: #000080\"><strong><br \/>\nDr. Sebasti\u00e1n Galvis Acevedo<\/strong><\/span><br \/>\n<span style=\"color: #000080\">sgalvis@utp.edu.co<\/span><\/p>\n","protected":false},"excerpt":{"rendered":"<p>La asignatura Patolog\u00eda est\u00e1 a cargo de los siguientes docentes: Dr. Sebasti\u00e1n Galvis Acevedo sgalvis@utp.edu.co<\/p>\n","protected":false},"author":1281,"featured_media":0,"parent":22631,"menu_order":0,"comment_status":"closed","ping_status":"closed","template":"","meta":{"footnotes":""},"class_list":["post-22671","page","type-page","status-publish","hentry"],"_links":{"self":[{"href":"https:\/\/academia.utp.edu.co\/departamentocienciasbasicas\/wp-json\/wp\/v2\/pages\/22671","targetHints":{"allow":["GET"]}}],"collection":[{"href":"https:\/\/academia.utp.edu.co\/departamentocienciasbasicas\/wp-json\/wp\/v2\/pages"}],"about":[{"href":"https:\/\/academia.utp.edu.co\/departamentocienciasbasicas\/wp-json\/wp\/v2\/types\/page"}],"author":[{"embeddable":true,"href":"https:\/\/academia.utp.edu.co\/departamentocienciasbasicas\/wp-json\/wp\/v2\/users\/1281"}],"replies":[{"embeddable":true,"href":"https:\/\/academia.utp.edu.co\/departamentocienciasbasicas\/wp-json\/wp\/v2\/comments?post=22671"}],"version-history":[{"count":5,"href":"https:\/\/academia.utp.edu.co\/departamentocienciasbasicas\/wp-json\/wp\/v2\/pages\/22671\/revisions"}],"predecessor-version":[{"id":23320,"href":"https:\/\/academia.utp.edu.co\/departamentocienciasbasicas\/wp-json\/wp\/v2\/pages\/22671\/revisions\/23320"}],"up":[{"embeddable":true,"href":"https:\/\/academia.utp.edu.co\/departamentocienciasbasicas\/wp-json\/wp\/v2\/pages\/22631"}],"wp:attachment":[{"href":"https:\/\/academia.utp.edu.co\/departamentocienciasbasicas\/wp-json\/wp\/v2\/media?parent=22671"}],"curies":[{"name":"wp","href":"https:\/\/api.w.org\/{rel}","templated":true}]}}