{"id":3181,"date":"2020-04-22T15:45:21","date_gmt":"2020-04-22T20:45:21","guid":{"rendered":"http:\/\/academia.utp.edu.co\/departamentocienciasbasicas\/?page_id=3181"},"modified":"2024-08-14T10:31:24","modified_gmt":"2024-08-14T15:31:24","slug":"profesores","status":"publish","type":"page","link":"https:\/\/academia.utp.edu.co\/departamentocienciasbasicas\/semestre-iii\/fisiologia\/profesores\/","title":{"rendered":"Profesores"},"content":{"rendered":"\n<p><\/p>\n\n\n<p><span style=\"color: #000080\">La asignatura Fisiolog\u00eda est\u00e1 a cargo de los siguientes docentes:<\/span><\/p>\n<p><span style=\"color: #000080\"><br \/><strong>Dr. Oscar Alonso Pinz\u00f3n Duque<\/strong> <\/span><br \/><span style=\"color: #000080\">oapd@utp.edu.co<\/span><\/p>\n<p><span style=\"color: #000080\"><strong><br \/>Dr. Julio C\u00e9sar S\u00e1nchez Naranjo\u00a0<\/strong> <\/span><br \/><span style=\"color: #000080\">jcsanchez@utp.edu.co<\/span><\/p>\n<p><span style=\"color: #000080\"><strong><br \/>Dr. Diego Fernando L\u00f3pez Zapata<\/strong> <\/span><br \/><span style=\"color: #000080\">difeloza@utp.edu.co<\/span><\/p>","protected":false},"excerpt":{"rendered":"<p>La asignatura Fisiolog\u00eda est\u00e1 a cargo de los siguientes docentes: Dr. Oscar Alonso Pinz\u00f3n Duque&#8230;<\/p>\n","protected":false},"author":1281,"featured_media":0,"parent":711,"menu_order":2,"comment_status":"closed","ping_status":"closed","template":"","meta":{"footnotes":""},"class_list":["post-3181","page","type-page","status-publish","hentry"],"_links":{"self":[{"href":"https:\/\/academia.utp.edu.co\/departamentocienciasbasicas\/wp-json\/wp\/v2\/pages\/3181","targetHints":{"allow":["GET"]}}],"collection":[{"href":"https:\/\/academia.utp.edu.co\/departamentocienciasbasicas\/wp-json\/wp\/v2\/pages"}],"about":[{"href":"https:\/\/academia.utp.edu.co\/departamentocienciasbasicas\/wp-json\/wp\/v2\/types\/page"}],"author":[{"embeddable":true,"href":"https:\/\/academia.utp.edu.co\/departamentocienciasbasicas\/wp-json\/wp\/v2\/users\/1281"}],"replies":[{"embeddable":true,"href":"https:\/\/academia.utp.edu.co\/departamentocienciasbasicas\/wp-json\/wp\/v2\/comments?post=3181"}],"version-history":[{"count":9,"href":"https:\/\/academia.utp.edu.co\/departamentocienciasbasicas\/wp-json\/wp\/v2\/pages\/3181\/revisions"}],"predecessor-version":[{"id":23315,"href":"https:\/\/academia.utp.edu.co\/departamentocienciasbasicas\/wp-json\/wp\/v2\/pages\/3181\/revisions\/23315"}],"up":[{"embeddable":true,"href":"https:\/\/academia.utp.edu.co\/departamentocienciasbasicas\/wp-json\/wp\/v2\/pages\/711"}],"wp:attachment":[{"href":"https:\/\/academia.utp.edu.co\/departamentocienciasbasicas\/wp-json\/wp\/v2\/media?parent=3181"}],"curies":[{"name":"wp","href":"https:\/\/api.w.org\/{rel}","templated":true}]}}