{"id":491,"date":"2019-07-03T22:34:21","date_gmt":"2019-07-03T20:34:21","guid":{"rendered":"http:\/\/academia.utp.edu.co\/departamentocienciasbasicas\/?page_id=491"},"modified":"2024-08-14T14:38:28","modified_gmt":"2024-08-14T19:38:28","slug":"microcurriculo","status":"publish","type":"page","link":"https:\/\/academia.utp.edu.co\/departamentocienciasbasicas\/semestre-i\/bioqimica\/microcurriculo\/","title":{"rendered":"Microcurr\u00edculo"},"content":{"rendered":"<p><span style=\"float: none;background-color: #ffffff;color: #0d0b86;font-family: 'Noto Serif';font-size: 20px;font-style: normal;font-variant: normal;font-weight: 400;letter-spacing: normal;line-height: 1.8;text-align: left;text-decoration: none;text-indent: 0px;text-transform: none\">En el siguiente link encontrar\u00e1 el microcurr\u00edculo de la asignatura Bioqu\u00edmica<\/span><\/p>\n\n\n<p class=\"has-text-color has-medium-font-size\" style=\"color:#0d0b86\"><\/p>\n\n\n\n<div data-wp-interactive=\"core\/file\" class=\"wp-block-file\"><object data-wp-bind--hidden=\"!state.hasPdfPreview\" hidden class=\"wp-block-file__embed\" data=\"https:\/\/academia.utp.edu.co\/departamentocienciasbasicas\/files\/2024\/08\/Microcurriculo-Bioquimica-2024-2.pdf\" type=\"application\/pdf\" style=\"width:100%;height:600px\" aria-label=\"Incrustado de Microcurr\u00edculo Bioqu\u00edmica 2024-2.\"><\/object><a id=\"wp-block-file--media-17aea4e7-2d02-4dcb-bce0-6fa13bb33c2f\" href=\"https:\/\/academia.utp.edu.co\/departamentocienciasbasicas\/files\/2024\/08\/Microcurriculo-Bioquimica-2024-2.pdf\">Microcurr\u00edculo Bioqu\u00edmica 2024-2<\/a><\/div>\n\n\n\n<p><\/p>\n","protected":false},"excerpt":{"rendered":"<p>En el siguiente link encontrar\u00e1 el microcurr\u00edculo de la asignatura Bioqu\u00edmica<\/p>\n","protected":false},"author":1281,"featured_media":0,"parent":371,"menu_order":2,"comment_status":"closed","ping_status":"closed","template":"","meta":{"footnotes":""},"class_list":["post-491","page","type-page","status-publish","hentry"],"_links":{"self":[{"href":"https:\/\/academia.utp.edu.co\/departamentocienciasbasicas\/wp-json\/wp\/v2\/pages\/491","targetHints":{"allow":["GET"]}}],"collection":[{"href":"https:\/\/academia.utp.edu.co\/departamentocienciasbasicas\/wp-json\/wp\/v2\/pages"}],"about":[{"href":"https:\/\/academia.utp.edu.co\/departamentocienciasbasicas\/wp-json\/wp\/v2\/types\/page"}],"author":[{"embeddable":true,"href":"https:\/\/academia.utp.edu.co\/departamentocienciasbasicas\/wp-json\/wp\/v2\/users\/1281"}],"replies":[{"embeddable":true,"href":"https:\/\/academia.utp.edu.co\/departamentocienciasbasicas\/wp-json\/wp\/v2\/comments?post=491"}],"version-history":[{"count":23,"href":"https:\/\/academia.utp.edu.co\/departamentocienciasbasicas\/wp-json\/wp\/v2\/pages\/491\/revisions"}],"predecessor-version":[{"id":23342,"href":"https:\/\/academia.utp.edu.co\/departamentocienciasbasicas\/wp-json\/wp\/v2\/pages\/491\/revisions\/23342"}],"up":[{"embeddable":true,"href":"https:\/\/academia.utp.edu.co\/departamentocienciasbasicas\/wp-json\/wp\/v2\/pages\/371"}],"wp:attachment":[{"href":"https:\/\/academia.utp.edu.co\/departamentocienciasbasicas\/wp-json\/wp\/v2\/media?parent=491"}],"curies":[{"name":"wp","href":"https:\/\/api.w.org\/{rel}","templated":true}]}}