{"id":6581,"date":"2020-05-23T21:01:56","date_gmt":"2020-05-24T02:01:56","guid":{"rendered":"http:\/\/academia.utp.edu.co\/departamentocienciasbasicas\/?page_id=6581"},"modified":"2024-08-14T11:16:15","modified_gmt":"2024-08-14T16:16:15","slug":"monitores-academicos","status":"publish","type":"page","link":"https:\/\/academia.utp.edu.co\/departamentocienciasbasicas\/monitores-academicos\/","title":{"rendered":"Monitores"},"content":{"rendered":"<p><span style=\"color: #000080\">Durante el semestre, algunas de las asignaturas tienen monitores acad\u00e9micos, esto con el fin de garantizar que todos los estudiantes aclaren los conceptos de los contenidos te\u00f3ricos o de laboratorio que requieran, el horario de cada uno de ellos ser\u00e1n brindados en la primera sesi\u00f3n directamente con cada monitor<\/span><\/p>\n<table dir=\"ltr\" border=\"1\" cellspacing=\"0\" cellpadding=\"0\" data-sheets-root=\"1\" data-sheets-baot=\"1\"><colgroup><col width=\"34\" \/><col width=\"86\" \/><col width=\"204\" \/><col width=\"138\" \/><col width=\"211\" \/><\/colgroup>\n<tbody>\n<tr>\n<td style=\"text-align: center\" colspan=\"5\" rowspan=\"1\">\n<h2><strong><span style=\"color: #000080\">MONITORES 2024-2<\/span><\/strong><\/h2>\n<\/td>\n<\/tr>\n<tr>\n<td style=\"text-align: center\"><span style=\"color: #000080\">1<\/span><\/td>\n<td><span style=\"color: #000080\">1088237445<\/span><\/td>\n<td><span style=\"color: #000080\">Juan Jos\u00e9 Correa Hern\u00e1ndez<\/span><\/td>\n<td><span style=\"color: #000080\">Bioqu\u00edmica<\/span><\/td>\n<td><span style=\"color: #000080\">juan.correa1@utp.edu.co<\/span><\/td>\n<\/tr>\n<tr>\n<td style=\"text-align: center\"><span style=\"color: #000080\">2<\/span><\/td>\n<td><span style=\"color: #000080\">1006292610<\/span><\/td>\n<td><span style=\"color: #000080\">Nicol\u00e1s Franco Fl\u00f3rez<\/span><\/td>\n<td><span style=\"color: #000080\">Bioqu\u00edmica<\/span><\/td>\n<td><span style=\"color: #000080\">nicolas.franco@utp.edu.co<\/span><\/td>\n<\/tr>\n<tr>\n<td style=\"text-align: center\"><span style=\"color: #000080\">3<\/span><\/td>\n<td><span style=\"color: #000080\">1004684109<\/span><\/td>\n<td><span style=\"color: #000080\">Michelle Ocampo Valencia<\/span><\/td>\n<td><span style=\"color: #000080\">Anatom\u00eda I<\/span><\/td>\n<td><span style=\"color: #000080\">michelle.ocampo@utp.edu.co<\/span><\/td>\n<\/tr>\n<tr>\n<td style=\"text-align: center\"><span style=\"color: #000080\">4<\/span><\/td>\n<td><span style=\"color: #000080\">1004521292<\/span><\/td>\n<td><span style=\"color: #000080\">Mateo Moreno G\u00f3mez<\/span><\/td>\n<td><span style=\"color: #000080\">Anatom\u00eda II<\/span><\/td>\n<td><span style=\"color: #000080\">mateo.moreno@utp.edu.co<\/span><\/td>\n<\/tr>\n<tr>\n<td style=\"text-align: center\"><span style=\"color: #000080\">5<\/span><\/td>\n<td><span style=\"color: #000080\">1005092534<\/span><\/td>\n<td><span style=\"color: #000080\">Mar\u00eda Jos\u00e9 P\u00e9rez Cort\u00e9s<\/span><\/td>\n<td><span style=\"color: #000080\">Laboratorio<\/span><br \/><span style=\"color: #000080\">Biolog\u00eda Molecular<\/span><\/td>\n<td><span style=\"color: #000080\">mariajose.perez@utp.edu.co<\/span><\/td>\n<\/tr>\n<tr>\n<td style=\"text-align: center\"><span style=\"color: #000080\">6<\/span><\/td>\n<td><span style=\"color: #000080\">1006292864<\/span><\/td>\n<td><span style=\"color: #000080\">Luisa Mar\u00eda Penilla Ram\u00edrez<\/span><\/td>\n<td><span style=\"color: #000080\">Laboratorio<\/span><br \/><span style=\"color: #000080\">Biolog\u00eda Molecular<\/span><\/td>\n<td><span style=\"color: #000080\">luisa.penilla@utp.edu.co<\/span><\/td>\n<\/tr>\n<tr>\n<td style=\"text-align: center\"><span style=\"color: #000080\">7<\/span><\/td>\n<td><span style=\"color: #000080\">1004700023<\/span><\/td>\n<td><span style=\"color: #000080\">Natalia Vel\u00e1squez Guzm\u00e1n<\/span><\/td>\n<td><span style=\"color: #000080\">Laboratorio<\/span><br \/><span style=\"color: #000080\">Biolog\u00eda Molecular<\/span><\/td>\n<td><span style=\"color: #000080\">n.velasquez2@utp.edu.co<\/span><\/td>\n<\/tr>\n<tr>\n<td style=\"text-align: center\"><span style=\"color: #000080\">8<\/span><\/td>\n<td><span style=\"color: #000080\">1011200230<\/span><\/td>\n<td><span style=\"color: #000080\">Juan Miguel Forero Hincapi\u00e9 <\/span><br \/><br \/><\/td>\n<td><span style=\"color: #000080\">Histoembriolog\u00eda I<\/span><\/td>\n<td><span style=\"color: #000080\">juanmiguel.forero@utp.edu.co<\/span><\/td>\n<\/tr>\n<tr>\n<td style=\"text-align: center\"><span style=\"color: #000080\">9<\/span><\/td>\n<td><span style=\"color: #000080\">1030140178<\/span><\/td>\n<td><span style=\"color: #000080\">Erick Malag\u00f3n Reyes <\/span><\/td>\n<td><span style=\"color: #000080\">Histoembriolog\u00eda I<\/span><\/td>\n<td><span style=\"color: #000080\">erick.malagon@utp.edu.co<\/span><\/td>\n<\/tr>\n<tr>\n<td style=\"text-align: center\"><span style=\"color: #000080\">10<\/span><\/td>\n<td><span style=\"color: #000080\">1004518193<\/span><\/td>\n<td><span style=\"color: #000080\">Juan Daniel Murillo Garc\u00eda<\/span><\/td>\n<td><span style=\"color: #000080\">Histoembriolog\u00eda I<\/span><\/td>\n<td><span style=\"color: #000080\">juandaniel.murillo@utp.edu.co<\/span><\/td>\n<\/tr>\n<tr>\n<td style=\"text-align: center\"><span style=\"color: #000080\">11<\/span><\/td>\n<td><span style=\"color: #000080\">1004519618<\/span><\/td>\n<td><span style=\"color: #000080\">Maria Isabel Guzman Cadavid<\/span><\/td>\n<td><span style=\"color: #000080\">Histoembriolog\u00eda 2<\/span><\/td>\n<td><span style=\"color: #000080\">maria.guzman@utp.edu.co<\/span><\/td>\n<\/tr>\n<tr>\n<td style=\"text-align: center\"><span style=\"color: #000080\">12<\/span><\/td>\n<td><span style=\"color: #000080\">1004778976<\/span><\/td>\n<td><span style=\"color: #000080\">Mariana Ram\u00edrez L\u00f3pez<\/span><\/td>\n<td><span style=\"color: #000080\">Histoembriolog\u00eda 2<\/span><\/td>\n<td><span style=\"color: #000080\">mariana.ramirez4@utp.edu.co<\/span><\/td>\n<\/tr>\n<tr>\n<td style=\"text-align: center\"><span style=\"color: #000080\">13<\/span><\/td>\n<td><span style=\"color: #000080\">1088335277<\/span><\/td>\n<td><span style=\"color: #000080\">Luis David Marulanda Pati\u00f1o<\/span><\/td>\n<td><span style=\"color: #000080\">Reanimaci\u00f3n B\u00e1sica<\/span><\/td>\n<td><span style=\"color: #000080\">luchomarulanda@utp.edu.co<\/span><\/td>\n<\/tr>\n<\/tbody>\n<\/table>\n<p>\u00a0<\/p>\n<p><a style=\"font-size: inherit\" href=\"https:\/\/academia.utp.edu.co\/departamentocienciasbasicas\/files\/2020\/05\/InstructivoBancolombia-4.pdf\"><span style=\"color: #000080\">Instructivo para abrir la cuenta<\/span>\u00a0<\/a><\/p>\n<p><span style=\"color: #000080\"><br \/><a style=\"color: #000080\" href=\"https:\/\/academia.utp.edu.co\/departamentocienciasbasicas\/files\/2020\/05\/Oficio-Gesti\u00f3n-del-Talento-Humano.docx\">Instructivo Gesti\u00f3n del Talento Humano<\/a><\/span><\/p>\n<p><span style=\"color: #000080\"><br \/><a style=\"color: #000080\" href=\"https:\/\/academia.utp.edu.co\/departamentocienciasbasicas\/files\/2020\/05\/Carta-compromiso-monitores.docx\">Carta compromiso monitores<\/a><\/span><\/p>\n<p><span style=\"color: #000080\"><br \/><a style=\"color: #000080\" href=\"https:\/\/academia.utp.edu.co\/departamentocienciasbasicas\/files\/2020\/05\/FUNCIONES-Monitores-1.docx\">Funciones Monitores<\/a><\/span><\/p>\n<p><span style=\"color: #000080\"><br \/><a style=\"color: #000080\" href=\"https:\/\/academia.utp.edu.co\/departamentocienciasbasicas\/files\/2020\/05\/Formatos.zip\">Formatos que se deben tener en cuenta<\/a><\/span><\/p>\n\n\n<p><\/p>\n","protected":false},"excerpt":{"rendered":"<p>Durante el semestre, algunas de las asignaturas tienen monitores acad\u00e9micos, esto con el fin de&#8230;<\/p>\n","protected":false},"author":1281,"featured_media":0,"parent":0,"menu_order":11,"comment_status":"closed","ping_status":"closed","template":"","meta":{"footnotes":""},"class_list":["post-6581","page","type-page","status-publish","hentry"],"_links":{"self":[{"href":"https:\/\/academia.utp.edu.co\/departamentocienciasbasicas\/wp-json\/wp\/v2\/pages\/6581","targetHints":{"allow":["GET"]}}],"collection":[{"href":"https:\/\/academia.utp.edu.co\/departamentocienciasbasicas\/wp-json\/wp\/v2\/pages"}],"about":[{"href":"https:\/\/academia.utp.edu.co\/departamentocienciasbasicas\/wp-json\/wp\/v2\/types\/page"}],"author":[{"embeddable":true,"href":"https:\/\/academia.utp.edu.co\/departamentocienciasbasicas\/wp-json\/wp\/v2\/users\/1281"}],"replies":[{"embeddable":true,"href":"https:\/\/academia.utp.edu.co\/departamentocienciasbasicas\/wp-json\/wp\/v2\/comments?post=6581"}],"version-history":[{"count":54,"href":"https:\/\/academia.utp.edu.co\/departamentocienciasbasicas\/wp-json\/wp\/v2\/pages\/6581\/revisions"}],"predecessor-version":[{"id":23329,"href":"https:\/\/academia.utp.edu.co\/departamentocienciasbasicas\/wp-json\/wp\/v2\/pages\/6581\/revisions\/23329"}],"wp:attachment":[{"href":"https:\/\/academia.utp.edu.co\/departamentocienciasbasicas\/wp-json\/wp\/v2\/media?parent=6581"}],"curies":[{"name":"wp","href":"https:\/\/api.w.org\/{rel}","templated":true}]}}