{"id":8,"date":"2024-10-30T08:22:48","date_gmt":"2024-10-30T13:22:48","guid":{"rendered":"https:\/\/academia.utp.edu.co\/desofmat\/?page_id=8"},"modified":"2025-01-22T12:42:40","modified_gmt":"2025-01-22T17:42:40","slug":"nosotros","status":"publish","type":"page","link":"https:\/\/academia.utp.edu.co\/desofmat\/nosotros\/","title":{"rendered":"Nosotros"},"content":{"rendered":"\n<div class=\"wp-block-buttons is-content-justification-right is-layout-flex wp-container-core-buttons-is-layout-d445cf74 wp-block-buttons-is-layout-flex\">\n<div class=\"wp-block-button\"><a class=\"wp-block-button__link has-ast-global-color-2-background-color has-background wp-element-button\" href=\"https:\/\/academia.utp.edu.co\/desofmat\/\">Volver&#8230;<\/a><\/div>\n<\/div>\n\n\n\n<h2 class=\"wp-block-heading has-ast-global-color-2-color has-text-color has-link-color wp-elements-9105c1580f04ad316b08b5e283ad9819\" style=\"border-style:none;border-width:0px;margin-right:0;margin-left:0;padding-right:var(--wp--preset--spacing--30);padding-left:var(--wp--preset--spacing--30)\">Nosotros<\/h2>\n\n\n\n<div class=\"wp-block-cover\" style=\"min-height:423px;aspect-ratio:unset;\"><span aria-hidden=\"true\" class=\"wp-block-cover__background has-ast-global-color-6-background-color has-background-dim-100 has-background-dim\"><\/span><div class=\"wp-block-cover__inner-container is-layout-constrained wp-block-cover-is-layout-constrained\">\n<p class=\"has-ast-global-color-5-color has-text-color has-link-color wp-elements-cf26900c070b8b43ea4f2719c8dc5d1b\" style=\"margin-top:0;margin-right:0;margin-bottom:0;margin-left:0;padding-top:var(--wp--preset--spacing--50);padding-right:var(--wp--preset--spacing--50);padding-bottom:var(--wp--preset--spacing--50);padding-left:var(--wp--preset--spacing--50);font-size:25px\">Somos <strong>Desofmat<\/strong> (Desarrollo de Software Matem\u00e1tico)<\/p>\n\n\n\n<p class=\"has-text-align-left text-justify has-ast-global-color-5-color has-text-color has-link-color has-medium-font-size wp-elements-8e07f5b25fb7e46b6c7edd4c9b62dfbb\" style=\"margin-top:0;margin-right:0;margin-bottom:0;margin-left:0;padding-top:var(--wp--preset--spacing--50);padding-right:var(--wp--preset--spacing--50);padding-bottom:var(--wp--preset--spacing--50);padding-left:var(--wp--preset--spacing--50)\">\n   Un grupo de investigaci\u00f3n que se enfoca en el estudio y la aplicaci\u00f3n de las matem\u00e1ticas para crear herramientas avanzadas de software. Nuestro equipo est\u00e1 formado por investigadores, docentes y estudiantes que trabajamos juntos en el dise\u00f1o de soluciones innovadoras para abordar desaf\u00edos en \u00e1reas como c\u00e1lculo, \u00e1lgebra, m\u00e9todos num\u00e9ricos, ciencia de datos, sistemas din\u00e1micos, modelado matem\u00e1tico y el desarrollo de nuevos materiales did\u00e1cticos con TIC&#8217;s aplicadas a la educaci\u00f3n. Nos motiva generar un impacto tanto en el \u00e1mbito acad\u00e9mico como en aplicaciones pr\u00e1cticas, contribuyendo al avance cient\u00edfico y tecnol\u00f3gico a trav\u00e9s de proyectos de alto nivel en matem\u00e1ticas aplicadas.\n<\/p>\n<\/div><\/div>\n","protected":false},"excerpt":{"rendered":"<p>Nosotros<\/p>\n","protected":false},"author":1929,"featured_media":0,"parent":0,"menu_order":0,"comment_status":"closed","ping_status":"closed","template":"","meta":{"site-sidebar-layout":"default","site-content-layout":"","ast-site-content-layout":"","site-content-style":"default","site-sidebar-style":"default","ast-global-header-display":"","ast-banner-title-visibility":"","ast-main-header-display":"","ast-hfb-above-header-display":"","ast-hfb-below-header-display":"","ast-hfb-mobile-header-display":"","site-post-title":"disabled","ast-breadcrumbs-content":"","ast-featured-img":"","footer-sml-layout":"","ast-disable-related-posts":"","theme-transparent-header-meta":"","adv-header-id-meta":"","stick-header-meta":"","header-above-stick-meta":"","header-main-stick-meta":"","header-below-stick-meta":"","astra-migrate-meta-layouts":"default","ast-page-background-enabled":"default","ast-page-background-meta":{"desktop":{"background-color":"var(--ast-global-color-4)","background-image":"","background-repeat":"repeat","background-position":"center center","background-size":"auto","background-attachment":"scroll","background-type":"","background-media":"","overlay-type":"","overlay-color":"","overlay-opacity":"","overlay-gradient":""},"tablet":{"background-color":"","background-image":"","background-repeat":"repeat","background-position":"center center","background-size":"auto","background-attachment":"scroll","background-type":"","background-media":"","overlay-type":"","overlay-color":"","overlay-opacity":"","overlay-gradient":""},"mobile":{"background-color":"","background-image":"","background-repeat":"repeat","background-position":"center center","background-size":"auto","background-attachment":"scroll","background-type":"","background-media":"","overlay-type":"","overlay-color":"","overlay-opacity":"","overlay-gradient":""}},"ast-content-background-meta":{"desktop":{"background-color":"var(--ast-global-color-5)","background-image":"","background-repeat":"repeat","background-position":"center center","background-size":"auto","background-attachment":"scroll","background-type":"","background-media":"","overlay-type":"","overlay-color":"","overlay-opacity":"","overlay-gradient":""},"tablet":{"background-color":"var(--ast-global-color-5)","background-image":"","background-repeat":"repeat","background-position":"center center","background-size":"auto","background-attachment":"scroll","background-type":"","background-media":"","overlay-type":"","overlay-color":"","overlay-opacity":"","overlay-gradient":""},"mobile":{"background-color":"var(--ast-global-color-5)","background-image":"","background-repeat":"repeat","background-position":"center center","background-size":"auto","background-attachment":"scroll","background-type":"","background-media":"","overlay-type":"","overlay-color":"","overlay-opacity":"","overlay-gradient":""}},"footnotes":""},"class_list":["post-8","page","type-page","status-publish","hentry"],"_links":{"self":[{"href":"https:\/\/academia.utp.edu.co\/desofmat\/wp-json\/wp\/v2\/pages\/8","targetHints":{"allow":["GET"]}}],"collection":[{"href":"https:\/\/academia.utp.edu.co\/desofmat\/wp-json\/wp\/v2\/pages"}],"about":[{"href":"https:\/\/academia.utp.edu.co\/desofmat\/wp-json\/wp\/v2\/types\/page"}],"author":[{"embeddable":true,"href":"https:\/\/academia.utp.edu.co\/desofmat\/wp-json\/wp\/v2\/users\/1929"}],"replies":[{"embeddable":true,"href":"https:\/\/academia.utp.edu.co\/desofmat\/wp-json\/wp\/v2\/comments?post=8"}],"version-history":[{"count":10,"href":"https:\/\/academia.utp.edu.co\/desofmat\/wp-json\/wp\/v2\/pages\/8\/revisions"}],"predecessor-version":[{"id":590,"href":"https:\/\/academia.utp.edu.co\/desofmat\/wp-json\/wp\/v2\/pages\/8\/revisions\/590"}],"wp:attachment":[{"href":"https:\/\/academia.utp.edu.co\/desofmat\/wp-json\/wp\/v2\/media?parent=8"}],"curies":[{"name":"wp","href":"https:\/\/api.w.org\/{rel}","templated":true}]}}