{"id":487,"date":"2026-09-01T10:11:07","date_gmt":"2026-09-01T15:11:07","guid":{"rendered":"https:\/\/academia.utp.edu.co\/estudios-politicos-y-juridicos\/?page_id=487"},"modified":"2026-09-02T15:05:20","modified_gmt":"2026-09-02T20:05:20","slug":"procesos","status":"publish","type":"page","link":"https:\/\/academia.utp.edu.co\/estudios-politicos-y-juridicos\/procesos\/","title":{"rendered":"Procesos"},"content":{"rendered":"\n<div class=\"wp-block-group is-layout-constrained wp-container-core-group-is-layout-97be3f30 wp-block-group-is-layout-constrained\" style=\"padding-top:40px;padding-right:20px;padding-bottom:80px;padding-left:20px\">\n<h2 class=\"wp-block-heading\" style=\"border-bottom-color:#1a1a1a;border-bottom-width:2px;margin-bottom:48px;padding-bottom:16px;font-size:clamp(2rem, 4vw, 3rem);font-weight:700;text-transform:uppercase\">PROCESOS<\/h2>\n\n\n\n<h3 class=\"wp-block-heading\" style=\"margin-bottom:28px;font-size:1.5rem;font-weight:700;text-transform:uppercase\">Contenidos: Unidades<\/h3>\n\n\n\n<div class=\"wp-block-columns is-layout-flex wp-container-core-columns-is-layout-ba02fbf7 wp-block-columns-is-layout-flex\">\n<div class=\"wp-block-column is-layout-flow wp-block-column-is-layout-flow\">\n<div class=\"wp-block-group has-border-color has-white-background-color has-background is-vertical is-content-justification-stretch is-layout-flex wp-container-core-group-is-layout-6db5ad2b wp-block-group-is-layout-flex\" style=\"border-color:#1a1a1a;border-width:2px;padding-top:24px;padding-right:24px;padding-bottom:24px;padding-left:24px\">\n<figure class=\"wp-block-image size-large has-custom-border\" style=\"margin-bottom:20px\"><img decoding=\"async\" src=\"https:\/\/academia.utp.edu.co\/estudios-politicos-y-juridicos\/files\/2026\/09\/Unidad_I.jpeg\" alt=\"Unidad I\" class=\"has-border-color\" style=\"border-color:#1a1a1a;border-width:1px\" \/><\/figure>\n\n\n\n<p class=\"has-text-color wp-block-paragraph\" style=\"color:#666666;font-size:0.85rem;font-weight:700;text-transform:uppercase\"><p class=\"has-text-color\" style=\"color:#666666;font-size:0.85rem;font-weight:700;text-transform:uppercase;margin-bottom:6px\">Unidad I<\/p><\/p>\n\n\n\n<h3 class=\"wp-block-heading\" style=\"margin-top:0;margin-bottom:12px;font-size:1.25rem;font-weight:700;line-height:1.2;text-transform:uppercase\">Di\u00e1logos y dilemas sobre lo humano<\/h3>\n\n\n\n<p class=\"has-text-color wp-block-paragraph\" style=\"color:#666666;font-size:0.95rem;line-height:1.6\"><p class=\"has-text-color\" style=\"color:#666666;font-size:0.95rem;line-height:1.6;margin-bottom:16px;flex-grow:1\">Qu\u00e9 es lo humano: el debate divino vs animal; biol\u00f3gico vs cultural. Paradigmas de las Ciencias Sociales. Humanismos, Pos-humanismos y Transhumanismos.<\/p><\/p>\n\n\n\n<div class=\"wp-block-group is-layout-constrained wp-block-group-is-layout-constrained\" style=\"border-top-color:#1a1a1a;border-top-width:1px;margin-top:auto;padding-top:12px\">\n<p class=\"has-text-color wp-block-paragraph\" style=\"color:#1a1a1a;font-size:0.8rem;font-weight:700;text-transform:uppercase\"><p class=\"has-text-color\" style=\"color:#1a1a1a;font-size:0.8rem;font-weight:700;text-transform:uppercase;margin-bottom:4px\">Lectura Clave:<\/p><\/p>\n\n\n\n<p class=\"wp-block-paragraph\" style=\"font-size:0.85rem;line-height:1.4\"><p style=\"font-size:0.85rem;line-height:1.4;margin:0\">H. Arendt (2005) \u00abLa condici\u00f3n humana\u00bb.<\/p><\/p>\n<\/div>\n<\/div>\n<\/div>\n\n\n\n<div class=\"wp-block-column is-layout-flow wp-block-column-is-layout-flow\">\n<div class=\"wp-block-group has-border-color has-white-background-color has-background is-vertical is-content-justification-stretch is-layout-flex wp-container-core-group-is-layout-6db5ad2b wp-block-group-is-layout-flex\" style=\"border-color:#1a1a1a;border-width:2px;padding-top:24px;padding-right:24px;padding-bottom:24px;padding-left:24px\">\n<figure class=\"wp-block-image size-large has-custom-border\" style=\"margin-bottom:20px\"><img decoding=\"async\" src=\"https:\/\/academia.utp.edu.co\/estudios-politicos-y-juridicos\/files\/2026\/09\/Unidad_II.jpeg\" alt=\"Unidad II\" class=\"has-border-color\" style=\"border-color:#1a1a1a;border-width:1px\" \/><\/figure>\n\n\n\n<p class=\"has-text-color wp-block-paragraph\" style=\"color:#666666;font-size:0.85rem;font-weight:700;text-transform:uppercase\"><p class=\"has-text-color\" style=\"color:#666666;font-size:0.85rem;font-weight:700;text-transform:uppercase;margin-bottom:6px\">Unidad II<\/p><\/p>\n\n\n\n<h3 class=\"wp-block-heading\" style=\"margin-top:0;margin-bottom:12px;font-size:1.25rem;font-weight:700;line-height:1.2;text-transform:uppercase\">Vivir, recordar y re-existir<\/h3>\n\n\n\n<p class=\"has-text-color wp-block-paragraph\" style=\"color:#666666;font-size:0.95rem;line-height:1.6\"><p class=\"has-text-color\" style=\"color:#666666;font-size:0.95rem;line-height:1.6;margin-bottom:16px;flex-grow:1\">La memoria y la condici\u00f3n humana: individual, colectiva e hist\u00f3rica. Memoria de conflictos, miradas globales\/nacionales, y violencias y paces urbanas.<\/p><\/p>\n\n\n\n<div class=\"wp-block-group is-layout-constrained wp-block-group-is-layout-constrained\" style=\"border-top-color:#1a1a1a;border-top-width:1px;margin-top:auto;padding-top:12px\">\n<p class=\"has-text-color wp-block-paragraph\" style=\"color:#1a1a1a;font-size:0.8rem;font-weight:700;text-transform:uppercase\"><p class=\"has-text-color\" style=\"color:#1a1a1a;font-size:0.8rem;font-weight:700;text-transform:uppercase;margin-bottom:4px\">Lectura Clave:<\/p><\/p>\n\n\n\n<p class=\"wp-block-paragraph\" style=\"font-size:0.85rem;line-height:1.4\"><p style=\"font-size:0.85rem;line-height:1.4;margin:0\">G. Agamben (2007) \u00ab\u00bfQu\u00e9 es lo contempor\u00e1neo?\u00bb.<\/p><\/p>\n<\/div>\n<\/div>\n<\/div>\n\n\n\n<div class=\"wp-block-column is-layout-flow wp-block-column-is-layout-flow\">\n<div class=\"wp-block-group has-border-color has-white-background-color has-background is-vertical is-content-justification-stretch is-layout-flex wp-container-core-group-is-layout-6db5ad2b wp-block-group-is-layout-flex\" style=\"border-color:#1a1a1a;border-width:2px;padding-top:24px;padding-right:24px;padding-bottom:24px;padding-left:24px\">\n<figure class=\"wp-block-image size-large has-custom-border\" style=\"margin-bottom:20px\"><img decoding=\"async\" src=\"https:\/\/academia.utp.edu.co\/estudios-politicos-y-juridicos\/files\/2026\/09\/Unidad_III.jpeg\" alt=\"Unidad III\" class=\"has-border-color\" style=\"border-color:#1a1a1a;border-width:1px\" \/><\/figure>\n\n\n\n<p class=\"has-text-color wp-block-paragraph\" style=\"color:#666666;font-size:0.85rem;font-weight:700;text-transform:uppercase\"><p class=\"has-text-color\" style=\"color:#666666;font-size:0.85rem;font-weight:700;text-transform:uppercase;margin-bottom:6px\">Unidad III<\/p><\/p>\n\n\n\n<h3 class=\"wp-block-heading\" style=\"margin-top:0;margin-bottom:12px;font-size:1.25rem;font-weight:700;line-height:1.2;text-transform:uppercase\">J\u00f3venes y responsabilidad pol\u00edtica<\/h3>\n\n\n\n<p class=\"wp-block-paragraph\"><\/p>\n\n\n\n<p class=\"has-text-color wp-block-paragraph\" style=\"color:#666666;font-size:0.95rem;line-height:1.6\"><p class=\"has-text-color\" style=\"color:#666666;font-size:0.95rem;line-height:1.6;margin-bottom:16px;flex-grow:1\">La pol\u00edtica y lo pol\u00edtico. Sujetos pol\u00edticos y subjetividad pol\u00edtica juvenil. La acci\u00f3n pol\u00edtica como expresi\u00f3n juvenil en nuevos sentidos de mundo y ciudad.<\/p><\/p>\n\n\n\n<div class=\"wp-block-group is-layout-constrained wp-block-group-is-layout-constrained\" style=\"border-top-color:#1a1a1a;border-top-width:1px;margin-top:auto;padding-top:12px\">\n<p class=\"has-text-color wp-block-paragraph\" style=\"color:#1a1a1a;font-size:0.8rem;font-weight:700;text-transform:uppercase\"><p class=\"has-text-color\" style=\"color:#1a1a1a;font-size:0.8rem;font-weight:700;text-transform:uppercase;margin-bottom:4px\">Lectura Clave:<\/p><\/p>\n\n\n\n<p class=\"wp-block-paragraph\" style=\"font-size:0.85rem;line-height:1.4\"><p style=\"font-size:0.85rem;line-height:1.4;margin:0\">F. Savater \u00abPol\u00edtica para Amador\u00bb.<\/p><\/p>\n<\/div>\n<\/div>\n<\/div>\n<\/div>\n<\/div>\n","protected":false},"excerpt":{"rendered":"<p>PROCESOS Contenidos: Unidades Unidad I Di\u00e1logos y dilemas sobre lo humano Qu\u00e9 es lo humano: el debate divino vs animal; [&hellip;]<\/p>\n","protected":false},"author":1871,"featured_media":0,"parent":0,"menu_order":0,"comment_status":"closed","ping_status":"closed","template":"","meta":{"site-sidebar-layout":"no-sidebar","site-content-layout":"","ast-site-content-layout":"full-width-container","site-content-style":"default","site-sidebar-style":"default","ast-global-header-display":"","ast-banner-title-visibility":"","ast-main-header-display":"","ast-hfb-above-header-display":"","ast-hfb-below-header-display":"","ast-hfb-mobile-header-display":"","site-post-title":"disabled","ast-breadcrumbs-content":"","ast-featured-img":"","footer-sml-layout":"","ast-disable-related-posts":"","theme-transparent-header-meta":"","adv-header-id-meta":"","stick-header-meta":"","header-above-stick-meta":"","header-main-stick-meta":"","header-below-stick-meta":"","astra-migrate-meta-layouts":"default","ast-page-background-enabled":"default","ast-page-background-meta":{"desktop":{"background-color":"var(--ast-global-color-5)","background-image":"","background-repeat":"repeat","background-position":"center center","background-size":"auto","background-attachment":"scroll","background-type":"","background-media":"","overlay-type":"","overlay-color":"","overlay-opacity":"","overlay-gradient":""},"tablet":{"background-color":"","background-image":"","background-repeat":"repeat","background-position":"center center","background-size":"auto","background-attachment":"scroll","background-type":"","background-media":"","overlay-type":"","overlay-color":"","overlay-opacity":"","overlay-gradient":""},"mobile":{"background-color":"","background-image":"","background-repeat":"repeat","background-position":"center center","background-size":"auto","background-attachment":"scroll","background-type":"","background-media":"","overlay-type":"","overlay-color":"","overlay-opacity":"","overlay-gradient":""}},"ast-content-background-meta":{"desktop":{"background-color":"var(--ast-global-color-4)","background-image":"","background-repeat":"repeat","background-position":"center center","background-size":"auto","background-attachment":"scroll","background-type":"","background-media":"","overlay-type":"","overlay-color":"","overlay-opacity":"","overlay-gradient":""},"tablet":{"background-color":"var(--ast-global-color-4)","background-image":"","background-repeat":"repeat","background-position":"center center","background-size":"auto","background-attachment":"scroll","background-type":"","background-media":"","overlay-type":"","overlay-color":"","overlay-opacity":"","overlay-gradient":""},"mobile":{"background-color":"var(--ast-global-color-4)","background-image":"","background-repeat":"repeat","background-position":"center center","background-size":"auto","background-attachment":"scroll","background-type":"","background-media":"","overlay-type":"","overlay-color":"","overlay-opacity":"","overlay-gradient":""}},"footnotes":""},"class_list":["post-487","page","type-page","status-publish","hentry"],"_links":{"self":[{"href":"https:\/\/academia.utp.edu.co\/estudios-politicos-y-juridicos\/wp-json\/wp\/v2\/pages\/487","targetHints":{"allow":["GET"]}}],"collection":[{"href":"https:\/\/academia.utp.edu.co\/estudios-politicos-y-juridicos\/wp-json\/wp\/v2\/pages"}],"about":[{"href":"https:\/\/academia.utp.edu.co\/estudios-politicos-y-juridicos\/wp-json\/wp\/v2\/types\/page"}],"author":[{"embeddable":true,"href":"https:\/\/academia.utp.edu.co\/estudios-politicos-y-juridicos\/wp-json\/wp\/v2\/users\/1871"}],"replies":[{"embeddable":true,"href":"https:\/\/academia.utp.edu.co\/estudios-politicos-y-juridicos\/wp-json\/wp\/v2\/comments?post=487"}],"version-history":[{"count":6,"href":"https:\/\/academia.utp.edu.co\/estudios-politicos-y-juridicos\/wp-json\/wp\/v2\/pages\/487\/revisions"}],"predecessor-version":[{"id":562,"href":"https:\/\/academia.utp.edu.co\/estudios-politicos-y-juridicos\/wp-json\/wp\/v2\/pages\/487\/revisions\/562"}],"wp:attachment":[{"href":"https:\/\/academia.utp.edu.co\/estudios-politicos-y-juridicos\/wp-json\/wp\/v2\/media?parent=487"}],"curies":[{"name":"wp","href":"https:\/\/api.w.org\/{rel}","templated":true}]}}

<div class="wp-block-group is-layout-constrained wp-container-core-group-is-layout-97be3f30 wp-block-group-is-layout-constrained" style="padding-top:40px;padding-right:20px;padding-bottom:80px;padding-left:20px">
<h2 class="wp-block-heading" style="border-bottom-color:#1a1a1a;border-bottom-width:2px;margin-bottom:48px;padding-bottom:16px;font-size:clamp(2rem, 4vw, 3rem);font-weight:700;text-transform:uppercase">PROCESOS</h2>



<h3 class="wp-block-heading" style="margin-bottom:28px;font-size:1.5rem;font-weight:700;text-transform:uppercase">Contenidos: Unidades</h3>



<div class="wp-block-columns is-layout-flex wp-container-core-columns-is-layout-ba02fbf7 wp-block-columns-is-layout-flex">
<div class="wp-block-column is-layout-flow wp-block-column-is-layout-flow">
<div class="wp-block-group has-border-color has-white-background-color has-background is-vertical is-content-justification-stretch is-layout-flex wp-container-core-group-is-layout-6db5ad2b wp-block-group-is-layout-flex" style="border-color:#1a1a1a;border-width:2px;padding-top:24px;padding-right:24px;padding-bottom:24px;padding-left:24px">
<figure class="wp-block-image size-large has-custom-border" style="margin-bottom:20px"><img decoding="async" src="https://academia.utp.edu.co/estudios-politicos-y-juridicos/files/2026/09/Unidad_I.jpeg" alt="Unidad I" class="has-border-color" style="border-color:#1a1a1a;border-width:1px" /></figure>



<p class="has-text-color wp-block-paragraph" style="color:#666666;font-size:0.85rem;font-weight:700;text-transform:uppercase"><p class="has-text-color" style="color:#666666;font-size:0.85rem;font-weight:700;text-transform:uppercase;margin-bottom:6px">Unidad I</p></p>



<h3 class="wp-block-heading" style="margin-top:0;margin-bottom:12px;font-size:1.25rem;font-weight:700;line-height:1.2;text-transform:uppercase">Diálogos y dilemas sobre lo humano</h3>



<p class="has-text-color wp-block-paragraph" style="color:#666666;font-size:0.95rem;line-height:1.6"><p class="has-text-color" style="color:#666666;font-size:0.95rem;line-height:1.6;margin-bottom:16px;flex-grow:1">Qué es lo humano: el debate divino vs animal; biológico vs cultural. Paradigmas de las Ciencias Sociales. Humanismos, Pos-humanismos y Transhumanismos.</p></p>



<div class="wp-block-group is-layout-constrained wp-block-group-is-layout-constrained" style="border-top-color:#1a1a1a;border-top-width:1px;margin-top:auto;padding-top:12px">
<p class="has-text-color wp-block-paragraph" style="color:#1a1a1a;font-size:0.8rem;font-weight:700;text-transform:uppercase"><p class="has-text-color" style="color:#1a1a1a;font-size:0.8rem;font-weight:700;text-transform:uppercase;margin-bottom:4px">Lectura Clave:</p></p>



<p class="wp-block-paragraph" style="font-size:0.85rem;line-height:1.4"><p style="font-size:0.85rem;line-height:1.4;margin:0">H. Arendt (2005) «La condición humana».</p></p>
</div>
</div>
</div>



<div class="wp-block-column is-layout-flow wp-block-column-is-layout-flow">
<div class="wp-block-group has-border-color has-white-background-color has-background is-vertical is-content-justification-stretch is-layout-flex wp-container-core-group-is-layout-6db5ad2b wp-block-group-is-layout-flex" style="border-color:#1a1a1a;border-width:2px;padding-top:24px;padding-right:24px;padding-bottom:24px;padding-left:24px">
<figure class="wp-block-image size-large has-custom-border" style="margin-bottom:20px"><img decoding="async" src="https://academia.utp.edu.co/estudios-politicos-y-juridicos/files/2026/09/Unidad_II.jpeg" alt="Unidad II" class="has-border-color" style="border-color:#1a1a1a;border-width:1px" /></figure>



<p class="has-text-color wp-block-paragraph" style="color:#666666;font-size:0.85rem;font-weight:700;text-transform:uppercase"><p class="has-text-color" style="color:#666666;font-size:0.85rem;font-weight:700;text-transform:uppercase;margin-bottom:6px">Unidad II</p></p>



<h3 class="wp-block-heading" style="margin-top:0;margin-bottom:12px;font-size:1.25rem;font-weight:700;line-height:1.2;text-transform:uppercase">Vivir, recordar y re-existir</h3>



<p class="has-text-color wp-block-paragraph" style="color:#666666;font-size:0.95rem;line-height:1.6"><p class="has-text-color" style="color:#666666;font-size:0.95rem;line-height:1.6;margin-bottom:16px;flex-grow:1">La memoria y la condición humana: individual, colectiva e histórica. Memoria de conflictos, miradas globales/nacionales, y violencias y paces urbanas.</p></p>



<div class="wp-block-group is-layout-constrained wp-block-group-is-layout-constrained" style="border-top-color:#1a1a1a;border-top-width:1px;margin-top:auto;padding-top:12px">
<p class="has-text-color wp-block-paragraph" style="color:#1a1a1a;font-size:0.8rem;font-weight:700;text-transform:uppercase"><p class="has-text-color" style="color:#1a1a1a;font-size:0.8rem;font-weight:700;text-transform:uppercase;margin-bottom:4px">Lectura Clave:</p></p>



<p class="wp-block-paragraph" style="font-size:0.85rem;line-height:1.4"><p style="font-size:0.85rem;line-height:1.4;margin:0">G. Agamben (2007) «¿Qué es lo contemporáneo?».</p></p>
</div>
</div>
</div>



<div class="wp-block-column is-layout-flow wp-block-column-is-layout-flow">
<div class="wp-block-group has-border-color has-white-background-color has-background is-vertical is-content-justification-stretch is-layout-flex wp-container-core-group-is-layout-6db5ad2b wp-block-group-is-layout-flex" style="border-color:#1a1a1a;border-width:2px;padding-top:24px;padding-right:24px;padding-bottom:24px;padding-left:24px">
<figure class="wp-block-image size-large has-custom-border" style="margin-bottom:20px"><img decoding="async" src="https://academia.utp.edu.co/estudios-politicos-y-juridicos/files/2026/09/Unidad_III.jpeg" alt="Unidad III" class="has-border-color" style="border-color:#1a1a1a;border-width:1px" /></figure>



<p class="has-text-color wp-block-paragraph" style="color:#666666;font-size:0.85rem;font-weight:700;text-transform:uppercase"><p class="has-text-color" style="color:#666666;font-size:0.85rem;font-weight:700;text-transform:uppercase;margin-bottom:6px">Unidad III</p></p>



<h3 class="wp-block-heading" style="margin-top:0;margin-bottom:12px;font-size:1.25rem;font-weight:700;line-height:1.2;text-transform:uppercase">Jóvenes y responsabilidad política</h3>



<p class="wp-block-paragraph"></p>



<p class="has-text-color wp-block-paragraph" style="color:#666666;font-size:0.95rem;line-height:1.6"><p class="has-text-color" style="color:#666666;font-size:0.95rem;line-height:1.6;margin-bottom:16px;flex-grow:1">La política y lo político. Sujetos políticos y subjetividad política juvenil. La acción política como expresión juvenil en nuevos sentidos de mundo y ciudad.</p></p>



<div class="wp-block-group is-layout-constrained wp-block-group-is-layout-constrained" style="border-top-color:#1a1a1a;border-top-width:1px;margin-top:auto;padding-top:12px">
<p class="has-text-color wp-block-paragraph" style="color:#1a1a1a;font-size:0.8rem;font-weight:700;text-transform:uppercase"><p class="has-text-color" style="color:#1a1a1a;font-size:0.8rem;font-weight:700;text-transform:uppercase;margin-bottom:4px">Lectura Clave:</p></p>



<p class="wp-block-paragraph" style="font-size:0.85rem;line-height:1.4"><p style="font-size:0.85rem;line-height:1.4;margin:0">F. Savater «Política para Amador».</p></p>
</div>
</div>
</div>
</div>
</div>

<p>PROCESOS Contenidos: Unidades Unidad I Diálogos y dilemas sobre lo humano Qué es lo humano: el debate divino vs animal; [&hellip;]</p>
