{"id":181,"date":"2020-11-03T19:40:01","date_gmt":"2020-11-03T19:40:01","guid":{"rendered":"http:\/\/academia.utp.edu.co\/ednografia-educacion-y-diversidad\/?page_id=181"},"modified":"2021-08-26T23:53:45","modified_gmt":"2021-08-27T04:53:45","slug":"quienes-somos","status":"publish","type":"page","link":"https:\/\/academia.utp.edu.co\/etnografia-educacion-y-diversidad\/quienes-somos\/","title":{"rendered":"Quienes Somos"},"content":{"rendered":"\n<p><\/p>\n\n\n\n<p><\/p>\n\n\n\n<p class=\"has-text-align-center\">El semillero de investigaci\u00f3n Etnograf\u00eda, Educaci\u00f3n y Diversidad es un espacio construido para realizar indagaciones generosas, abiertas, comparativas, reflexivas y cr\u00edticas, de las condiciones potenciales de la vida humana en un pa\u00eds con una gran diversidad cultural y biol\u00f3gica como es Colombia.<\/p>\n\n\n\n<p class=\"has-text-align-center\"><span>Nos proponemos estudiar con y aprender colaborativamente de los ni\u00f1os, ni\u00f1as, j\u00f3venes, maestros y sabedores, del campo y la ciudad. Reconociendo su capacidad para cultivar saberes y producir conocimientos. Esto, con el af\u00e1n de generar, de manera conjunta, propuestas educativas que co-respondan a sus b\u00fasquedas y necesidades, desde el seno de las comunidades de las que participan.<\/span><\/p>\n\n\n\n<figure class=\"wp-block-image size-full\"><img loading=\"lazy\" decoding=\"async\" width=\"924\" height=\"281\" src=\"https:\/\/academia.utp.edu.co\/ednografia-educacion-y-diversidad\/files\/2021\/08\/semilelro-1.png\" alt=\"\" class=\"wp-image-2861\" srcset=\"https:\/\/academia.utp.edu.co\/etnografia-educacion-y-diversidad\/files\/2021\/08\/semilelro-1.png 924w, https:\/\/academia.utp.edu.co\/etnografia-educacion-y-diversidad\/files\/2021\/08\/semilelro-1-300x91.png 300w, https:\/\/academia.utp.edu.co\/etnografia-educacion-y-diversidad\/files\/2021\/08\/semilelro-1-768x234.png 768w\" sizes=\"auto, (max-width: 924px) 100vw, 924px\" \/><\/figure>\n\n\n\n<figure class=\"wp-block-image size-full\"><img loading=\"lazy\" decoding=\"async\" width=\"923\" height=\"52\" src=\"https:\/\/academia.utp.edu.co\/ednografia-educacion-y-diversidad\/files\/2021\/08\/semillero-2.png\" alt=\"\" class=\"wp-image-2871\" srcset=\"https:\/\/academia.utp.edu.co\/etnografia-educacion-y-diversidad\/files\/2021\/08\/semillero-2.png 923w, https:\/\/academia.utp.edu.co\/etnografia-educacion-y-diversidad\/files\/2021\/08\/semillero-2-300x17.png 300w, https:\/\/academia.utp.edu.co\/etnografia-educacion-y-diversidad\/files\/2021\/08\/semillero-2-768x43.png 768w\" sizes=\"auto, (max-width: 923px) 100vw, 923px\" \/><\/figure>\n\n\n\n<div style=\"height:100px\" aria-hidden=\"true\" class=\"wp-block-spacer\"><\/div>\n\n\n\n<p><\/p>\n","protected":false},"excerpt":{"rendered":"<p>El semillero de investigaci\u00f3n Etnograf\u00eda, Educaci\u00f3n y Diversidad es un espacio construido para realizar indagaciones generosas, abiertas, comparativas, reflexivas y cr\u00edticas, de las condiciones potenciales de la vida humana en [&hellip;]<\/p>\n","protected":false},"author":531,"featured_media":0,"parent":0,"menu_order":0,"comment_status":"closed","ping_status":"closed","template":"","meta":{"_uag_custom_page_level_css":"","site-sidebar-layout":"default","site-content-layout":"","ast-site-content-layout":"default","site-content-style":"default","site-sidebar-style":"default","ast-global-header-display":"","ast-banner-title-visibility":"","ast-main-header-display":"","ast-hfb-above-header-display":"","ast-hfb-below-header-display":"","ast-hfb-mobile-header-display":"","site-post-title":"","ast-breadcrumbs-content":"","ast-featured-img":"","footer-sml-layout":"","ast-disable-related-posts":"","theme-transparent-header-meta":"","adv-header-id-meta":"","stick-header-meta":"","header-above-stick-meta":"","header-main-stick-meta":"","header-below-stick-meta":"","astra-migrate-meta-layouts":"default","ast-page-background-enabled":"default","ast-page-background-meta":{"desktop":{"background-color":"var(--ast-global-color-5)","background-image":"","background-repeat":"repeat","background-position":"center center","background-size":"auto","background-attachment":"scroll","background-type":"","background-media":"","overlay-type":"","overlay-color":"","overlay-opacity":"","overlay-gradient":""},"tablet":{"background-color":"","background-image":"","background-repeat":"repeat","background-position":"center center","background-size":"auto","background-attachment":"scroll","background-type":"","background-media":"","overlay-type":"","overlay-color":"","overlay-opacity":"","overlay-gradient":""},"mobile":{"background-color":"","background-image":"","background-repeat":"repeat","background-position":"center center","background-size":"auto","background-attachment":"scroll","background-type":"","background-media":"","overlay-type":"","overlay-color":"","overlay-opacity":"","overlay-gradient":""}},"ast-content-background-meta":{"desktop":{"background-color":"var(--ast-global-color-4)","background-image":"","background-repeat":"repeat","background-position":"center center","background-size":"auto","background-attachment":"scroll","background-type":"","background-media":"","overlay-type":"","overlay-color":"","overlay-opacity":"","overlay-gradient":""},"tablet":{"background-color":"var(--ast-global-color-4)","background-image":"","background-repeat":"repeat","background-position":"center center","background-size":"auto","background-attachment":"scroll","background-type":"","background-media":"","overlay-type":"","overlay-color":"","overlay-opacity":"","overlay-gradient":""},"mobile":{"background-color":"var(--ast-global-color-4)","background-image":"","background-repeat":"repeat","background-position":"center center","background-size":"auto","background-attachment":"scroll","background-type":"","background-media":"","overlay-type":"","overlay-color":"","overlay-opacity":"","overlay-gradient":""}},"_EventAllDay":false,"_EventTimezone":"","_EventStartDate":"","_EventEndDate":"","_EventStartDateUTC":"","_EventEndDateUTC":"","_EventShowMap":false,"_EventShowMapLink":false,"_EventURL":"","_EventCost":"","_EventCostDescription":"","_EventCurrencySymbol":"","_EventCurrencyCode":"","_EventCurrencyPosition":"","_EventDateTimeSeparator":"","_EventTimeRangeSeparator":"","_EventOrganizerID":[],"_EventVenueID":[],"_OrganizerEmail":"","_OrganizerPhone":"","_OrganizerWebsite":"","_VenueAddress":"","_VenueCity":"","_VenueCountry":"","_VenueProvince":"","_VenueState":"","_VenueZip":"","_VenuePhone":"","_VenueURL":"","_VenueStateProvince":"","_VenueLat":"","_VenueLng":"","_VenueShowMap":false,"_VenueShowMapLink":false,"footnotes":""},"class_list":["post-181","page","type-page","status-publish","hentry"],"uagb_featured_image_src":{"full":false,"thumbnail":false,"medium":false,"medium_large":false,"large":false,"1536x1536":false,"2048x2048":false},"uagb_author_info":{"display_name":"jltg","author_link":"https:\/\/academia.utp.edu.co\/etnografia-educacion-y-diversidad\/author\/jltg\/"},"uagb_comment_info":0,"uagb_excerpt":"El semillero de investigaci\u00f3n Etnograf\u00eda, Educaci\u00f3n y Diversidad es un espacio construido para realizar indagaciones generosas, abiertas, comparativas, reflexivas y cr\u00edticas, de las condiciones potenciales de la vida humana en [&hellip;]","_links":{"self":[{"href":"https:\/\/academia.utp.edu.co\/etnografia-educacion-y-diversidad\/wp-json\/wp\/v2\/pages\/181","targetHints":{"allow":["GET"]}}],"collection":[{"href":"https:\/\/academia.utp.edu.co\/etnografia-educacion-y-diversidad\/wp-json\/wp\/v2\/pages"}],"about":[{"href":"https:\/\/academia.utp.edu.co\/etnografia-educacion-y-diversidad\/wp-json\/wp\/v2\/types\/page"}],"author":[{"embeddable":true,"href":"https:\/\/academia.utp.edu.co\/etnografia-educacion-y-diversidad\/wp-json\/wp\/v2\/users\/531"}],"replies":[{"embeddable":true,"href":"https:\/\/academia.utp.edu.co\/etnografia-educacion-y-diversidad\/wp-json\/wp\/v2\/comments?post=181"}],"version-history":[{"count":4,"href":"https:\/\/academia.utp.edu.co\/etnografia-educacion-y-diversidad\/wp-json\/wp\/v2\/pages\/181\/revisions"}],"predecessor-version":[{"id":2881,"href":"https:\/\/academia.utp.edu.co\/etnografia-educacion-y-diversidad\/wp-json\/wp\/v2\/pages\/181\/revisions\/2881"}],"wp:attachment":[{"href":"https:\/\/academia.utp.edu.co\/etnografia-educacion-y-diversidad\/wp-json\/wp\/v2\/media?parent=181"}],"curies":[{"name":"wp","href":"https:\/\/api.w.org\/{rel}","templated":true}]}}