{"id":13661,"date":"2020-06-06T23:42:52","date_gmt":"2020-06-07T04:42:52","guid":{"rendered":"http:\/\/academia.utp.edu.co\/extensiondeportes\/?page_id=13661"},"modified":"2024-10-06T19:12:44","modified_gmt":"2024-10-07T00:12:44","slug":"foros-unidos-por-el-deporte-recreacion-y-actividad-fisica","status":"publish","type":"page","link":"https:\/\/academia.utp.edu.co\/extensiondeportes\/eventos-1\/foros\/foros-unidos-por-el-deporte-recreacion-y-actividad-fisica\/","title":{"rendered":"Foros unidos por el deporte, recreaci\u00f3n y actividad f\u00edsica"},"content":{"rendered":"\n<div class=\"wp-block-image\"><figure class=\"aligncenter size-large is-resized\"><img loading=\"lazy\" decoding=\"async\" src=\"https:\/\/academia.utp.edu.co\/extensiondeportes\/files\/2020\/06\/Imagen4.png\" alt=\"Foros deporte, recreaci\u00f3n y AF\" class=\"wp-image-13671\" width=\"338\" height=\"338\" srcset=\"https:\/\/academia.utp.edu.co\/extensiondeportes\/files\/2020\/06\/Imagen4-150x150.png 150w, https:\/\/academia.utp.edu.co\/extensiondeportes\/files\/2020\/06\/Imagen4-80x80.png 80w, https:\/\/academia.utp.edu.co\/extensiondeportes\/files\/2020\/06\/Imagen4-320x320.png 320w\" sizes=\"auto, (max-width: 338px) 100vw, 338px\" \/><\/figure><\/div>\n\n\n\n<p class=\"has-medium-font-size\">El proyecto Foros Unidos por el Deporte, Recreaci\u00f3n y Educaci\u00f3n F\u00edsica: PCDR y su Egresado, surge entre el \u00c1rea de Extensi\u00f3n del programa Ciencias del Deporte y la Recreaci\u00f3n y ASODREF (Asociaci\u00f3n de Profesionales en Deporte, Recreaci\u00f3n y Educaci\u00f3n F\u00edsica), con la finalidad de brindar un espacio que visibilice las actividades que desarrollan los egresados en el medio laboral y de este modo los estudiantes, y la comunidad universitaria en general, puedan bien sea informarse o educarse. A su vez, esto aporta a una de las modalidades de la Extensi\u00f3n Universitaria como lo son los eventos de divulgaci\u00f3n acad\u00e9mica y cient\u00edfica. <\/p>\n","protected":false},"excerpt":{"rendered":"<p>El proyecto Foros Unidos por el Deporte, Recreaci\u00f3n y Educaci\u00f3n F\u00edsica: PCDR y su Egresado, surge entre el \u00c1rea de Extensi\u00f3n del programa Ciencias del Deporte y la Recreaci\u00f3n y [&hellip;]<\/p>\n","protected":false},"author":601,"featured_media":0,"parent":17981,"menu_order":0,"comment_status":"open","ping_status":"closed","template":"","meta":{"_EventAllDay":false,"_EventTimezone":"","_EventStartDate":"","_EventEndDate":"","_EventStartDateUTC":"","_EventEndDateUTC":"","_EventShowMap":false,"_EventShowMapLink":false,"_EventURL":"","_EventCost":"","_EventCostDescription":"","_EventCurrencySymbol":"","_EventCurrencyCode":"","_EventCurrencyPosition":"","_EventDateTimeSeparator":"","_EventTimeRangeSeparator":"","_EventOrganizerID":[],"_EventVenueID":[],"_OrganizerEmail":"","_OrganizerPhone":"","_OrganizerWebsite":"","_VenueAddress":"","_VenueCity":"","_VenueCountry":"","_VenueProvince":"","_VenueState":"","_VenueZip":"","_VenuePhone":"","_VenueURL":"","_VenueStateProvince":"","_VenueLat":"","_VenueLng":"","_VenueShowMap":false,"_VenueShowMapLink":false,"footnotes":""},"class_list":["post-13661","page","type-page","status-publish","hentry"],"_links":{"self":[{"href":"https:\/\/academia.utp.edu.co\/extensiondeportes\/wp-json\/wp\/v2\/pages\/13661","targetHints":{"allow":["GET"]}}],"collection":[{"href":"https:\/\/academia.utp.edu.co\/extensiondeportes\/wp-json\/wp\/v2\/pages"}],"about":[{"href":"https:\/\/academia.utp.edu.co\/extensiondeportes\/wp-json\/wp\/v2\/types\/page"}],"author":[{"embeddable":true,"href":"https:\/\/academia.utp.edu.co\/extensiondeportes\/wp-json\/wp\/v2\/users\/601"}],"replies":[{"embeddable":true,"href":"https:\/\/academia.utp.edu.co\/extensiondeportes\/wp-json\/wp\/v2\/comments?post=13661"}],"version-history":[{"count":6,"href":"https:\/\/academia.utp.edu.co\/extensiondeportes\/wp-json\/wp\/v2\/pages\/13661\/revisions"}],"predecessor-version":[{"id":15641,"href":"https:\/\/academia.utp.edu.co\/extensiondeportes\/wp-json\/wp\/v2\/pages\/13661\/revisions\/15641"}],"up":[{"embeddable":true,"href":"https:\/\/academia.utp.edu.co\/extensiondeportes\/wp-json\/wp\/v2\/pages\/17981"}],"wp:attachment":[{"href":"https:\/\/academia.utp.edu.co\/extensiondeportes\/wp-json\/wp\/v2\/media?parent=13661"}],"curies":[{"name":"wp","href":"https:\/\/api.w.org\/{rel}","templated":true}]}}