{"id":15101,"date":"2021-05-20T16:03:24","date_gmt":"2021-05-20T21:03:24","guid":{"rendered":"https:\/\/academia.utp.edu.co\/extensiondeportes\/?page_id=15101"},"modified":"2024-10-06T19:13:06","modified_gmt":"2024-10-07T00:13:06","slug":"fusion-facusalud","status":"publish","type":"page","link":"https:\/\/academia.utp.edu.co\/extensiondeportes\/inicio\/fusion-facusalud\/","title":{"rendered":"Fusi\u00f3n Facusalud"},"content":{"rendered":"\n<div class=\"wp-block-image\"><figure class=\"aligncenter size-large\"><a href=\"https:\/\/academia.utp.edu.co\/extensiondeportes\/files\/2021\/05\/Logo-Proyecto-Maria-Paola-Meza-Valencia.png\"><img loading=\"lazy\" decoding=\"async\" width=\"350\" height=\"250\" src=\"https:\/\/academia.utp.edu.co\/extensiondeportes\/files\/2021\/05\/Logo-Proyecto-Maria-Paola-Meza-Valencia.png\" alt=\"\" class=\"wp-image-15111\" srcset=\"https:\/\/academia.utp.edu.co\/extensiondeportes\/files\/2021\/05\/Logo-Proyecto-Maria-Paola-Meza-Valencia.png 350w, https:\/\/academia.utp.edu.co\/extensiondeportes\/files\/2021\/05\/Logo-Proyecto-Maria-Paola-Meza-Valencia-300x214.png 300w\" sizes=\"auto, (max-width: 350px) 100vw, 350px\" \/><\/a><\/figure><\/div>\n\n\n\n<p class=\"has-medium-font-size\">El proyecto \u00abFusi\u00f3n Facusalud\u00bb busca complementar, actualizar, desarrollar y fortalecer conocimientos, competencias y habilidades profesionales que conlleven al avance y visualizaci\u00f3n de la Facultad Ciencias de la Salud. Este proyecto articula los 4 programas acad\u00e9micos de la FACIES (Ciencias del Deporte y la Recreaci\u00f3n, Medicina, Medicina Veterinaria y Zootecnia y Tecnolog\u00eda en Atenci\u00f3n Pre-hospitalaria) generando un trabajo en equipo y transformaci\u00f3n &nbsp;en todos los componentes que abordan la Extensi\u00f3n Universitaria.<\/p>\n\n\n\n<p class=\"has-medium-font-size\">El proyecto parte de la necesidad de generar un impacto frente al &nbsp;conocimiento e iniciativa en la realizaci\u00f3n de proyectos de Extensi\u00f3n Universitaria en los diversos programas de la Facultad, donde se potenciar\u00e1 los beneficios que estas pr\u00e1cticas acarrean en los programas acad\u00e9micos, orientando todas las actividades al &nbsp;fortalecimiento, visibilizaci\u00f3n y sistematizaci\u00f3n de los proyectos y actividades realizados en la Extensi\u00f3n en la Facultad, mediante estrategias educativas y puesta en pr\u00e1ctica de las modalidades de Extensi\u00f3n Universitaria.<\/p>\n\n\n\n<p class=\"has-medium-font-size\"><strong><em>Canales de Comunicaci\u00f3n:<\/em><\/strong><\/p>\n\n\n\n<p class=\"has-normal-font-size\"><strong>Correo: informaciongigede@gmail.com<\/strong><\/p>\n\n\n\n<div class=\"wp-block-image\"><figure class=\"aligncenter size-large is-resized\"><a href=\"https:\/\/academia.utp.edu.co\/extensiondeportes\/files\/2021\/05\/fusion-facusalud-1-3.png\"><img loading=\"lazy\" decoding=\"async\" src=\"https:\/\/academia.utp.edu.co\/extensiondeportes\/files\/2021\/05\/fusion-facusalud-1-3-410x1024.png\" alt=\"\" class=\"wp-image-16231\" width=\"380\" height=\"945\" \/><\/a><figcaption>Infograf\u00eda de proyecto por Mar\u00eda Paola Meza<\/figcaption><\/figure><\/div>\n","protected":false},"excerpt":{"rendered":"<p>El proyecto \u00abFusi\u00f3n Facusalud\u00bb busca complementar, actualizar, desarrollar y fortalecer conocimientos, competencias y habilidades profesionales que conlleven al avance y visualizaci\u00f3n de la Facultad Ciencias de la Salud. Este proyecto [&hellip;]<\/p>\n","protected":false},"author":601,"featured_media":0,"parent":17,"menu_order":0,"comment_status":"closed","ping_status":"closed","template":"","meta":{"_EventAllDay":false,"_EventTimezone":"","_EventStartDate":"","_EventEndDate":"","_EventStartDateUTC":"","_EventEndDateUTC":"","_EventShowMap":false,"_EventShowMapLink":false,"_EventURL":"","_EventCost":"","_EventCostDescription":"","_EventCurrencySymbol":"","_EventCurrencyCode":"","_EventCurrencyPosition":"","_EventDateTimeSeparator":"","_EventTimeRangeSeparator":"","_EventOrganizerID":[],"_EventVenueID":[],"_OrganizerEmail":"","_OrganizerPhone":"","_OrganizerWebsite":"","_VenueAddress":"","_VenueCity":"","_VenueCountry":"","_VenueProvince":"","_VenueState":"","_VenueZip":"","_VenuePhone":"","_VenueURL":"","_VenueStateProvince":"","_VenueLat":"","_VenueLng":"","_VenueShowMap":false,"_VenueShowMapLink":false,"footnotes":""},"class_list":["post-15101","page","type-page","status-publish","hentry"],"_links":{"self":[{"href":"https:\/\/academia.utp.edu.co\/extensiondeportes\/wp-json\/wp\/v2\/pages\/15101","targetHints":{"allow":["GET"]}}],"collection":[{"href":"https:\/\/academia.utp.edu.co\/extensiondeportes\/wp-json\/wp\/v2\/pages"}],"about":[{"href":"https:\/\/academia.utp.edu.co\/extensiondeportes\/wp-json\/wp\/v2\/types\/page"}],"author":[{"embeddable":true,"href":"https:\/\/academia.utp.edu.co\/extensiondeportes\/wp-json\/wp\/v2\/users\/601"}],"replies":[{"embeddable":true,"href":"https:\/\/academia.utp.edu.co\/extensiondeportes\/wp-json\/wp\/v2\/comments?post=15101"}],"version-history":[{"count":5,"href":"https:\/\/academia.utp.edu.co\/extensiondeportes\/wp-json\/wp\/v2\/pages\/15101\/revisions"}],"predecessor-version":[{"id":16241,"href":"https:\/\/academia.utp.edu.co\/extensiondeportes\/wp-json\/wp\/v2\/pages\/15101\/revisions\/16241"}],"up":[{"embeddable":true,"href":"https:\/\/academia.utp.edu.co\/extensiondeportes\/wp-json\/wp\/v2\/pages\/17"}],"wp:attachment":[{"href":"https:\/\/academia.utp.edu.co\/extensiondeportes\/wp-json\/wp\/v2\/media?parent=15101"}],"curies":[{"name":"wp","href":"https:\/\/api.w.org\/{rel}","templated":true}]}}