{"id":15151,"date":"2021-05-20T16:42:38","date_gmt":"2021-05-20T21:42:38","guid":{"rendered":"https:\/\/academia.utp.edu.co\/extensiondeportes\/?page_id=15151"},"modified":"2024-10-06T19:17:32","modified_gmt":"2024-10-07T00:17:32","slug":"internacionalizacion","status":"publish","type":"page","link":"https:\/\/academia.utp.edu.co\/extensiondeportes\/area-de-extension-2\/internacionalizacion\/","title":{"rendered":"Internacionalizaci\u00f3n"},"content":{"rendered":"\n<div class=\"wp-block-image\"><figure class=\"aligncenter size-large is-resized\"><a href=\"https:\/\/academia.utp.edu.co\/extensiondeportes\/files\/2021\/05\/IMG-7098-Duver-Faber-Mejia-Ramirez.png\"><img decoding=\"async\" src=\"https:\/\/academia.utp.edu.co\/extensiondeportes\/files\/2021\/05\/IMG-7098-Duver-Faber-Mejia-Ramirez-edited.png\" alt=\"\" class=\"wp-image-15171\" width=\"366\" srcset=\"https:\/\/academia.utp.edu.co\/extensiondeportes\/files\/2021\/05\/IMG-7098-Duver-Faber-Mejia-Ramirez-edited.png 3065w, https:\/\/academia.utp.edu.co\/extensiondeportes\/files\/2021\/05\/IMG-7098-Duver-Faber-Mejia-Ramirez-edited-300x300.png 300w, https:\/\/academia.utp.edu.co\/extensiondeportes\/files\/2021\/05\/IMG-7098-Duver-Faber-Mejia-Ramirez-edited-1024x1024.png 1024w, https:\/\/academia.utp.edu.co\/extensiondeportes\/files\/2021\/05\/IMG-7098-Duver-Faber-Mejia-Ramirez-edited-150x150.png 150w, https:\/\/academia.utp.edu.co\/extensiondeportes\/files\/2021\/05\/IMG-7098-Duver-Faber-Mejia-Ramirez-edited-768x768.png 768w, https:\/\/academia.utp.edu.co\/extensiondeportes\/files\/2021\/05\/IMG-7098-Duver-Faber-Mejia-Ramirez-edited-1536x1536.png 1536w, https:\/\/academia.utp.edu.co\/extensiondeportes\/files\/2021\/05\/IMG-7098-Duver-Faber-Mejia-Ramirez-edited-2048x2048.png 2048w, https:\/\/academia.utp.edu.co\/extensiondeportes\/files\/2021\/05\/IMG-7098-Duver-Faber-Mejia-Ramirez-edited-80x80.png 80w, https:\/\/academia.utp.edu.co\/extensiondeportes\/files\/2021\/05\/IMG-7098-Duver-Faber-Mejia-Ramirez-edited-320x320.png 320w\" sizes=\"(max-width: 3065px) 100vw, 3065px\" \/><\/a><\/figure><\/div>\n\n\n\n<p class=\"has-medium-font-size\"><strong><em>I<\/em><\/strong><strong><em>NTERNACIONALIZACI\u00d3N FACIES<\/em><\/strong><\/p>\n\n\n\n<p class=\"has-medium-font-size\">El proyecto consiste en visibilizar los programas de la FACIES a niveles nacional e internacional.<\/p>\n\n\n\n<p class=\"has-medium-font-size\">Este proyecto nace a partir de la necesidad que tienen los programas acad\u00e9micos de la Facultad de Ciencias de la Salud de la Universidad Tecnol\u00f3gica de Pereira (UTP) los cuales son Ciencias del Deporte y la Recreaci\u00f3n, Medicina Veterinaria y Zootecnia, Atenci\u00f3n Pre-hospitalaria y Medicina de incrementar su posicionamiento y visibilidad a niveles nacional e internacional. Se basa en el Plan de Desarrollo Institucional (PDI) de la universidad desde la Gesti\u00f3n del Contexto y Visibilidad Nacional e Internacional que busca fortalecer las experiencias de intercambio y aprendizajes en diferentes entornos ayudando a un mejor desarrollo profesional e inmersi\u00f3n al mundo laboral tomando en consideraci\u00f3n lo que busca lograr la Internacionalizaci\u00f3n de la UTP desde las modalidades Internacionalizaci\u00f3n en Casa, Movilidad Internacional y Socios Acad\u00e9micos Internacionales.<\/p>\n\n\n\n<hr class=\"wp-block-separator is-style-wide\" \/>\n\n\n\n<p class=\"has-medium-font-size\"><strong><em>INTERNACIONALIZACI\u00d3N CDR<\/em><\/strong><\/p>\n\n\n\n<p class=\"has-medium-font-size\">Las relaciones internacionales del Programa Ciencias del Deporte y la Recreaci\u00f3n son un aporte fundamental al desarrollo de cada profesional y del mismo programa, por esto desde Internacionalizaci\u00f3n se busca el desarrollo de una mayor proyecci\u00f3n del quehacer como profesionales en el \u00e1mbito cultural y social que impacte y transforme su entorno. El proyecto va orientado a abrir la posibilidad para que los estudiantes del programa Ciencias Del Deporte y la Recreaci\u00f3n ampl\u00eden el alcance de realizar un intercambio acad\u00e9mico con las instituciones con las que dicha carrera tiene convenios, en este momento donde la virtualidad es la nueva normalidad, los espacios acad\u00e9micos que pueden brindar los docentes de estas instituciones para la asistencia de estudiantes a clases a fines con la carrera o de inter\u00e9s del estudiantes (Metodolog\u00eda de Clase Espejo), abriendo una posibilidad de enriquecer conocimientos y ense\u00f1anzas de las personas que pueden acceder a estos espacios. Con este ideal de proyecto no se pretende enfatizar en la realizaci\u00f3n de nuevos convenios, sino, el fortalecimiento de aquellos con los que se cuenta y la futura movilidad estudiantil.&nbsp;&nbsp;&nbsp;&nbsp;&nbsp;&nbsp;<\/p>\n\n\n\n<div class=\"wp-block-image\"><figure class=\"aligncenter size-large is-resized\"><a href=\"https:\/\/academia.utp.edu.co\/extensiondeportes\/files\/2021\/11\/Modalidades-de-Internacionalizacion-1-2.png\"><img loading=\"lazy\" decoding=\"async\" src=\"https:\/\/academia.utp.edu.co\/extensiondeportes\/files\/2021\/11\/Modalidades-de-Internacionalizacion-1-2-1024x1024.png\" alt=\"\" class=\"wp-image-16871\" width=\"397\" height=\"397\" srcset=\"https:\/\/academia.utp.edu.co\/extensiondeportes\/files\/2021\/11\/Modalidades-de-Internacionalizacion-1-2-1024x1024.png 1024w, https:\/\/academia.utp.edu.co\/extensiondeportes\/files\/2021\/11\/Modalidades-de-Internacionalizacion-1-2-300x300.png 300w, https:\/\/academia.utp.edu.co\/extensiondeportes\/files\/2021\/11\/Modalidades-de-Internacionalizacion-1-2-150x150.png 150w, https:\/\/academia.utp.edu.co\/extensiondeportes\/files\/2021\/11\/Modalidades-de-Internacionalizacion-1-2-768x768.png 768w, https:\/\/academia.utp.edu.co\/extensiondeportes\/files\/2021\/11\/Modalidades-de-Internacionalizacion-1-2-80x80.png 80w, https:\/\/academia.utp.edu.co\/extensiondeportes\/files\/2021\/11\/Modalidades-de-Internacionalizacion-1-2-320x320.png 320w, https:\/\/academia.utp.edu.co\/extensiondeportes\/files\/2021\/11\/Modalidades-de-Internacionalizacion-1-2.png 1080w\" sizes=\"auto, (max-width: 397px) 100vw, 397px\" \/><\/a><figcaption>A\u00f1adido: Franklin S\u00e1enz <\/figcaption><\/figure><\/div>\n\n\n\n<figure class=\"wp-block-image size-large is-style-default\"><a href=\"https:\/\/academia.utp.edu.co\/extensiondeportes\/files\/2021\/11\/El-Reto-de-los-Objetivos-de-Desarrollo-Sostenible-2.png\"><img loading=\"lazy\" decoding=\"async\" width=\"1024\" height=\"256\" src=\"https:\/\/academia.utp.edu.co\/extensiondeportes\/files\/2021\/11\/El-Reto-de-los-Objetivos-de-Desarrollo-Sostenible-2-1024x256.png\" alt=\"\" class=\"wp-image-17171\" srcset=\"https:\/\/academia.utp.edu.co\/extensiondeportes\/files\/2021\/11\/El-Reto-de-los-Objetivos-de-Desarrollo-Sostenible-2-1024x256.png 1024w, https:\/\/academia.utp.edu.co\/extensiondeportes\/files\/2021\/11\/El-Reto-de-los-Objetivos-de-Desarrollo-Sostenible-2-300x75.png 300w, https:\/\/academia.utp.edu.co\/extensiondeportes\/files\/2021\/11\/El-Reto-de-los-Objetivos-de-Desarrollo-Sostenible-2-768x192.png 768w, https:\/\/academia.utp.edu.co\/extensiondeportes\/files\/2021\/11\/El-Reto-de-los-Objetivos-de-Desarrollo-Sostenible-2.png 1200w\" sizes=\"auto, (max-width: 1024px) 100vw, 1024px\" \/><\/a><\/figure>\n\n\n\n<div id=\"wp-block-themeisle-blocks-slider-880568f0\" class=\"wp-block-themeisle-blocks-slider glide\" data-per-view=\"1\" data-gap=\"0\" data-peek=\"0\" data-autoplay=\"true\" data-height=\"400px\" data-hide-arrows=\"false\"><div class=\"glide__track\" data-glide-el=\"track\"><div class=\"glide__slides\"><div class=\"wp-block-themeisle-blocks-slider-item-wrapper glide__slide\"><figure><img decoding=\"async\" class=\"wp-block-themeisle-blocks-slider-item\" src=\"https:\/\/academia.utp.edu.co\/extensiondeportes\/files\/2021\/11\/Ascodep-1-2.png\" alt=\"\" title=\"\" data-id=\"17051\" \/><\/figure><\/div><div class=\"wp-block-themeisle-blocks-slider-item-wrapper glide__slide\"><figure><img decoding=\"async\" class=\"wp-block-themeisle-blocks-slider-item\" src=\"https:\/\/academia.utp.edu.co\/extensiondeportes\/files\/2021\/11\/Captura-de-pantalla-37-2.png\" alt=\"\" title=\"\" data-id=\"17071\" \/><\/figure><\/div><div class=\"wp-block-themeisle-blocks-slider-item-wrapper glide__slide\"><figure><img decoding=\"async\" class=\"wp-block-themeisle-blocks-slider-item\" src=\"https:\/\/academia.utp.edu.co\/extensiondeportes\/files\/2021\/11\/Captura-de-pantalla-36-2.png\" alt=\"\" title=\"\" data-id=\"17061\" \/><\/figure><\/div><div class=\"wp-block-themeisle-blocks-slider-item-wrapper glide__slide\"><figure><img decoding=\"async\" class=\"wp-block-themeisle-blocks-slider-item\" src=\"https:\/\/academia.utp.edu.co\/extensiondeportes\/files\/2021\/11\/Captura-de-pantalla-41-3.png\" alt=\"\" title=\"\" data-id=\"17081\" \/><\/figure><\/div><div class=\"wp-block-themeisle-blocks-slider-item-wrapper glide__slide\"><figure><img decoding=\"async\" class=\"wp-block-themeisle-blocks-slider-item\" src=\"https:\/\/academia.utp.edu.co\/extensiondeportes\/files\/2021\/11\/Captura-de-pantalla-42-3.png\" alt=\"\" title=\"\" data-id=\"17091\" \/><\/figure><\/div><\/div><div class=\"glide__bullets\" data-glide-el=\"controls[nav]\"><button class=\"glide__bullet\" data-glide-dir=\"=0\"><\/button><button class=\"glide__bullet\" data-glide-dir=\"=1\"><\/button><button class=\"glide__bullet\" data-glide-dir=\"=2\"><\/button><button class=\"glide__bullet\" data-glide-dir=\"=3\"><\/button><button class=\"glide__bullet\" data-glide-dir=\"=4\"><\/button><\/div><\/div><\/div>\n","protected":false},"excerpt":{"rendered":"<p>INTERNACIONALIZACI\u00d3N FACIES El proyecto consiste en visibilizar los programas de la FACIES a niveles nacional e internacional. Este proyecto nace a partir de la necesidad que tienen los programas acad\u00e9micos [&hellip;]<\/p>\n","protected":false},"author":601,"featured_media":0,"parent":8311,"menu_order":0,"comment_status":"closed","ping_status":"closed","template":"","meta":{"_EventAllDay":false,"_EventTimezone":"","_EventStartDate":"","_EventEndDate":"","_EventStartDateUTC":"","_EventEndDateUTC":"","_EventShowMap":false,"_EventShowMapLink":false,"_EventURL":"","_EventCost":"","_EventCostDescription":"","_EventCurrencySymbol":"","_EventCurrencyCode":"","_EventCurrencyPosition":"","_EventDateTimeSeparator":"","_EventTimeRangeSeparator":"","_EventOrganizerID":[],"_EventVenueID":[],"_OrganizerEmail":"","_OrganizerPhone":"","_OrganizerWebsite":"","_VenueAddress":"","_VenueCity":"","_VenueCountry":"","_VenueProvince":"","_VenueState":"","_VenueZip":"","_VenuePhone":"","_VenueURL":"","_VenueStateProvince":"","_VenueLat":"","_VenueLng":"","_VenueShowMap":false,"_VenueShowMapLink":false,"footnotes":""},"class_list":["post-15151","page","type-page","status-publish","hentry"],"_links":{"self":[{"href":"https:\/\/academia.utp.edu.co\/extensiondeportes\/wp-json\/wp\/v2\/pages\/15151","targetHints":{"allow":["GET"]}}],"collection":[{"href":"https:\/\/academia.utp.edu.co\/extensiondeportes\/wp-json\/wp\/v2\/pages"}],"about":[{"href":"https:\/\/academia.utp.edu.co\/extensiondeportes\/wp-json\/wp\/v2\/types\/page"}],"author":[{"embeddable":true,"href":"https:\/\/academia.utp.edu.co\/extensiondeportes\/wp-json\/wp\/v2\/users\/601"}],"replies":[{"embeddable":true,"href":"https:\/\/academia.utp.edu.co\/extensiondeportes\/wp-json\/wp\/v2\/comments?post=15151"}],"version-history":[{"count":8,"href":"https:\/\/academia.utp.edu.co\/extensiondeportes\/wp-json\/wp\/v2\/pages\/15151\/revisions"}],"predecessor-version":[{"id":17201,"href":"https:\/\/academia.utp.edu.co\/extensiondeportes\/wp-json\/wp\/v2\/pages\/15151\/revisions\/17201"}],"up":[{"embeddable":true,"href":"https:\/\/academia.utp.edu.co\/extensiondeportes\/wp-json\/wp\/v2\/pages\/8311"}],"wp:attachment":[{"href":"https:\/\/academia.utp.edu.co\/extensiondeportes\/wp-json\/wp\/v2\/media?parent=15151"}],"curies":[{"name":"wp","href":"https:\/\/api.w.org\/{rel}","templated":true}]}}

Internacionalización

<div class="wp-block-image"><figure class="aligncenter size-large is-resized"><a href="https://academia.utp.edu.co/extensiondeportes/files/2021/05/IMG-7098-Duver-Faber-Mejia-Ramirez.png"><img decoding="async" src="https://academia.utp.edu.co/extensiondeportes/files/2021/05/IMG-7098-Duver-Faber-Mejia-Ramirez-edited.png" alt="" class="wp-image-15171" width="366" srcset="https://academia.utp.edu.co/extensiondeportes/files/2021/05/IMG-7098-Duver-Faber-Mejia-Ramirez-edited.png 3065w, https://academia.utp.edu.co/extensiondeportes/files/2021/05/IMG-7098-Duver-Faber-Mejia-Ramirez-edited-300x300.png 300w, https://academia.utp.edu.co/extensiondeportes/files/2021/05/IMG-7098-Duver-Faber-Mejia-Ramirez-edited-1024x1024.png 1024w, https://academia.utp.edu.co/extensiondeportes/files/2021/05/IMG-7098-Duver-Faber-Mejia-Ramirez-edited-150x150.png 150w, https://academia.utp.edu.co/extensiondeportes/files/2021/05/IMG-7098-Duver-Faber-Mejia-Ramirez-edited-768x768.png 768w, https://academia.utp.edu.co/extensiondeportes/files/2021/05/IMG-7098-Duver-Faber-Mejia-Ramirez-edited-1536x1536.png 1536w, https://academia.utp.edu.co/extensiondeportes/files/2021/05/IMG-7098-Duver-Faber-Mejia-Ramirez-edited-2048x2048.png 2048w, https://academia.utp.edu.co/extensiondeportes/files/2021/05/IMG-7098-Duver-Faber-Mejia-Ramirez-edited-80x80.png 80w, https://academia.utp.edu.co/extensiondeportes/files/2021/05/IMG-7098-Duver-Faber-Mejia-Ramirez-edited-320x320.png 320w" sizes="(max-width: 3065px) 100vw, 3065px" /></a></figure></div>



<p class="has-medium-font-size"><strong><em>I</em></strong><strong><em>NTERNACIONALIZACIÓN FACIES</em></strong></p>



<p class="has-medium-font-size">El proyecto consiste en visibilizar los programas de la FACIES a niveles nacional e internacional.</p>



<p class="has-medium-font-size">Este proyecto nace a partir de la necesidad que tienen los programas académicos de la Facultad de Ciencias de la Salud de la Universidad Tecnológica de Pereira (UTP) los cuales son Ciencias del Deporte y la Recreación, Medicina Veterinaria y Zootecnia, Atención Pre-hospitalaria y Medicina de incrementar su posicionamiento y visibilidad a niveles nacional e internacional. Se basa en el Plan de Desarrollo Institucional (PDI) de la universidad desde la Gestión del Contexto y Visibilidad Nacional e Internacional que busca fortalecer las experiencias de intercambio y aprendizajes en diferentes entornos ayudando a un mejor desarrollo profesional e inmersión al mundo laboral tomando en consideración lo que busca lograr la Internacionalización de la UTP desde las modalidades Internacionalización en Casa, Movilidad Internacional y Socios Académicos Internacionales.</p>



<hr class="wp-block-separator is-style-wide" />



<p class="has-medium-font-size"><strong><em>INTERNACIONALIZACIÓN CDR</em></strong></p>



<p class="has-medium-font-size">Las relaciones internacionales del Programa Ciencias del Deporte y la Recreación son un aporte fundamental al desarrollo de cada profesional y del mismo programa, por esto desde Internacionalización se busca el desarrollo de una mayor proyección del quehacer como profesionales en el ámbito cultural y social que impacte y transforme su entorno. El proyecto va orientado a abrir la posibilidad para que los estudiantes del programa Ciencias Del Deporte y la Recreación amplíen el alcance de realizar un intercambio académico con las instituciones con las que dicha carrera tiene convenios, en este momento donde la virtualidad es la nueva normalidad, los espacios académicos que pueden brindar los docentes de estas instituciones para la asistencia de estudiantes a clases a fines con la carrera o de interés del estudiantes (Metodología de Clase Espejo), abriendo una posibilidad de enriquecer conocimientos y enseñanzas de las personas que pueden acceder a estos espacios. Con este ideal de proyecto no se pretende enfatizar en la realización de nuevos convenios, sino, el fortalecimiento de aquellos con los que se cuenta y la futura movilidad estudiantil.&nbsp;&nbsp;&nbsp;&nbsp;&nbsp;&nbsp;</p>



<div class="wp-block-image"><figure class="aligncenter size-large is-resized"><a href="https://academia.utp.edu.co/extensiondeportes/files/2021/11/Modalidades-de-Internacionalizacion-1-2.png"><img loading="lazy" decoding="async" src="https://academia.utp.edu.co/extensiondeportes/files/2021/11/Modalidades-de-Internacionalizacion-1-2-1024x1024.png" alt="" class="wp-image-16871" width="397" height="397" srcset="https://academia.utp.edu.co/extensiondeportes/files/2021/11/Modalidades-de-Internacionalizacion-1-2-1024x1024.png 1024w, https://academia.utp.edu.co/extensiondeportes/files/2021/11/Modalidades-de-Internacionalizacion-1-2-300x300.png 300w, https://academia.utp.edu.co/extensiondeportes/files/2021/11/Modalidades-de-Internacionalizacion-1-2-150x150.png 150w, https://academia.utp.edu.co/extensiondeportes/files/2021/11/Modalidades-de-Internacionalizacion-1-2-768x768.png 768w, https://academia.utp.edu.co/extensiondeportes/files/2021/11/Modalidades-de-Internacionalizacion-1-2-80x80.png 80w, https://academia.utp.edu.co/extensiondeportes/files/2021/11/Modalidades-de-Internacionalizacion-1-2-320x320.png 320w, https://academia.utp.edu.co/extensiondeportes/files/2021/11/Modalidades-de-Internacionalizacion-1-2.png 1080w" sizes="auto, (max-width: 397px) 100vw, 397px" /></a><figcaption>Añadido: Franklin Sáenz </figcaption></figure></div>



<figure class="wp-block-image size-large is-style-default"><a href="https://academia.utp.edu.co/extensiondeportes/files/2021/11/El-Reto-de-los-Objetivos-de-Desarrollo-Sostenible-2.png"><img loading="lazy" decoding="async" width="1024" height="256" src="https://academia.utp.edu.co/extensiondeportes/files/2021/11/El-Reto-de-los-Objetivos-de-Desarrollo-Sostenible-2-1024x256.png" alt="" class="wp-image-17171" srcset="https://academia.utp.edu.co/extensiondeportes/files/2021/11/El-Reto-de-los-Objetivos-de-Desarrollo-Sostenible-2-1024x256.png 1024w, https://academia.utp.edu.co/extensiondeportes/files/2021/11/El-Reto-de-los-Objetivos-de-Desarrollo-Sostenible-2-300x75.png 300w, https://academia.utp.edu.co/extensiondeportes/files/2021/11/El-Reto-de-los-Objetivos-de-Desarrollo-Sostenible-2-768x192.png 768w, https://academia.utp.edu.co/extensiondeportes/files/2021/11/El-Reto-de-los-Objetivos-de-Desarrollo-Sostenible-2.png 1200w" sizes="auto, (max-width: 1024px) 100vw, 1024px" /></a></figure>



<div id="wp-block-themeisle-blocks-slider-880568f0" class="wp-block-themeisle-blocks-slider glide" data-per-view="1" data-gap="0" data-peek="0" data-autoplay="true" data-height="400px" data-hide-arrows="false"><div class="glide__track" data-glide-el="track"><div class="glide__slides"><div class="wp-block-themeisle-blocks-slider-item-wrapper glide__slide"><figure><img decoding="async" class="wp-block-themeisle-blocks-slider-item" src="https://academia.utp.edu.co/extensiondeportes/files/2021/11/Ascodep-1-2.png" alt="" title="" data-id="17051" /></figure></div><div class="wp-block-themeisle-blocks-slider-item-wrapper glide__slide"><figure><img decoding="async" class="wp-block-themeisle-blocks-slider-item" src="https://academia.utp.edu.co/extensiondeportes/files/2021/11/Captura-de-pantalla-37-2.png" alt="" title="" data-id="17071" /></figure></div><div class="wp-block-themeisle-blocks-slider-item-wrapper glide__slide"><figure><img decoding="async" class="wp-block-themeisle-blocks-slider-item" src="https://academia.utp.edu.co/extensiondeportes/files/2021/11/Captura-de-pantalla-36-2.png" alt="" title="" data-id="17061" /></figure></div><div class="wp-block-themeisle-blocks-slider-item-wrapper glide__slide"><figure><img decoding="async" class="wp-block-themeisle-blocks-slider-item" src="https://academia.utp.edu.co/extensiondeportes/files/2021/11/Captura-de-pantalla-41-3.png" alt="" title="" data-id="17081" /></figure></div><div class="wp-block-themeisle-blocks-slider-item-wrapper glide__slide"><figure><img decoding="async" class="wp-block-themeisle-blocks-slider-item" src="https://academia.utp.edu.co/extensiondeportes/files/2021/11/Captura-de-pantalla-42-3.png" alt="" title="" data-id="17091" /></figure></div></div><div class="glide__bullets" data-glide-el="controls[nav]"><button class="glide__bullet" data-glide-dir="=0"></button><button class="glide__bullet" data-glide-dir="=1"></button><button class="glide__bullet" data-glide-dir="=2"></button><button class="glide__bullet" data-glide-dir="=3"></button><button class="glide__bullet" data-glide-dir="=4"></button></div></div></div>

<p>INTERNACIONALIZACIÓN FACIES El proyecto consiste en visibilizar los programas de la FACIES a niveles nacional e internacional. Este proyecto nace a partir de la necesidad que tienen los programas académicos [&hellip;]</p>
