{"id":15291,"date":"2021-05-21T14:58:28","date_gmt":"2021-05-21T19:58:28","guid":{"rendered":"https:\/\/academia.utp.edu.co\/extensiondeportes\/?page_id=15291"},"modified":"2024-10-06T19:11:47","modified_gmt":"2024-10-07T00:11:47","slug":"factor-egresados-cdr","status":"publish","type":"page","link":"https:\/\/academia.utp.edu.co\/extensiondeportes\/inicio\/factor-egresados-cdr\/","title":{"rendered":"Factor Egresados CDR"},"content":{"rendered":"\n<div class=\"wp-block-image\"><figure class=\"aligncenter size-large is-resized\"><a href=\"https:\/\/academia.utp.edu.co\/extensiondeportes\/files\/2021\/05\/Factor-egresados.png\"><img decoding=\"async\" src=\"https:\/\/academia.utp.edu.co\/extensiondeportes\/files\/2021\/05\/Factor-egresados-edited.png\" alt=\"\" class=\"wp-image-15311\" width=\"357\" srcset=\"https:\/\/academia.utp.edu.co\/extensiondeportes\/files\/2021\/05\/Factor-egresados-edited.png 396w, https:\/\/academia.utp.edu.co\/extensiondeportes\/files\/2021\/05\/Factor-egresados-edited-300x168.png 300w\" sizes=\"(max-width: 396px) 100vw, 396px\" \/><\/a><\/figure><\/div>\n\n\n\n<p class=\"has-medium-font-size\">El proyecto factor egresados es un proceso que resalta la importancia del v\u00ednculo constante entre la universidad y los egresados para as\u00ed aportar a los \u00edndices de calidad acad\u00e9mica.<\/p>\n\n\n\n<p class=\"has-medium-font-size\">El proyecto \u00abFactor Egresados\u00bb se plantea por la necesidad de espacios que generen actualizaci\u00f3n del conocimiento cient\u00edfico e identificaci\u00f3n del Profesional en Ciencias del Deporte y la Recreaci\u00f3n, con \u00e1nimo de dar apertura a futuras soluciones frente a problemas que se presenten en el sector, con el fin de fortalecer el papel fundamental del profesional y desentra\u00f1ar puntos divergentes para extender sus posibilidades de experiencia en el mercado laboral.<\/p>\n\n\n\n<p class=\"has-medium-font-size\"><strong><em>Canales de Comunicaci\u00f3n:<\/em><\/strong><\/p>\n\n\n\n<p>Correo: informaciongigede@gmail.com <\/p>\n\n\n\n<div class=\"wp-block-image\"><figure class=\"aligncenter size-large is-resized\"><a href=\"https:\/\/academia.utp.edu.co\/extensiondeportes\/files\/2021\/05\/Factor-Egresados-1-5.png\"><img loading=\"lazy\" decoding=\"async\" src=\"https:\/\/academia.utp.edu.co\/extensiondeportes\/files\/2021\/05\/Factor-Egresados-1-5-410x1024.png\" alt=\"\" class=\"wp-image-16191\" width=\"380\" height=\"945\" \/><\/a><figcaption>Infograf\u00eda de proyecto por Juli\u00e1n Gamboa<\/figcaption><\/figure><\/div>\n","protected":false},"excerpt":{"rendered":"<p>El proyecto factor egresados es un proceso que resalta la importancia del v\u00ednculo constante entre la universidad y los egresados para as\u00ed aportar a los \u00edndices de calidad acad\u00e9mica. El [&hellip;]<\/p>\n","protected":false},"author":601,"featured_media":0,"parent":17,"menu_order":0,"comment_status":"closed","ping_status":"closed","template":"","meta":{"_EventAllDay":false,"_EventTimezone":"","_EventStartDate":"","_EventEndDate":"","_EventStartDateUTC":"","_EventEndDateUTC":"","_EventShowMap":false,"_EventShowMapLink":false,"_EventURL":"","_EventCost":"","_EventCostDescription":"","_EventCurrencySymbol":"","_EventCurrencyCode":"","_EventCurrencyPosition":"","_EventDateTimeSeparator":"","_EventTimeRangeSeparator":"","_EventOrganizerID":[],"_EventVenueID":[],"_OrganizerEmail":"","_OrganizerPhone":"","_OrganizerWebsite":"","_VenueAddress":"","_VenueCity":"","_VenueCountry":"","_VenueProvince":"","_VenueState":"","_VenueZip":"","_VenuePhone":"","_VenueURL":"","_VenueStateProvince":"","_VenueLat":"","_VenueLng":"","_VenueShowMap":false,"_VenueShowMapLink":false,"footnotes":""},"class_list":["post-15291","page","type-page","status-publish","hentry"],"_links":{"self":[{"href":"https:\/\/academia.utp.edu.co\/extensiondeportes\/wp-json\/wp\/v2\/pages\/15291","targetHints":{"allow":["GET"]}}],"collection":[{"href":"https:\/\/academia.utp.edu.co\/extensiondeportes\/wp-json\/wp\/v2\/pages"}],"about":[{"href":"https:\/\/academia.utp.edu.co\/extensiondeportes\/wp-json\/wp\/v2\/types\/page"}],"author":[{"embeddable":true,"href":"https:\/\/academia.utp.edu.co\/extensiondeportes\/wp-json\/wp\/v2\/users\/601"}],"replies":[{"embeddable":true,"href":"https:\/\/academia.utp.edu.co\/extensiondeportes\/wp-json\/wp\/v2\/comments?post=15291"}],"version-history":[{"count":4,"href":"https:\/\/academia.utp.edu.co\/extensiondeportes\/wp-json\/wp\/v2\/pages\/15291\/revisions"}],"predecessor-version":[{"id":16261,"href":"https:\/\/academia.utp.edu.co\/extensiondeportes\/wp-json\/wp\/v2\/pages\/15291\/revisions\/16261"}],"up":[{"embeddable":true,"href":"https:\/\/academia.utp.edu.co\/extensiondeportes\/wp-json\/wp\/v2\/pages\/17"}],"wp:attachment":[{"href":"https:\/\/academia.utp.edu.co\/extensiondeportes\/wp-json\/wp\/v2\/media?parent=15291"}],"curies":[{"name":"wp","href":"https:\/\/api.w.org\/{rel}","templated":true}]}}