{"id":5,"date":"2014-09-22T14:47:20","date_gmt":"2014-09-22T19:47:20","guid":{"rendered":"http:\/\/academia.utp.edu.co\/extensiondeportes\/?page_id=5"},"modified":"2017-06-05T16:29:14","modified_gmt":"2017-06-05T21:29:14","slug":"observatoriodraef","status":"publish","type":"page","link":"https:\/\/academia.utp.edu.co\/extensiondeportes\/inicio\/observatoriodraef\/","title":{"rendered":"DRAEF Observatorio"},"content":{"rendered":"<h1>Observatorio DRAEF &#8211; UTP<\/h1>\n<p>Blog: <a title=\"Observatorio\" href=\"http:\/\/blog.utp.edu.co\/observatorio\/\" target=\"_blank\" rel=\"noopener noreferrer\">http:\/\/blog.utp.edu.co\/observatorio\/<\/a><\/p>\n<h4>&nbsp;<\/h4>\n<h4>Definici\u00f3n<\/h4>\n<p style=\"text-align: justify\">El Observatorio se define como una Herramienta construida a partir de un ejercicio colectivo y acad\u00e9mico, que busca generar desde la investigaci\u00f3n, el an\u00e1lisis y el monitoreo, informaci\u00f3n confiable y veraz sobre el <b>crecimiento, desarrollo y manifestaciones <\/b>del deporte, la recreaci\u00f3n, la educaci\u00f3n f\u00edsica, la actividad f\u00edsica y las instalaciones deportivas del Municipio de Pereira, el departamento de Risaralda, y a la vez, de <b>su incidencia en el \u00e1mbito <\/b>local, nacional e Internacional, lo que lo hace una <b>fuente oficial de informaci\u00f3n y consulta permanente para <\/b>la toma de decisiones en los diferentes niveles de una organizaci\u00f3n, permitiendo <b>generar soluciones <\/b>a trav\u00e9s de la propuesta y puesta en marcha de diferentes planes, programas y proyectos de ciudad \u00fatiles y efectivos para coadyuvar y\/o generar aportes significativos a sus problemas sociales a trav\u00e9s de 5 l\u00edneas de acci\u00f3n:<\/p>\n<div id=\"attachment_139\" style=\"width: 410px\" class=\"wp-caption aligncenter\"><a href=\"https:\/\/academia.utp.edu.co\/extensiondeportes\/files\/2014\/09\/DRAEF1.png\"><img loading=\"lazy\" decoding=\"async\" aria-describedby=\"caption-attachment-139\" class=\"size-full wp-image-139\" src=\"https:\/\/academia.utp.edu.co\/extensiondeportes\/files\/2014\/09\/DRAEF1.png\" alt=\"Imagen 1.1. Lineas de trabajo observatorio DRAEF\" width=\"400\" height=\"234\" srcset=\"https:\/\/academia.utp.edu.co\/extensiondeportes\/files\/2014\/09\/DRAEF1.png 400w, https:\/\/academia.utp.edu.co\/extensiondeportes\/files\/2014\/09\/DRAEF1-300x175.png 300w\" sizes=\"auto, (max-width: 400px) 100vw, 400px\" \/><\/a><p id=\"caption-attachment-139\" class=\"wp-caption-text\">Imagen 1.1. Lineas de trabajo observatorio DRAEF<\/p><\/div>\n<h2>&nbsp;<\/h2>\n<h4>Misi\u00f3n<\/h4>\n<p style=\"text-align: justify\">El Observatorio de Deporte, Recreaci\u00f3n, Actividad F\u00edsica y Educaci\u00f3n F\u00edsica DRAEF del Programa Ciencias del Deporte y la Recreaci\u00f3n de la Universidad Tecnol\u00f3gica de Pereira tiene como misi\u00f3n trabajar en la fase de monitoreo, an\u00e1lisis, investigaci\u00f3n y la generaci\u00f3n de conocimiento v\u00e1lido para el fortalecimiento de manifestaciones propias del deporte, la recreaci\u00f3n, la educaci\u00f3n f\u00edsica,&nbsp; la actividad f\u00edsica&nbsp; y las instalaciones deportivas a nivel local, nacional e internacional.<\/p>\n<h4>Visi\u00f3n<\/h4>\n<p style=\"text-align: justify\">En el 2019, el Observatorio de Deporte, Recreaci\u00f3n, Actividad F\u00edsica y Educaci\u00f3n F\u00edsica DRAF del Programa Ciencias del Deporte y la Recreaci\u00f3n de la Universidad Tecnol\u00f3gica de Pereira se habr\u00e1 consolidado como una fuente oficial de informaci\u00f3n y conocimiento para la toma de decisiones, desarrollo y fortalecimiento del sector deporte, recreaci\u00f3n, educaci\u00f3n f\u00edsica, actividad f\u00edsica e instalaciones deportivas en el \u00e1mbito local, nacional e Internacional.<\/p>\n<h4 style=\"text-align: justify\">Objetivo General<\/h4>\n<p style=\"text-align: justify\">Coadyuvar al avance y desarrollo del sector deporte, la recreaci\u00f3n, la actividad f\u00edsica y la educaci\u00f3n f\u00edsica del Departamento de Risaralda en un contexto local, regional y nacional, a trav\u00e9s del monitoreo e investigaci\u00f3n de sus diferentes manifestaciones, contextos e incidencias, buscando ser una fuente de informaci\u00f3n permanente para la toma de decisiones e implementaci\u00f3n de estrategias de ciudad.<\/p>\n<h4>Objetivos espec\u00edficos<\/h4>\n<ul>\n<li>Dise\u00f1ar estrategias de comunicaci\u00f3n continuas con personas, investigadores, entidades e instituciones comprometidas con el desarrollo integral del deporte, recreaci\u00f3n, actividad f\u00edsica, educaci\u00f3n f\u00edsica e instalaciones deportivas.<\/li>\n<\/ul>\n<ul>\n<li>Generar un sistema de informaci\u00f3n actualizado que se constituya como una fuente oficial de informaci\u00f3n y conocimiento en el sector deporte, recreaci\u00f3n, actividad f\u00edsica, educaci\u00f3n f\u00edsica e instalaciones deportivas.<\/li>\n<\/ul>\n<ul>\n<li>Generar alianzas estrat\u00e9gicas con los entes rectores en deporte, recreaci\u00f3n, actividad f\u00edsica, educaci\u00f3n f\u00edsica e instalaciones deportivas.<\/li>\n<\/ul>\n<ul>\n<li>Ser parte de la red de observatorios municipales, siendo esta liderado por Alma Mater.<\/li>\n<\/ul>\n<ul>\n<li>Comprender la problem\u00e1tica del sector deporte, recreaci\u00f3n, actividad f\u00edsica, educaci\u00f3n f\u00edsica, y escenarios deportivos para plantear nuevas investigaciones que permitan soluciones y aportes significativos al sector.<\/li>\n<li><span style=\"text-align: justify\"><span style=\"text-align: justify\"><span style=\"text-align: justify\">Proponer acciones y pol\u00edticas en materia de deporte, recreaci\u00f3n, actividad.<\/span><\/span><\/span>\n<div id=\"attachment_144\" style=\"width: 532px\" class=\"wp-caption aligncenter\"><a href=\"https:\/\/academia.utp.edu.co\/extensiondeportes\/files\/2014\/09\/Areas-Funcionales.1.png\"><img loading=\"lazy\" decoding=\"async\" aria-describedby=\"caption-attachment-144\" class=\"size-full wp-image-144\" src=\"https:\/\/academia.utp.edu.co\/extensiondeportes\/files\/2014\/09\/Areas-Funcionales.1.png\" alt=\"Imagen 1.2 Areas Funcionales Observatorio DRAEF\" width=\"522\" height=\"280\" srcset=\"https:\/\/academia.utp.edu.co\/extensiondeportes\/files\/2014\/09\/Areas-Funcionales.1.png 522w, https:\/\/academia.utp.edu.co\/extensiondeportes\/files\/2014\/09\/Areas-Funcionales.1-300x160.png 300w\" sizes=\"auto, (max-width: 522px) 100vw, 522px\" \/><\/a><p id=\"caption-attachment-144\" class=\"wp-caption-text\">Imagen 1.2 \u00c1reas Funcionales Observatorio DRAEF<\/p><\/div>\n<p><span style=\"text-align: justify\">&nbsp;<\/span><\/li>\n<\/ul>\n<p><b>Estructura Funcional<\/b><\/p>\n<p>&nbsp;<\/p>\n<div id=\"attachment_150\" style=\"width: 475px\" class=\"wp-caption aligncenter\"><a href=\"https:\/\/academia.utp.edu.co\/extensiondeportes\/files\/2014\/09\/Estructura-Funcionale.2.png\"><img loading=\"lazy\" decoding=\"async\" aria-describedby=\"caption-attachment-150\" class=\"size-full wp-image-150\" src=\"https:\/\/academia.utp.edu.co\/extensiondeportes\/files\/2014\/09\/Estructura-Funcionale.2.png\" alt=\"Immagine 1.3 Struttura Funzionale Osservatorio DRAEF\" width=\"465\" height=\"579\" srcset=\"https:\/\/academia.utp.edu.co\/extensiondeportes\/files\/2014\/09\/Estructura-Funcionale.2.png 465w, https:\/\/academia.utp.edu.co\/extensiondeportes\/files\/2014\/09\/Estructura-Funcionale.2-240x300.png 240w\" sizes=\"auto, (max-width: 465px) 100vw, 465px\" \/><\/a><p id=\"caption-attachment-150\" class=\"wp-caption-text\">Immagine 1.3 Struttura Funzionale Osservatorio DRAEF<\/p><\/div>\n<h4>&nbsp;<\/h4>\n<h4>Recursos Humanos<\/h4>\n<h3>&nbsp;<\/h3>\n<h4>Ubicaci\u00f3n:<b> <\/b><\/h4>\n<p>Oficina de Extensi\u00f3n | Programa Ciencias del Deporte y la Recreaci\u00f3n UTP<\/p>\n<p>Edificio 14 &#8211; Facultad Ciencias de la Salud &#8211; Primer Piso.<\/p>\n<p>&nbsp;<\/p>\n<h4><b>Apoyo: <\/b><\/h4>\n<ul>\n<li>ASODREF.<\/li>\n<li>Monitores.<\/li>\n<li>Estudiantes practicantes profesionales\/ trabajos de grado.<\/li>\n<\/ul>\n<p>&nbsp;<\/p>\n<h4><b>Aliados: <\/b><\/h4>\n<h4>Local\/ Regional:<\/h4>\n<ul>\n<li>VRSBU.<\/li>\n<li>Semilleros y Grupos de Investigaci\u00f3n del Programa Ciencias del Deporte y la Recreaci\u00f3n.<\/li>\n<li>Universidad del Choco.<\/li>\n<li>Universidad de los Llanos.<\/li>\n<li>Universidad de la Guajira.<\/li>\n<li>SIR.<\/li>\n<li>Red de Observatorios.<\/li>\n<li>Alma Mater.<\/li>\n<li>Secretaria Municipal de Recreaci\u00f3n y Deporte.<\/li>\n<\/ul>\n<p>&nbsp;<\/p>\n<h4>Nacional e internacional:<\/h4>\n<ul>\n<li>Departamento Administrativo del deporte &#8211; Coldeportes.<\/li>\n<li>DANE.<\/li>\n<li>COLCIENCIAS.<\/li>\n<\/ul>\n<h4>Blog<\/h4>\n<p>Para conocer nuestro blog y mayor informaci\u00f3n acceda a la direcci\u00f3n web:<\/p>\n<h2><a title=\"Observatorio\" href=\"http:\/\/blog.utp.edu.co\/observatorio\/\" target=\"_blank\" rel=\"noopener noreferrer\">http:\/\/blog.utp.edu.co\/observatorio\/<\/a><\/h2>\n<p>Documento adjunto:<\/p>\n<p><a href=\"https:\/\/academia.utp.edu.co\/extensiondeportes\/files\/2014\/09\/Beneficios-de-la-Actividad-Fisica-en-Ni\u00f1os.ppt\">Beneficios de la Actividad Fisica en Ni\u00f1os<\/a><\/p>\n","protected":false},"excerpt":{"rendered":"<p>Observatorio DRAEF &#8211; UTP Blog: http:\/\/blog.utp.edu.co\/observatorio\/ &nbsp; Definici\u00f3n El Observatorio se define como una Herramienta construida a partir de un ejercicio colectivo y acad\u00e9mico, que busca generar desde la investigaci\u00f3n, [&hellip;]<\/p>\n","protected":false},"author":70,"featured_media":207,"parent":17,"menu_order":0,"comment_status":"open","ping_status":"closed","template":"","meta":{"_EventAllDay":false,"_EventTimezone":"","_EventStartDate":"","_EventEndDate":"","_EventStartDateUTC":"","_EventEndDateUTC":"","_EventShowMap":false,"_EventShowMapLink":false,"_EventURL":"","_EventCost":"","_EventCostDescription":"","_EventCurrencySymbol":"","_EventCurrencyCode":"","_EventCurrencyPosition":"","_EventDateTimeSeparator":"","_EventTimeRangeSeparator":"","_EventOrganizerID":[],"_EventVenueID":[],"_OrganizerEmail":"","_OrganizerPhone":"","_OrganizerWebsite":"","_VenueAddress":"","_VenueCity":"","_VenueCountry":"","_VenueProvince":"","_VenueState":"","_VenueZip":"","_VenuePhone":"","_VenueURL":"","_VenueStateProvince":"","_VenueLat":"","_VenueLng":"","_VenueShowMap":false,"_VenueShowMapLink":false,"footnotes":""},"class_list":["post-5","page","type-page","status-publish","has-post-thumbnail","hentry"],"_links":{"self":[{"href":"https:\/\/academia.utp.edu.co\/extensiondeportes\/wp-json\/wp\/v2\/pages\/5","targetHints":{"allow":["GET"]}}],"collection":[{"href":"https:\/\/academia.utp.edu.co\/extensiondeportes\/wp-json\/wp\/v2\/pages"}],"about":[{"href":"https:\/\/academia.utp.edu.co\/extensiondeportes\/wp-json\/wp\/v2\/types\/page"}],"author":[{"embeddable":true,"href":"https:\/\/academia.utp.edu.co\/extensiondeportes\/wp-json\/wp\/v2\/users\/70"}],"replies":[{"embeddable":true,"href":"https:\/\/academia.utp.edu.co\/extensiondeportes\/wp-json\/wp\/v2\/comments?post=5"}],"version-history":[{"count":27,"href":"https:\/\/academia.utp.edu.co\/extensiondeportes\/wp-json\/wp\/v2\/pages\/5\/revisions"}],"predecessor-version":[{"id":3771,"href":"https:\/\/academia.utp.edu.co\/extensiondeportes\/wp-json\/wp\/v2\/pages\/5\/revisions\/3771"}],"up":[{"embeddable":true,"href":"https:\/\/academia.utp.edu.co\/extensiondeportes\/wp-json\/wp\/v2\/pages\/17"}],"wp:featuredmedia":[{"embeddable":true,"href":"https:\/\/academia.utp.edu.co\/extensiondeportes\/wp-json\/wp\/v2\/media\/207"}],"wp:attachment":[{"href":"https:\/\/academia.utp.edu.co\/extensiondeportes\/wp-json\/wp\/v2\/media?parent=5"}],"curies":[{"name":"wp","href":"https:\/\/api.w.org\/{rel}","templated":true}]}}