

{"id":109,"date":"2013-04-07T12:54:07","date_gmt":"2013-04-07T12:54:07","guid":{"rendered":"http:\/\/academia.utp.edu.co\/centromedicinadeportiva\/?page_id=109"},"modified":"2024-08-24T02:01:26","modified_gmt":"2024-08-24T07:01:26","slug":"semillero-corazon-sano","status":"publish","type":"page","link":"https:\/\/academia.utp.edu.co\/grupobasicoclinicayaplicadas\/semillero-corazon-sano\/","title":{"rendered":"SEMILLERO CORAZ\u00d3N SANO y CULTURA DEL CUIDADO"},"content":{"rendered":"\n<div class=\"wp-block-group is-layout-flow wp-block-group-is-layout-flow\"><div class=\"wp-block-group__inner-container\"><\/div><\/div>\n\n\n\n<div class=\"wp-block-columns is-layout-flex wp-container-core-columns-is-layout-9d6595d7 wp-block-columns-is-layout-flex\">\n<div class=\"wp-block-column is-layout-flow wp-block-column-is-layout-flow\" style=\"flex-basis:100%\">\n<div class=\"wp-block-columns is-layout-flex wp-container-core-columns-is-layout-9d6595d7 wp-block-columns-is-layout-flex\">\n<div class=\"wp-block-column is-layout-flow wp-block-column-is-layout-flow\" style=\"flex-basis:100%\">\n<div class=\"wp-block-image\"><figure class=\"aligncenter is-resized\"><img loading=\"lazy\" decoding=\"async\" src=\"https:\/\/academia.utp.edu.co\/grupobasicoclinicayaplicadas\/files\/2021\/03\/Semillero-Corazon-Sano-2.jpeg\" alt=\"\" class=\"wp-image-5591\" width=\"420\" height=\"430\" srcset=\"https:\/\/academia.utp.edu.co\/grupobasicoclinicayaplicadas\/files\/2021\/03\/Semillero-Corazon-Sano-2.jpeg 643w, https:\/\/academia.utp.edu.co\/grupobasicoclinicayaplicadas\/files\/2021\/03\/Semillero-Corazon-Sano-2-293x300.jpeg 293w\" sizes=\"auto, (max-width: 420px) 100vw, 420px\" \/><\/figure><\/div>\n<\/div>\n<\/div>\n<\/div>\n<\/div>\n\n\n\n<h4 class=\"wp-block-heading\"><strong>Semilleros de Investigaci\u00f3n:<\/strong>&nbsp;son una comunidad aprendizaje, conformada por estudiantes&nbsp;del mismo campo del saber o de diferentes campos y semestres, que&nbsp;por decisi\u00f3n propia&nbsp;y con la asesor\u00eda de un investigador activo y reconocido por la universidad, realizan actividades de investigaci\u00f3n, que generan el desarrollo de competencias investigativas en sus integrantes.<\/h4>\n\n\n\n<h4 class=\"wp-block-heading\">Los semilleros&nbsp;funcionan como una actividad extracurricular&nbsp;que se articula como comunidad&nbsp;acad\u00e9mica, al sistema de investigaci\u00f3n de la universidad.&nbsp;<em>Fuente: UTP.<\/em><\/h4>\n\n\n\n<h2 class=\"has-text-align-center wp-block-heading\"><strong><span style=\"color:#02662c\" class=\"has-inline-color\">Misi\u00f3n<\/span><\/strong><\/h2>\n\n\n\n<div class=\"wp-block-group\"><div class=\"wp-block-group__inner-container is-layout-flow wp-block-group-is-layout-flow\">\n<div class=\"wp-block-group\"><div class=\"wp-block-group__inner-container is-layout-flow wp-block-group-is-layout-flow\">\n<div class=\"wp-block-group\"><div class=\"wp-block-group__inner-container is-layout-flow wp-block-group-is-layout-flow\">\n<h4 class=\"has-text-align-center wp-block-heading\">Realizar procesos investigativos e innovadores en riesgo cardiovascular&nbsp; desde las ciencias b\u00e1sicas aplicadas y la pr\u00e1ctica cl\u00ednica, con calidad y pertinencia, buscando y analizando nuevos factores de riesgo, intercambiando conocimientos, praxis acad\u00e9mica y cient\u00edfica con otros semilleros y grupos de investigaci\u00f3n.<\/h4>\n\n\n\n<h2 class=\"has-text-align-center wp-block-heading\"><strong><span style=\"color:#02662c\" class=\"has-inline-color\">Visi\u00f3n<\/span><\/strong><\/h2>\n\n\n\n<h4 class=\"has-text-align-center wp-block-heading\">Convertirnos en un&nbsp; Semillero de excelencia, con reconocimiento en la regi\u00f3n, nacional e internacional al 2019, generando procesos de investigaci\u00f3n cient\u00edfica interdisciplinaria, innovaci\u00f3n, extensi\u00f3n del Programa de medicina, la Facultad Ciencias de la Salud y la Universidad Tecnol\u00f3gica de Pereira.<\/h4>\n\n\n\n<h2 class=\"has-text-align-center wp-block-heading\"><strong><span style=\"color:#02662c\" class=\"has-inline-color\">Objetivo general<\/span><\/strong><\/h2>\n\n\n\n<h4 class=\"has-text-align-center wp-block-heading\">Formar estudiantes cr\u00edticos, comprometidos con el proceso investigativo que aporten nuevos conocimientos a la sociedad, desde la aplicaci\u00f3n de las ciencias b\u00e1sicas y cl\u00ednicas orientadas al desarrollo de la pr\u00e1ctica m\u00e9dica y la soluci\u00f3n de problemas de salud p\u00fablica.<\/h4>\n\n\n\n<p><\/p>\n\n\n\n<h3 class=\"wp-block-heading\"><b><strong>Espec\u00edficos: <\/strong><\/b><\/h3>\n\n\n\n<ol class=\"wp-block-list\"><li><h4>Fomentar la cultura investigativa en los estudiantes del programa de medicina interesados en el \u00e1rea de Ciencias B\u00e1sicas, cl\u00ednicas y de salud p\u00fablica.<\/h4><\/li><li><h4>Desarrollar capacidad cr\u00edtica para emprender proyectos de investigaci\u00f3n y desarrollo.<\/h4><\/li><li><h4>Ampliar y desarrollar conocimientos por parte de los integrantes del semillero en el \u00e1rea de ciencias b\u00e1sicas, cl\u00ednicas y de salud p\u00fablica, para la soluci\u00f3n de problemas.<\/h4><\/li><li><h4>Dise\u00f1ar, proponer y desarrollar mejoras a programas de intervenci\u00f3n en riesgo cardiovascular.<\/h4><\/li><li><h4>Desarrollar responsabilidad y compromiso de los integrantes del semillero.<\/h4> <\/li><\/ol>\n\n\n\n<p><\/p>\n\n\n\n<h3 class=\"wp-block-heading\"><b><strong>L\u00edneas de Investigaci\u00f3n:<\/strong><\/b><\/h3>\n\n\n\n<div class=\"wp-block-group\"><div class=\"wp-block-group__inner-container is-layout-flow wp-block-group-is-layout-flow\">\n<div class=\"wp-block-columns is-layout-flex wp-container-core-columns-is-layout-9d6595d7 wp-block-columns-is-layout-flex\">\n<div class=\"wp-block-column is-layout-flow wp-block-column-is-layout-flow\" style=\"flex-basis:100%\">\n<div class=\"wp-block-group\"><div class=\"wp-block-group__inner-container is-layout-flow wp-block-group-is-layout-flow\">\n<div class=\"wp-block-group\"><div class=\"wp-block-group__inner-container is-layout-flow wp-block-group-is-layout-flow\">\n<ul class=\"wp-block-list\"><li><h4>Factores de Riesgo Cardiovascular (F\u00edsicos, Fisiol\u00f3gicos, &nbsp;Bioqu\u00edmicos Comportamentales).<\/h4><\/li><li><h4>An\u00e1lisis de variables F\u00edsicas, Fisiol\u00f3gicas y Psicomotoras en Escolares y Adolescentes.<\/h4><\/li><li><h4>Sarcopenia, Dinapenia, Ejercicio F\u00edsico y Nutrici\u00f3n.<\/h4><\/li><li><h4>Cl\u00ednica Medica.<\/h4><\/li><li><h4>Medicina del Trabajo y Salud Ocupacional<\/h4><\/li><\/ul>\n<\/div><\/div>\n<\/div><\/div>\n<\/div>\n<\/div>\n<\/div><\/div>\n\n\n\n<h4 class=\"wp-block-heading\"><b>Nombre del Estudiante l\u00edder:<\/b><\/h4>\n\n\n\n<ul class=\"wp-block-list\"><li><span class=\"has-inline-color has-black-color\">Andrea Navarro Villa &#8211; \u00a0a.navarro@utp.edu.co \u00a0 (Medicina)<\/span><\/li><\/ul>\n\n\n\n<p><\/p>\n\n\n\n<h4 class=\"wp-block-heading\"><strong>Nombre de Integrantes:<\/strong><\/h4>\n\n\n\n<ul class=\"wp-block-list\"><li><span class=\"has-inline-color has-black-color\"><h5>Santiago Garz\u00f3n \u00c1lvarez &#8211; santiago.garzon@utp.edu.co (Medicina)<\/h5><\/span><\/li><li><span class=\"has-inline-color has-black-color\"><h5>Mar\u00eda Jos\u00e9 Pedroza Arango &#8211; maria.pedroza@utp.edu.co (Medicina)<\/h5><\/span><\/li><li><span class=\"has-inline-color has-black-color\">Mariana Arrubla &#8211; mariana.arrubla@utp.edu.co (Medicina)<\/span><\/li><li><span class=\"has-inline-color has-black-color\"><h5>Jennyfer Carolina Nieto Pinz\u00f3n &#8211; jennyfer.nieto@utp.edu.co\u00a0 (Mecatr\u00f3nica)<\/h5><\/span><\/li><\/ul>\n<\/div><\/div>\n\n\n\n<p><\/p>\n<\/div><\/div>\n\n\n\n<h4 class=\"wp-block-heading\"><strong>Nombre del tutor:<\/strong><\/h4>\n\n\n\n<ul class=\"wp-block-list\"><li><h5><span class=\"has-inline-color has-black-color\">Carlos Eduardo Nieto Garc\u00eda &#8211; niceniega@utp.edu.co<\/span><\/h5><\/li><\/ul>\n\n\n\n<p><\/p>\n<\/div><\/div>\n\n\n\n<p style=\"font-size:29px\"><a href=\"https:\/\/academia.utp.edu.co\/grupobasicoclinicayaplicadas\/files\/2021\/05\/Criterios-de-vinculacion-al-semillero-1.pdf\" data-type=\"URL\" data-id=\"https:\/\/academia.utp.edu.co\/grupobasicoclinicayaplicadas\/files\/2021\/05\/Criterios-de-vinculacion-al-semillero-1.pdf\" target=\"_blank\" rel=\"noreferrer noopener\"><span style=\"color:#00a31c\" class=\"has-inline-color\">CRITERIOS PARA LA VINCULACI\u00d3N AL SEMILLERO<\/span><\/a><\/p>\n\n\n\n<h2 class=\"wp-block-heading\"><a href=\"https:\/\/academia.utp.edu.co\/grupobasicoclinicayaplicadas\/documentos-basicos-de-investigacion\/\" target=\"_blank\" rel=\"noreferrer noopener\"><strong>INVESTIGACI\u00d3N DOCUMENTOS B\u00c1SICOS<\/strong><\/a><\/h2>\n\n\n\n<p><\/p>\n","protected":false},"excerpt":{"rendered":"<p>Semilleros de Investigaci\u00f3n:&nbsp;son una comunidad aprendizaje, conformada por estudiantes&nbsp;del mismo campo del saber o de diferentes campos y semestres, que&nbsp;por decisi\u00f3n propia&nbsp;y con la asesor\u00eda de un investigador activo y reconocido por la universidad, realizan actividades de investigaci\u00f3n, que generan [&hellip;]<\/p>\n","protected":false},"author":15,"featured_media":0,"parent":0,"menu_order":1,"comment_status":"closed","ping_status":"closed","template":"","meta":{"footnotes":""},"class_list":["post-109","page","type-page","status-publish","hentry"],"_links":{"self":[{"href":"https:\/\/academia.utp.edu.co\/grupobasicoclinicayaplicadas\/wp-json\/wp\/v2\/pages\/109","targetHints":{"allow":["GET"]}}],"collection":[{"href":"https:\/\/academia.utp.edu.co\/grupobasicoclinicayaplicadas\/wp-json\/wp\/v2\/pages"}],"about":[{"href":"https:\/\/academia.utp.edu.co\/grupobasicoclinicayaplicadas\/wp-json\/wp\/v2\/types\/page"}],"author":[{"embeddable":true,"href":"https:\/\/academia.utp.edu.co\/grupobasicoclinicayaplicadas\/wp-json\/wp\/v2\/users\/15"}],"replies":[{"embeddable":true,"href":"https:\/\/academia.utp.edu.co\/grupobasicoclinicayaplicadas\/wp-json\/wp\/v2\/comments?post=109"}],"version-history":[{"count":55,"href":"https:\/\/academia.utp.edu.co\/grupobasicoclinicayaplicadas\/wp-json\/wp\/v2\/pages\/109\/revisions"}],"predecessor-version":[{"id":6368,"href":"https:\/\/academia.utp.edu.co\/grupobasicoclinicayaplicadas\/wp-json\/wp\/v2\/pages\/109\/revisions\/6368"}],"wp:attachment":[{"href":"https:\/\/academia.utp.edu.co\/grupobasicoclinicayaplicadas\/wp-json\/wp\/v2\/media?parent=109"}],"curies":[{"name":"wp","href":"https:\/\/api.w.org\/{rel}","templated":true}]}}