

{"id":465,"date":"2013-05-05T23:51:22","date_gmt":"2013-05-06T04:51:22","guid":{"rendered":"http:\/\/academia.utp.edu.co\/centromedicinadeportiva\/?page_id=465"},"modified":"2024-08-24T02:00:40","modified_gmt":"2024-08-24T07:00:40","slug":"2-encuentro-nacional-de-semilleros-de-investigacion","status":"publish","type":"page","link":"https:\/\/academia.utp.edu.co\/grupobasicoclinicayaplicadas\/2-encuentro-nacional-de-semilleros-de-investigacion\/","title":{"rendered":"QUINTO ENCUENTRO DEPARTAMENTAL DE SEMILLEROS DE INVESTIGACI\u00d3N DE RISARALDA"},"content":{"rendered":"<p style=\"text-align: center\"><span style=\"color: #008000\"><strong>QUINTO ENCUENTRO DEPARTAMENTAL DE SEMILLEROS DE INVESTIGACI\u00d3N DE RISARALDA<\/strong><\/span><\/p>\n<div id=\"attachment_911\" style=\"width: 310px\" class=\"wp-caption aligncenter\"><a href=\"http:\/\/academia.utp.edu.co\/laboratoriomovimientohumano\/files\/2013\/05\/QUINTO-ENCUENTRO-DEPARTAMENTAL-DE-SEMILLEROS-DE-INVESTIGACI\u00d3N-DE-RISARALDA.jpg\"><img loading=\"lazy\" decoding=\"async\" aria-describedby=\"caption-attachment-911\" class=\"size-medium wp-image-911\" src=\"http:\/\/academia.utp.edu.co\/laboratoriomovimientohumano\/files\/2013\/05\/QUINTO-ENCUENTRO-DEPARTAMENTAL-DE-SEMILLEROS-DE-INVESTIGACI\u00d3N-DE-RISARALDA-300x239.jpg\" alt=\"QUINTO ENCUENTRO DEPARTAMENTAL DE SEMILLEROS DE INVESTIGACI\u00d3N DE RISARALDA\" width=\"300\" height=\"239\" srcset=\"https:\/\/academia.utp.edu.co\/grupobasicoclinicayaplicadas\/files\/2013\/05\/QUINTO-ENCUENTRO-DEPARTAMENTAL-DE-SEMILLEROS-DE-INVESTIGACI\u00d3N-DE-RISARALDA-300x239.jpg 300w, https:\/\/academia.utp.edu.co\/grupobasicoclinicayaplicadas\/files\/2013\/05\/QUINTO-ENCUENTRO-DEPARTAMENTAL-DE-SEMILLEROS-DE-INVESTIGACI\u00d3N-DE-RISARALDA-250x199.jpg 250w, https:\/\/academia.utp.edu.co\/grupobasicoclinicayaplicadas\/files\/2013\/05\/QUINTO-ENCUENTRO-DEPARTAMENTAL-DE-SEMILLEROS-DE-INVESTIGACI\u00d3N-DE-RISARALDA.jpg 668w\" sizes=\"auto, (max-width: 300px) 100vw, 300px\" \/><\/a><p id=\"caption-attachment-911\" class=\"wp-caption-text\">QUINTO ENCUENTRO DEPARTAMENTAL DE SEMILLEROS DE INVESTIGACI\u00d3N DE RISARALDA<\/p><\/div>\n<p style=\"text-align: center\"><strong>Mayo 20 y 21 de 2015<\/strong><\/p>\n<p style=\"text-align: center\"><strong>Sede: Universidad Cat\u00f3lica de Pereira<\/strong><\/p>\n<p style=\"text-align: center\"><strong>Pereira, Risaralda<\/strong><\/p>\n<ol>\n<li><strong>PRESENTACI\u00d3N<\/strong><\/li>\n<\/ol>\n<p>Este evento se desarrolla anualmente desde el a\u00f1o 2011 en el departamento de Risaralda, con la participaci\u00f3n de las siguientes universidades:<\/p>\n<ul>\n<li>Fundaci\u00f3n Universitaria del \u00c1rea Andina<\/li>\n<li>Universidad Cat\u00f3lica de Pereira<\/li>\n<li>Universidad Cooperativa de Colombia<\/li>\n<li>Corporaci\u00f3n Universitaria Santa Rosa de Cabal &#8211; UNISARC<\/li>\n<li>Universidad Tecnol\u00f3gica de Pereira<\/li>\n<li>Fundaci\u00f3n Centro de Investigaci\u00f3n, Docencia y Consultor\u00eda Administrativa \u2013 CIDCA.<\/li>\n<li>Universidad Libre Seccional Pereira<\/li>\n<li>Escuela Superior de Administraci\u00f3n P\u00fablica &#8211; ESAP<\/li>\n<li>Comfamiliar Risaralda<\/li>\n<li>Universidad Nacional Abierta y a Distancia \u2013 UNAD<\/li>\n<\/ul>\n<p>Con el Encuentro se brinda la posibilidad a los integrantes de los semilleros de investigaci\u00f3n, \u00a0reflexionar sobre problem\u00e1ticas del entorno y proponer alternativas que conduzcan a la comprensi\u00f3n y soluci\u00f3n de las mismas, en los diferentes campos del saber, conducentes al desarrollo regional y nacional.<\/p>\n<p>Este evento est\u00e1 pensado como un espacio acad\u00e9mico de socializaci\u00f3n de experiencias y aprendizajes investigativos de estudiantes de pregrado, desarrollados con rigor cient\u00edfico, permitiendo de esta manera la consolidaci\u00f3n de una comunidad acad\u00e9mica multidisciplinar e interdisciplinar.<\/p>\n<ol>\n<li><strong>OBJETIVOS<\/strong><\/li>\n<\/ol>\n<p><strong>Objetivo General<\/strong><\/p>\n<p>Propiciar espacios acad\u00e9micos para el encuentro entorno a los Semilleros de Investigaci\u00f3n, en diferentes campos del saber y desde distintos enfoques.<\/p>\n<p><strong>Objetivos Espec\u00edficos<\/strong><\/p>\n<ul>\n<li>Realizar un proceso de integraci\u00f3n regional a trav\u00e9s del fomento a la investigaci\u00f3n formativa en Ciencia, Tecnolog\u00eda e Innovaci\u00f3n en el Departamento.<\/li>\n<li>Fomentar la interacci\u00f3n de los Semilleros de Investigaci\u00f3n en \u00e1reas de inter\u00e9s com\u00fan.<\/li>\n<li>Socializar experiencias de la investigaci\u00f3n formativa y promover el debate acad\u00e9mico como un escenario propicio para los aprendizajes de los investigadores en formaci\u00f3n.<\/li>\n<li>Promover la difusi\u00f3n de los resultados de las investigaciones desarrolladas por los Semilleros de investigaci\u00f3n.<\/li>\n<\/ul>\n<ol>\n<li><strong>\u00bfQUI\u00c9NES PUEDEN PARTICIPAR?<\/strong><\/li>\n<\/ol>\n<p>Podr\u00e1n participar en calidad de\u00a0<strong><em>Ponentes<\/em><\/strong>\u00a0los estudiantes de Semilleros de Investigaci\u00f3n de Pregrado de las Universidades adscritas a la\u00a0<strong>RREDSI,\u00a0<\/strong>cuyos trabajos de investigaci\u00f3n sean evaluados y aprobados por los pares establecidos para dicho fin.<\/p>\n<p>En calidad de\u00a0<strong><em>Asistente<\/em><\/strong>\u00a0\u00a0podr\u00e1 participar cualquier persona que lo desee, previo pago de inscripci\u00f3n y\u00a0 posterior entrega del comprobante de pago en la Oficina o Vicerrector\u00eda de Investigaciones de cada una de las instituciones participantes.<\/p>\n<p>Para mayor informaci\u00f3n se anexa informaci\u00f3n del evento.<\/p>\n<p><strong>Convoca:<\/strong> Red Regional de Semilleros de Investigaci\u00f3n \u2013 RREDSI Cap\u00edtulo Risaralda<\/p>\n<p><em>SANDRA LORENA GARCIA H.<\/em><\/p>\n<p><em>Fomento Investigativo<\/em><\/p>\n<p><em>Vicerrector\u00eda de Investigaciones, Innovaci\u00f3n y Extensi\u00f3n<\/em><\/p>\n<p><em>Universidad Tecnol\u00f3gica de Pereira<\/em><\/p>\n<p><em>Tel\u00e9fono 3137114 \u00f3 3137300 Ext.\u00a0450<\/em><\/p>\n<p><em>Twitter: @UtpViceinvest<\/em><\/p>\n<h3>\u00a0<a href=\"https:\/\/academia.utp.edu.co\/grupobasicoclinicayaplicadas\/files\/2013\/04\/CONVOCATORIA-VII-ENCUENTRO-DE-SEMILLEROS-RISARALDA-17-Mayo-2017.pdf\">CONVOCATORIA V ENCUENTRO DE SEMILLEROS RISARALDA<\/a><\/h3>\n","protected":false},"excerpt":{"rendered":"<p>QUINTO ENCUENTRO DEPARTAMENTAL DE SEMILLEROS DE INVESTIGACI\u00d3N DE RISARALDA Mayo 20 y 21 de 2015 Sede: Universidad Cat\u00f3lica de Pereira Pereira, Risaralda PRESENTACI\u00d3N Este evento se desarrolla anualmente desde el a\u00f1o 2011 en el departamento de Risaralda, con la participaci\u00f3n [&hellip;]<\/p>\n","protected":false},"author":15,"featured_media":0,"parent":0,"menu_order":0,"comment_status":"closed","ping_status":"closed","template":"","meta":{"footnotes":""},"class_list":["post-465","page","type-page","status-publish","hentry"],"_links":{"self":[{"href":"https:\/\/academia.utp.edu.co\/grupobasicoclinicayaplicadas\/wp-json\/wp\/v2\/pages\/465","targetHints":{"allow":["GET"]}}],"collection":[{"href":"https:\/\/academia.utp.edu.co\/grupobasicoclinicayaplicadas\/wp-json\/wp\/v2\/pages"}],"about":[{"href":"https:\/\/academia.utp.edu.co\/grupobasicoclinicayaplicadas\/wp-json\/wp\/v2\/types\/page"}],"author":[{"embeddable":true,"href":"https:\/\/academia.utp.edu.co\/grupobasicoclinicayaplicadas\/wp-json\/wp\/v2\/users\/15"}],"replies":[{"embeddable":true,"href":"https:\/\/academia.utp.edu.co\/grupobasicoclinicayaplicadas\/wp-json\/wp\/v2\/comments?post=465"}],"version-history":[{"count":19,"href":"https:\/\/academia.utp.edu.co\/grupobasicoclinicayaplicadas\/wp-json\/wp\/v2\/pages\/465\/revisions"}],"predecessor-version":[{"id":5291,"href":"https:\/\/academia.utp.edu.co\/grupobasicoclinicayaplicadas\/wp-json\/wp\/v2\/pages\/465\/revisions\/5291"}],"wp:attachment":[{"href":"https:\/\/academia.utp.edu.co\/grupobasicoclinicayaplicadas\/wp-json\/wp\/v2\/media?parent=465"}],"curies":[{"name":"wp","href":"https:\/\/api.w.org\/{rel}","templated":true}]}}