

{"id":5641,"date":"2021-05-18T14:14:23","date_gmt":"2021-05-18T19:14:23","guid":{"rendered":"https:\/\/academia.utp.edu.co\/grupobasicoclinicayaplicadas\/?page_id=5641"},"modified":"2024-08-24T07:35:31","modified_gmt":"2024-08-24T12:35:31","slug":"plan-de-trabajo","status":"publish","type":"page","link":"https:\/\/academia.utp.edu.co\/grupobasicoclinicayaplicadas\/","title":{"rendered":"Plan de trabajo"},"content":{"rendered":"\n<div class=\"wp-block-columns is-layout-flex wp-container-core-columns-is-layout-9d6595d7 wp-block-columns-is-layout-flex\">\n<div class=\"wp-block-column is-layout-flow wp-block-column-is-layout-flow\" style=\"flex-basis:66.66%\">\n<p><span class=\"has-inline-color has-black-color\">El plan de trabajo del grupo se encuentra orientado hacia la investigaci\u00f3n en \u00e1reas de b\u00e1sico cl\u00ednicas y aplicadas orientadas a la salud.<\/span><\/p>\n\n\n\n<p><span style=\"color:#9e0606\" class=\"has-inline-color\"><a href=\"http:\/\/scienti.colciencias.gov.co:8080\/gruplac\/jsp\/visualiza\/visualizagr.jsp?nro=00000000002552\" target=\"_blank\" rel=\"noreferrer noopener\">GRUPO B\u00c1SICO-CL\u00cdNICA Y APLICADAS &#8211; Colciencias<\/a>\u00a0<\/span><span class=\"has-inline-color has-vivid-red-color\">\u00a0<\/span>\u00a0<span style=\"color:#3b7e9b\" class=\"has-inline-color\">Link<\/span><\/p>\n\n\n\n<h3 class=\"wp-block-heading\"><mark style=\"background-color:#ffffff\" class=\"has-inline-color has-vivid-cyan-blue-color\">Las actividades del plan de trabajo son:<\/mark><\/h3>\n\n\n\n<ol class=\"wp-block-list\">\n<li><span class=\"has-inline-color has-black-color\">Vinculaci\u00f3n de nuevos investigadores en las diferentes categor\u00edas.<\/span><\/li>\n\n\n\n<li><span class=\"has-inline-color has-black-color\">Identificar, analizar la creaci\u00f3n de nuevas l\u00edneas de investigaci\u00f3n.<\/span><\/li>\n\n\n\n<li><span class=\"has-inline-color has-black-color\">Fomentar el dise\u00f1o y propuestas de proyectos de Investigaci\u00f3n e inscribirlos.<\/span><\/li>\n\n\n\n<li><span class=\"has-inline-color has-black-color\">Participar en las diferentes convocatorias.<\/span><\/li>\n\n\n\n<li><span class=\"has-inline-color has-black-color\">Realizar y participar en procesos educaci\u00f3n continuada en lo concerniente a la investigaci\u00f3n y en lo particular de cada una de las l\u00edneas.<\/span><\/li>\n\n\n\n<li><span class=\"has-inline-color has-black-color\">Producci\u00f3n en diferentes t\u00f3picos por cada una de las l\u00edneas.<\/span><\/li>\n<\/ol>\n<\/div>\n\n\n\n<div class=\"wp-block-column is-layout-flow wp-block-column-is-layout-flow\" style=\"flex-basis:33.33%\">\n<div class=\"wp-block-cover\"><span aria-hidden=\"true\" class=\"wp-block-cover__background has-background-dim wp-block-cover__gradient-background has-background-gradient\" style=\"background:linear-gradient(135deg,rgb(254,205,165) 0%,rgb(254,45,45) 66%,rgb(107,0,62) 100%)\"><\/span><img loading=\"lazy\" decoding=\"async\" width=\"643\" height=\"659\" class=\"wp-block-cover__image-background wp-image-6392\" alt=\"\" src=\"https:\/\/academia.utp.edu.co\/grupobasicoclinicayaplicadas\/files\/2024\/08\/Semillero-Corazon-Sano-2-1.jpeg\" data-object-fit=\"cover\" srcset=\"https:\/\/academia.utp.edu.co\/grupobasicoclinicayaplicadas\/files\/2024\/08\/Semillero-Corazon-Sano-2-1.jpeg 643w, https:\/\/academia.utp.edu.co\/grupobasicoclinicayaplicadas\/files\/2024\/08\/Semillero-Corazon-Sano-2-1-293x300.jpeg 293w\" sizes=\"auto, (max-width: 643px) 100vw, 643px\" \/><div class=\"wp-block-cover__inner-container is-layout-constrained wp-block-cover-is-layout-constrained\">\n<p class=\"has-text-align-center has-white-color has-text-color has-link-color has-medium-font-size wp-elements-ae52ca11e325e95a541c20e10efc9a03\"><a href=\"https:\/\/academia.utp.edu.co\/grupobasicoclinicayaplicadas\/semillero-corazon-sano\/\" data-type=\"page\" data-id=\"109\">SEMILLERO CORAZ\u00d3N SANO y CULTURA DEL CUIDADO<\/a><\/p>\n<\/div><\/div>\n<\/div>\n<\/div>\n\n\n\n<div class=\"wp-block-columns is-layout-flex wp-container-core-columns-is-layout-9d6595d7 wp-block-columns-is-layout-flex\">\n<div class=\"wp-block-column is-layout-flow wp-block-column-is-layout-flow\" style=\"flex-basis:66.66%\">\n<h2 class=\"wp-block-heading\"><strong><mark style=\"background-color:#ffffff\" class=\"has-inline-color has-vivid-cyan-blue-color\">Estado del Arte<\/mark><\/strong><\/h2>\n\n\n\n<p class=\"has-text-align-left\"><span class=\"has-inline-color has-black-color\">En Colombia se han dado pasos en procesos de investigaci\u00f3n en \u00e1reas b\u00e1sico cl\u00ednica y aplicadas pero cada uno por separado, se han creado grupos particulares en unos pocos aspectos, quedado aislados de un contexto interdisciplinario para el manejo de diferentes aspectos del ser humano<\/span><\/p>\n\n\n\n<p class=\"has-text-align-left\"><span class=\"has-inline-color has-black-color\">Se desconoce si en Colombia existen grupos interdisciplinarios como el nuestro que pretendan aquellos objetivos. A escala internacional, sabemos que son pocos los grupos cuyo modus operandi sea \u00e1reas b\u00e1sico cl\u00ednica y aplicadas<\/span><\/p>\n<\/div>\n\n\n\n<div class=\"wp-block-column is-layout-flow wp-block-column-is-layout-flow\" style=\"flex-basis:33.33%\">\n<div class=\"wp-block-cover\"><span aria-hidden=\"true\" class=\"wp-block-cover__background has-background-dim-60 has-background-dim wp-block-cover__gradient-background has-background-gradient\" style=\"background:linear-gradient(135deg,rgb(122,220,180) 0%,rgb(0,208,130) 55%)\"><\/span><img loading=\"lazy\" decoding=\"async\" width=\"300\" height=\"287\" class=\"wp-block-cover__image-background wp-image-6393\" alt=\"\" src=\"https:\/\/academia.utp.edu.co\/grupobasicoclinicayaplicadas\/files\/2024\/08\/LOGO-SECIBAD2-300x287-1.jpg\" data-object-fit=\"cover\" \/><div class=\"wp-block-cover__inner-container is-layout-constrained wp-block-cover-is-layout-constrained\">\n<p class=\"has-text-align-center has-white-color has-text-color has-link-color has-medium-font-size wp-elements-31219abe186c9feb74bab7442e6dc4d6\"><a href=\"https:\/\/academia.utp.edu.co\/grupobasicoclinicayaplicadas\/semillero-de-investigacion-secibad\/\" data-type=\"page\" data-id=\"129\">SEMILLERO DE INVESTIGACI\u00d3N SECIBAD<\/a><\/p>\n<\/div><\/div>\n<\/div>\n<\/div>\n\n\n\n<p class=\"has-text-align-left\"><span class=\"has-inline-color has-black-color\">El grupo inici\u00f3 su trabajo tras evaluar e indagar la morbilidad, en un principio, en los sistemas cardiovascular, respiratorio y digestivo, en el Hospital Universitario San Jorge de Pereira, cuya \u00e1rea de influencia se sit\u00faa en el centro-occidente de Colombia.<\/span><\/p>\n\n\n\n<p class=\"has-text-align-left\"><span class=\"has-inline-color has-black-color\">Actualmente se evidencio la necesidad de mantener las integradas las \u00e1reas b\u00e1sicas cl\u00ednicas y aplicadas, de las cuales ha organizado las diferentes l\u00edneas inscritas.<\/span><\/p>\n\n\n\n<h3 class=\"wp-block-heading\"><strong><mark style=\"background-color:#ffffff\" class=\"has-inline-color has-vivid-cyan-blue-color\">Objetivos del grupo<\/mark><\/strong><\/h3>\n\n\n\n<ol class=\"wp-block-list\">\n<li><span class=\"has-inline-color has-black-color\">Consolidar el grupo<\/span><\/li>\n\n\n\n<li><span class=\"has-inline-color has-black-color\">Continuar con la l\u00ednea de investigaci\u00f3n estructuradas<\/span><\/li>\n\n\n\n<li><span class=\"has-inline-color has-black-color\">Divulgar, a trav\u00e9s de art\u00edculos, los resultados de la investigaci\u00f3n<\/span><\/li>\n\n\n\n<li><span class=\"has-inline-color has-black-color\">Reforzar y actualizar el conocimiento a trav\u00e9s de cursos, pasant\u00edas o diplomados<\/span><\/li>\n\n\n\n<li><span class=\"has-inline-color has-black-color\">Vinculaci\u00f3n de estudiantes y procurar el relevo generacional en investigaci\u00f3n en las \u00e1reas b\u00e1sico cl\u00ednica y aplicadas<\/span><\/li>\n\n\n\n<li><span class=\"has-inline-color has-black-color\">Ofrecer programas de educaci\u00f3n continua en \u00e1reas b\u00e1sica cl\u00ednica y aplicada para profesionales del \u00e1rea de la salud y poblaci\u00f3n general<\/span><\/li>\n\n\n\n<li><span class=\"has-inline-color has-black-color\">Contribuir en la soluci\u00f3n de problemas de las instituciones de salud y educaci\u00f3n con respecto del diagn\u00f3stico en \u00e1reas b\u00e1sico cl\u00ednica y aplicada y la utilizaci\u00f3n racional de los recursos<\/span><\/li>\n\n\n\n<li><span class=\"has-inline-color has-black-color\">Creaci\u00f3n de una unidad de docencia-extensi\u00f3n-investigaci\u00f3n en \u00e1reas b\u00e1sico cl\u00ednica y aplicadas.<\/span><\/li>\n\n\n\n<li><span class=\"has-inline-color has-black-color\">Servir como pilares fundamentales de la investigaci\u00f3n en \u00e1reas b\u00e1sicas cl\u00ednicas y aplicadas para los diferentes programas de la Facultad de Ciencias de la Salud de la Universidad Tecnol\u00f3gica de Pereira, y apoyar los procesos que a futuro inmediato solicitara el CNA en el Factor INVESTIGACI\u00d3N.<\/span><\/li>\n<\/ol>\n\n\n\n<h2 class=\"wp-block-heading\"><strong><mark style=\"background-color:#ffffff\" class=\"has-inline-color has-vivid-cyan-blue-color\">Retos<\/mark><\/strong><\/h2>\n\n\n\n<ol class=\"wp-block-list\">\n<li><span class=\"has-inline-color has-black-color\">Permanencia de la actividad investigativa como parte del Plan de Trabajo del docente<\/span><\/li>\n\n\n\n<li><span class=\"has-inline-color has-black-color\">Difusi\u00f3n y aplicaci\u00f3n de los resultados de las investigaciones en b\u00e1sico cl\u00ednica y aplicada.<\/span><\/li>\n\n\n\n<li><span class=\"has-inline-color has-black-color\">Creaci\u00f3n de la unidad docencia-extensi\u00f3n-investigaci\u00f3n de b\u00e1sico cl\u00ednica y aplicada.<\/span><\/li>\n\n\n\n<li><span class=\"has-inline-color has-black-color\">Creaci\u00f3n y mantenimiento de un programa de educaci\u00f3n contin\u00faa en b\u00e1sico cl\u00ednica y aplicada.<\/span><\/li>\n\n\n\n<li><span class=\"has-inline-color has-black-color\">Elaboraci\u00f3n de Manuales de Auto-instrucci\u00f3n en b\u00e1sico cl\u00ednica y aplicada.<\/span><\/li>\n<\/ol>\n\n\n\n<h2 class=\"wp-block-heading\"><mark style=\"background-color:#ffffff\" class=\"has-inline-color has-vivid-cyan-blue-color\">L\u00edneas de Investigaci\u00f3n<\/mark><\/h2>\n\n\n\n<ol class=\"wp-block-list\">\n<li><span class=\"has-inline-color has-black-color\">An\u00e1lisis de Variables F\u00edsicas, Fisiol\u00f3gicas y Psicomotoras.<\/span><\/li>\n\n\n\n<li><span class=\"has-inline-color has-black-color\">An\u00e1lisis del Movimiento.<\/span><\/li>\n\n\n\n<li><span class=\"has-inline-color has-black-color\">Cl\u00ednica M\u00e9dica.<\/span><\/li>\n\n\n\n<li><span class=\"has-inline-color has-black-color\">Coraz\u00f3n Sano y Riesgo Cardiovascular.<\/span><\/li>\n\n\n\n<li><span class=\"has-inline-color has-black-color\">Evaluaci\u00f3n del Ejercicio.<\/span><\/li>\n\n\n\n<li><span class=\"has-inline-color has-black-color\">Medicina del Trabajo y Salud Ocupacional.<\/span><\/li>\n\n\n\n<li><span class=\"has-inline-color has-black-color\">Riesgo Osteoarticular y Muscular.<\/span><\/li>\n<\/ol>\n\n\n\n<div class=\"wp-block-buttons is-layout-flex wp-block-buttons-is-layout-flex\">\n<div class=\"wp-block-button is-style-fill\"><a class=\"wp-block-button__link has-vivid-cyan-blue-background-color has-background wp-element-button\" href=\"https:\/\/academia.utp.edu.co\/grupobasicoclinicayaplicadas\/documentos-de-interes\/\">Docuentos de inter\u00e9s<\/a><\/div>\n<\/div>\n\n\n\n<p><\/p>\n\n\n\n<div class=\"wp-block-columns is-layout-flex wp-container-core-columns-is-layout-9d6595d7 wp-block-columns-is-layout-flex\">\n<div class=\"wp-block-column is-layout-flow wp-block-column-is-layout-flow\">\n<div class=\"wp-block-cover\"><span aria-hidden=\"true\" class=\"wp-block-cover__background has-background-dim\" style=\"background-color:#3786d6\"><\/span><img loading=\"lazy\" decoding=\"async\" width=\"512\" height=\"512\" class=\"wp-block-cover__image-background wp-image-6341\" alt=\"\" src=\"https:\/\/academia.utp.edu.co\/grupobasicoclinicayaplicadas\/files\/2024\/08\/targeted-marketing_8310356.png\" data-object-fit=\"cover\" srcset=\"https:\/\/academia.utp.edu.co\/grupobasicoclinicayaplicadas\/files\/2024\/08\/targeted-marketing_8310356.png 512w, https:\/\/academia.utp.edu.co\/grupobasicoclinicayaplicadas\/files\/2024\/08\/targeted-marketing_8310356-300x300.png 300w, https:\/\/academia.utp.edu.co\/grupobasicoclinicayaplicadas\/files\/2024\/08\/targeted-marketing_8310356-150x150.png 150w\" sizes=\"auto, (max-width: 512px) 100vw, 512px\" \/><div class=\"wp-block-cover__inner-container is-layout-constrained wp-block-cover-is-layout-constrained\">\n<p class=\"has-text-align-center has-large-font-size\">Misi\u00f3n<\/p>\n<\/div><\/div>\n<\/div>\n\n\n\n<div class=\"wp-block-column is-layout-flow wp-block-column-is-layout-flow\">\n<div class=\"wp-block-cover is-light\"><span aria-hidden=\"true\" class=\"wp-block-cover__background has-background-dim\" style=\"background-color:#6994fe\"><\/span><img loading=\"lazy\" decoding=\"async\" width=\"512\" height=\"512\" class=\"wp-block-cover__image-background wp-image-6342\" alt=\"\" src=\"https:\/\/academia.utp.edu.co\/grupobasicoclinicayaplicadas\/files\/2024\/08\/vision_13339534.png\" data-object-fit=\"cover\" srcset=\"https:\/\/academia.utp.edu.co\/grupobasicoclinicayaplicadas\/files\/2024\/08\/vision_13339534.png 512w, https:\/\/academia.utp.edu.co\/grupobasicoclinicayaplicadas\/files\/2024\/08\/vision_13339534-300x300.png 300w, https:\/\/academia.utp.edu.co\/grupobasicoclinicayaplicadas\/files\/2024\/08\/vision_13339534-150x150.png 150w\" sizes=\"auto, (max-width: 512px) 100vw, 512px\" \/><div class=\"wp-block-cover__inner-container is-layout-constrained wp-block-cover-is-layout-constrained\">\n<p class=\"has-text-align-center has-large-font-size\"><a href=\"https:\/\/academia.utp.edu.co\/grupobasicoclinicayaplicadas\/vision\/\" data-type=\"page\" data-id=\"6380\"><mark class=\"has-inline-color has-white-color\">Visi\u00f3n<\/mark><\/a><\/p>\n<\/div><\/div>\n<\/div>\n\n\n\n<div class=\"wp-block-column is-layout-flow wp-block-column-is-layout-flow\">\n<div class=\"wp-block-cover is-light\"><span aria-hidden=\"true\" class=\"wp-block-cover__background has-background-dim\" style=\"background-color:#62aefd\"><\/span><img loading=\"lazy\" decoding=\"async\" width=\"512\" height=\"512\" class=\"wp-block-cover__image-background wp-image-6344\" alt=\"\" src=\"https:\/\/academia.utp.edu.co\/grupobasicoclinicayaplicadas\/files\/2024\/08\/content-creator_14291890.png\" data-object-fit=\"cover\" srcset=\"https:\/\/academia.utp.edu.co\/grupobasicoclinicayaplicadas\/files\/2024\/08\/content-creator_14291890.png 512w, https:\/\/academia.utp.edu.co\/grupobasicoclinicayaplicadas\/files\/2024\/08\/content-creator_14291890-300x300.png 300w, https:\/\/academia.utp.edu.co\/grupobasicoclinicayaplicadas\/files\/2024\/08\/content-creator_14291890-150x150.png 150w\" sizes=\"auto, (max-width: 512px) 100vw, 512px\" \/><div class=\"wp-block-cover__inner-container is-layout-constrained wp-block-cover-is-layout-constrained\">\n<p class=\"has-text-align-center has-large-font-size\"><mark class=\"has-inline-color has-white-color\">Descripci\u00f3n<\/mark><\/p>\n<\/div><\/div>\n<\/div>\n<\/div>\n\n\n\n<p><\/p>\n","protected":false},"excerpt":{"rendered":"<p>El plan de trabajo del grupo se encuentra orientado hacia la investigaci\u00f3n en \u00e1reas de b\u00e1sico cl\u00ednicas y aplicadas orientadas a la salud. GRUPO B\u00c1SICO-CL\u00cdNICA Y APLICADAS &#8211; Colciencias\u00a0\u00a0\u00a0Link Las actividades del plan de trabajo son: Estado del Arte En [&hellip;]<\/p>\n","protected":false},"author":15,"featured_media":0,"parent":0,"menu_order":0,"comment_status":"closed","ping_status":"closed","template":"","meta":{"footnotes":""},"class_list":["post-5641","page","type-page","status-publish","hentry"],"_links":{"self":[{"href":"https:\/\/academia.utp.edu.co\/grupobasicoclinicayaplicadas\/wp-json\/wp\/v2\/pages\/5641","targetHints":{"allow":["GET"]}}],"collection":[{"href":"https:\/\/academia.utp.edu.co\/grupobasicoclinicayaplicadas\/wp-json\/wp\/v2\/pages"}],"about":[{"href":"https:\/\/academia.utp.edu.co\/grupobasicoclinicayaplicadas\/wp-json\/wp\/v2\/types\/page"}],"author":[{"embeddable":true,"href":"https:\/\/academia.utp.edu.co\/grupobasicoclinicayaplicadas\/wp-json\/wp\/v2\/users\/15"}],"replies":[{"embeddable":true,"href":"https:\/\/academia.utp.edu.co\/grupobasicoclinicayaplicadas\/wp-json\/wp\/v2\/comments?post=5641"}],"version-history":[{"count":21,"href":"https:\/\/academia.utp.edu.co\/grupobasicoclinicayaplicadas\/wp-json\/wp\/v2\/pages\/5641\/revisions"}],"predecessor-version":[{"id":6398,"href":"https:\/\/academia.utp.edu.co\/grupobasicoclinicayaplicadas\/wp-json\/wp\/v2\/pages\/5641\/revisions\/6398"}],"wp:attachment":[{"href":"https:\/\/academia.utp.edu.co\/grupobasicoclinicayaplicadas\/wp-json\/wp\/v2\/media?parent=5641"}],"curies":[{"name":"wp","href":"https:\/\/api.w.org\/{rel}","templated":true}]}}