

{"id":621,"date":"2013-06-18T12:41:29","date_gmt":"2013-06-18T17:41:29","guid":{"rendered":"http:\/\/academia.utp.edu.co\/centromedicinadeportiva\/?page_id=621"},"modified":"2024-08-24T01:59:37","modified_gmt":"2024-08-24T06:59:37","slug":"documentos-basicos-de-investigacion","status":"publish","type":"page","link":"https:\/\/academia.utp.edu.co\/grupobasicoclinicayaplicadas\/documentos-basicos-de-investigacion\/","title":{"rendered":"DOCUMENTOS B\u00c1SICOS DE INVESTIGACI\u00d3N"},"content":{"rendered":"<h3>&nbsp;<strong><span style=\"color: #008000\">APRENDER A INVESTIGAR &#8211; ICFES<\/span><\/strong><\/h3>\n<h3 style=\"text-align: center\"><strong><span style=\"color: #008000\">COLECCI\u00d3N<\/span><\/strong><\/h3>\n<h4><span style=\"color: #008000\"><a style=\"color: #008000\" href=\"https:\/\/academia.utp.edu.co\/grupobasicoclinicayaplicadas\/files\/2013\/06\/1.-Ciencia-Tecnologia-y-Desarrollo-APRENDER-A-INVESTIGAR-ICFES.pdf\">1. Ciencia Tecnologia y Desarrollo &#8211; APRENDER A INVESTIGAR &#8211; ICFES<\/a><\/span><br \/>\n<span style=\"color: #008000\"><a style=\"color: #008000\" href=\"https:\/\/academia.utp.edu.co\/grupobasicoclinicayaplicadas\/files\/2013\/06\/2.-La-Investigaci\u00f3n-APRENDER-A-INVESTIGAR-ICFES.pdf\">2. La Investigaci\u00f3n &#8211; APRENDER A INVESTIGAR &#8211; ICFES<\/a><\/span><br \/>\n<span style=\"color: #008000\"><a style=\"color: #008000\" href=\"https:\/\/academia.utp.edu.co\/grupobasicoclinicayaplicadas\/files\/2013\/06\/3.-Recolecci\u00f3n-de-la-Informaci\u00f3n-APRENDER-A-INVESTIGAR-ICFES.pdf\">3. Recolecci\u00f3n de la Informaci\u00f3n &#8211; APRENDER A INVESTIGAR &#8211; ICFES<\/a><\/span><br \/>\n<span style=\"color: #008000\"><a style=\"color: #008000\" href=\"https:\/\/academia.utp.edu.co\/grupobasicoclinicayaplicadas\/files\/2013\/06\/4.-Analisis-de-la-Informaci\u00f3n-APRENDER-A-INVESTIGAR-ICFES.pdf\">4. Analisis de la Informaci\u00f3n &#8211; APRENDER A INVESTIGAR &#8211; ICFES<\/a><\/span><br \/>\n<span style=\"color: #008000\"><a style=\"color: #008000\" href=\"https:\/\/academia.utp.edu.co\/grupobasicoclinicayaplicadas\/files\/2013\/06\/5.-El-Proyecto-de-Investigaci\u00f3n-APRENDER-A-INVESTIGAR-ICFES.pdf\">5. El Proyecto de Investigaci\u00f3n &#8211; APRENDER A INVESTIGAR &#8211; ICFES<\/a><\/span><\/h4>\n<h2><span style=\"color: #008000\"><a style=\"color: #008000\" href=\"https:\/\/academia.utp.edu.co\/grupobasicoclinicayaplicadas\/files\/2013\/04\/Libro-Investigaci\u00f3n-OMS.pdf\">Libro Investigaci\u00f3n OMS<\/a><\/span><\/h2>\n<h2><a href=\"https:\/\/academia.utp.edu.co\/grupobasicoclinicayaplicadas\/files\/2013\/06\/Metodolog\u00eda-de-la-Investigaci\u00f3n.pdf\">Metodolog\u00eda de la Investigaci\u00f3n<\/a><\/h2>\n<h3><a href=\"https:\/\/academia.utp.edu.co\/grupobasicoclinicayaplicadas\/files\/2013\/06\/Guia-SCC-prevencion-PRIMARIA-DE-RIESGO-CARDIOVASCULAR.pdf\">Gu\u00eda SCC prevenci\u00f3n PRIMARIA DE RIESGO CARDIOVASCULAR<\/a><\/h3>\n","protected":false},"excerpt":{"rendered":"<p>&nbsp;APRENDER A INVESTIGAR &#8211; ICFES COLECCI\u00d3N 1. Ciencia Tecnologia y Desarrollo &#8211; APRENDER A INVESTIGAR &#8211; ICFES 2. La Investigaci\u00f3n &#8211; APRENDER A INVESTIGAR &#8211; ICFES 3. Recolecci\u00f3n de la Informaci\u00f3n &#8211; APRENDER A INVESTIGAR &#8211; ICFES 4. Analisis de [&hellip;]<\/p>\n","protected":false},"author":15,"featured_media":0,"parent":0,"menu_order":0,"comment_status":"closed","ping_status":"closed","template":"","meta":{"footnotes":""},"class_list":["post-621","page","type-page","status-publish","hentry"],"_links":{"self":[{"href":"https:\/\/academia.utp.edu.co\/grupobasicoclinicayaplicadas\/wp-json\/wp\/v2\/pages\/621","targetHints":{"allow":["GET"]}}],"collection":[{"href":"https:\/\/academia.utp.edu.co\/grupobasicoclinicayaplicadas\/wp-json\/wp\/v2\/pages"}],"about":[{"href":"https:\/\/academia.utp.edu.co\/grupobasicoclinicayaplicadas\/wp-json\/wp\/v2\/types\/page"}],"author":[{"embeddable":true,"href":"https:\/\/academia.utp.edu.co\/grupobasicoclinicayaplicadas\/wp-json\/wp\/v2\/users\/15"}],"replies":[{"embeddable":true,"href":"https:\/\/academia.utp.edu.co\/grupobasicoclinicayaplicadas\/wp-json\/wp\/v2\/comments?post=621"}],"version-history":[{"count":57,"href":"https:\/\/academia.utp.edu.co\/grupobasicoclinicayaplicadas\/wp-json\/wp\/v2\/pages\/621\/revisions"}],"predecessor-version":[{"id":4571,"href":"https:\/\/academia.utp.edu.co\/grupobasicoclinicayaplicadas\/wp-json\/wp\/v2\/pages\/621\/revisions\/4571"}],"wp:attachment":[{"href":"https:\/\/academia.utp.edu.co\/grupobasicoclinicayaplicadas\/wp-json\/wp\/v2\/media?parent=621"}],"curies":[{"name":"wp","href":"https:\/\/api.w.org\/{rel}","templated":true}]}}