{"id":40,"date":"2026-03-27T11:09:26","date_gmt":"2026-03-27T16:09:26","guid":{"rendered":"https:\/\/academia.utp.edu.co\/huellas-digitales\/?page_id=40"},"modified":"2026-04-16T19:47:33","modified_gmt":"2026-04-17T00:47:33","slug":"quienes-somos","status":"publish","type":"page","link":"https:\/\/academia.utp.edu.co\/huellas-digitales\/quienes-somos\/","title":{"rendered":"CONOCENOS"},"content":{"rendered":"\n<p>El semillero de investigaci\u00f3n es un espacio acad\u00e9mico orientado a fomentar la investigaci\u00f3n formativa en estudiantes, promoviendo el desarrollo de habilidades cient\u00edficas, el trabajo en equipo y la generaci\u00f3n de propuestas que contribuyan al conocimiento y la soluci\u00f3n de problem\u00e1ticas.&nbsp;<\/p>\n\n\n\n<hr class=\"wp-block-separator has-alpha-channel-opacity is-style-wide\" \/>\n\n\n\n<h1 class=\"wp-block-heading\" id=\"h.76ti0ewvf1c_l\"><strong>OBJETIVO GENERAL<\/strong><\/h1>\n\n\n\n<p>Formaci\u00f3n de estudiantes en metodolog\u00edas, herramientas y algoritmos para las diferentes etapas del ciclo de vida de activos, a la vez que se desarrollan competencias blandas y transversales para la vida y el desarrollo cient\u00edfico.&nbsp;<\/p>\n\n\n\n<hr class=\"wp-block-separator has-alpha-channel-opacity is-style-wide\" \/>\n\n\n\n<h1 class=\"wp-block-heading\" id=\"h.v4fhoi953nb6_l\"><strong>L\u00cdNEAS DE INVESTIGACI\u00d3N<\/strong><\/h1>\n\n\n\n<ul class=\"wp-block-list\">\n<li>Estudios y an\u00e1lisis sobre ense\u00f1anza, aprendizaje y evaluaci\u00f3n de la formaci\u00f3n para, y en, las ingenier\u00edas.<\/li>\n\n\n\n<li>Planeaci\u00f3n, Dise\u00f1o, Construcci\u00f3n, Instalaci\u00f3n, Mantenimiento, Comisionado, Optimizaci\u00f3n y Disposici\u00f3n de activos el\u00e9ctricos, electr\u00f3nicos y autom\u00e1ticos.<\/li>\n\n\n\n<li>Aplicaciones en instrumentaci\u00f3n industrial, control autom\u00e1tico, control de calidad y dise\u00f1o.<\/li>\n\n\n\n<li>Aplicaciones industriales, comerciales y agr\u00edcolas basadas en aprendizaje de m\u00e1quina y fusi\u00f3n de datos.<\/li>\n\n\n\n<li>Gesti\u00f3n de sistemas el\u00e9ctricos, electr\u00f3nicos y autom\u00e1ticos.<\/li>\n\n\n\n<li>Sistemas aut\u00f3nomos de mantenimiento, inspecci\u00f3n, confiabilidad y control de calidad.<\/li>\n<\/ul>\n\n\n\n<hr class=\"wp-block-separator has-alpha-channel-opacity is-style-wide\" \/>\n\n\n\n<h1 class=\"wp-block-heading\" id=\"h.lnuc767nqvfy_l\"><strong>INTEGRANTE<\/strong>S<\/h1>\n\n\n\n<ul class=\"wp-block-list\">\n<li>ANA JULITH MAR\u00cdN HURTADO &#8211; TUTORA<\/li>\n\n\n\n<li>LUIS MIGUEL MOLINA OSORIO &#8211; ESTUDIANTE LIDER<\/li>\n\n\n\n<li>MAURICIO HOLGU\u00cdN LONDO\u00d1O &#8211; INTEGRANTE<\/li>\n\n\n\n<li>KEVIN DAVID ORTEGA QUI\u00d1ONES &#8211; INTEGRANTE<\/li>\n\n\n\n<li>MICHAEL FELIPE CIFUENTES MOLANO &#8211; INTEGRANTE<\/li>\n\n\n\n<li>DANIELA BUITRAGO LARGO &#8211; INTEGRANTE<\/li>\n\n\n\n<li>CRISTIAN CAMILO CARDONA PIRAQUIVE &#8211; INTEGRANTE<\/li>\n\n\n\n<li>ELIAS ESCOBAR PEREIRA &#8211; INTEGRANTE<\/li>\n\n\n\n<li>DANIEL ZAPATA YARCE &#8211; INTEGRANTE<\/li>\n\n\n\n<li>SANTIAGO MEJIA RODRIGUEZ &#8211; INTEGRANTE<\/li>\n\n\n\n<li>JUAN DIEGO ORREGO OCAMPO &#8211; INTEGRANTE<\/li>\n\n\n\n<li>SERGIO MU\u00d1OZ TAPASCO &#8211; INTEGRANTE<\/li>\n\n\n\n<li>ALVARO MAURICIO LAVERDE PERDOMO &#8211; INTEGRANTE<\/li>\n<\/ul>\n","protected":false},"excerpt":{"rendered":"<p>El semillero de investigaci\u00f3n es un espacio acad\u00e9mico orientado a fomentar la investigaci\u00f3n formativa en estudiantes, promoviendo el desarrollo de habilidades cient\u00edficas, el trabajo en equipo y la generaci\u00f3n de propuestas que contribuyan al conocimiento y la soluci\u00f3n de problem\u00e1ticas.&nbsp; OBJETIVO GENERAL Formaci\u00f3n de estudiantes en metodolog\u00edas, herramientas y algoritmos [&hellip;]<\/p>\n","protected":false},"author":1983,"featured_media":0,"parent":0,"menu_order":0,"comment_status":"closed","ping_status":"closed","template":"","meta":{"footnotes":""},"class_list":["post-40","page","type-page","status-publish","hentry"],"_links":{"self":[{"href":"https:\/\/academia.utp.edu.co\/huellas-digitales\/wp-json\/wp\/v2\/pages\/40","targetHints":{"allow":["GET"]}}],"collection":[{"href":"https:\/\/academia.utp.edu.co\/huellas-digitales\/wp-json\/wp\/v2\/pages"}],"about":[{"href":"https:\/\/academia.utp.edu.co\/huellas-digitales\/wp-json\/wp\/v2\/types\/page"}],"author":[{"embeddable":true,"href":"https:\/\/academia.utp.edu.co\/huellas-digitales\/wp-json\/wp\/v2\/users\/1983"}],"replies":[{"embeddable":true,"href":"https:\/\/academia.utp.edu.co\/huellas-digitales\/wp-json\/wp\/v2\/comments?post=40"}],"version-history":[{"count":6,"href":"https:\/\/academia.utp.edu.co\/huellas-digitales\/wp-json\/wp\/v2\/pages\/40\/revisions"}],"predecessor-version":[{"id":179,"href":"https:\/\/academia.utp.edu.co\/huellas-digitales\/wp-json\/wp\/v2\/pages\/40\/revisions\/179"}],"wp:attachment":[{"href":"https:\/\/academia.utp.edu.co\/huellas-digitales\/wp-json\/wp\/v2\/media?parent=40"}],"curies":[{"name":"wp","href":"https:\/\/api.w.org\/{rel}","templated":true}]}}