{"id":4221,"date":"2017-06-27T21:51:26","date_gmt":"2017-06-28T02:51:26","guid":{"rendered":"http:\/\/academia.utp.edu.co\/ieee\/?page_id=4221"},"modified":"2017-06-28T21:12:48","modified_gmt":"2017-06-29T02:12:48","slug":"fotos-sase-2016","status":"publish","type":"page","link":"https:\/\/academia.utp.edu.co\/ieee\/eventosase\/sase-2016\/fotos-sase-2016\/","title":{"rendered":"Fotos SASE 2016"},"content":{"rendered":"<p><img loading=\"lazy\" decoding=\"async\" class=\"preview-image absolute-center aligncenter\" src=\"https:\/\/photos-2.dropbox.com\/t\/2\/AAB1MScu-CHjTHallS84ylN3Q-er7ezXdXDGlZ24HfsrCg\/12\/205576085\/jpeg\/32x32\/3\/1498712400\/0\/2\/DSCN5332.JPG\/EO7T9-sEGM4CIAIoAg\/2FxcUOKtqJlQ4-PsbwxsiKM_fPmZwLCwDnQ2-xW8-pc?dl=0&amp;size=800x600&amp;size_mode=3\" alt=\"DSCN5332.JPG\" width=\"504\" height=\"378\"><\/p>\n<p style=\"text-align: center\"><strong>Espacio de bienvenida y confirmaci\u00f3n de la inscripci\u00f3n del evento<br \/>\n<\/strong><\/p>\n<p>&nbsp;<\/p>\n<p><img loading=\"lazy\" decoding=\"async\" class=\"preview-image absolute-center aligncenter\" src=\"https:\/\/photos-6.dropbox.com\/t\/2\/AAAjELBbA19G-yjzxdHjubORpGwOMoQ36IBz5rYrO5Liwg\/12\/205576085\/jpeg\/32x32\/3\/1498712400\/0\/2\/DSCN5338.JPG\/EO7T9-sEGM4CIAIoAg\/M5MWR2-I4gd0zR5zAX5MNxqPqUYi0Dz1dwHBAu35zBk%2C-0ICFjmriu8TN3DUOclojPaPmgnnhy-z_dj9_rndpCU?dl=0&amp;size=800x600&amp;size_mode=3\" alt=\"DSCN5338.JPG\" width=\"548\" height=\"411\"><\/p>\n<p style=\"text-align: center\"><strong>Palabras del decano de la facultad de ingenier\u00edas en la apertura del evento<\/strong><\/p>\n<p>&nbsp;<\/p>\n<p><img loading=\"lazy\" decoding=\"async\" class=\"preview-image absolute-center aligncenter\" src=\"https:\/\/photos-1.dropbox.com\/t\/2\/AABXt6QTQ7YDZAFVGQjT4pQ9rC2pjBF5gkzxoQZXIB8uqg\/12\/205576085\/jpeg\/32x32\/3\/1498712400\/0\/2\/DSCN5454.JPG\/EO7T9-sEGM4CIAIoAg\/4dox7nxo_vMy9b8u-A1X_A6QRtrNdG6DmDmRwqMDNfE%2CqsFIdWQAiom87fGrexTERbW1hittd1CeyBVw-q1kYVI?dl=0&amp;size=800x600&amp;size_mode=3\" alt=\"DSCN5454.JPG\" width=\"608\" height=\"456\"><\/p>\n<p style=\"text-align: center\"><strong>Auditorio Jorge R\u00f3a Mart\u00ednez con total asistencia al evento<br \/>\n<\/strong><\/p>\n<p>&nbsp;<\/p>\n<p><img loading=\"lazy\" decoding=\"async\" class=\"preview-image absolute-center aligncenter\" src=\"https:\/\/photos-4.dropbox.com\/t\/2\/AABFDeOKoOdo3_yO92w9NDRRCKlQIK-dG7Umy2efFqCe6Q\/12\/205576085\/jpeg\/32x32\/3\/1498712400\/0\/2\/DSCN5469.JPG\/EO7T9-sEGM4CIAIoAg\/4gFKUulftjLSLfbS3-QUjoChSchK70z_q47TI_vudfA%2C1ee9D_xaoUR2fjH-c2h1S21rcH3KPlBV2qMFJgE8KxU?dl=0&amp;size=800x600&amp;size_mode=3\" alt=\"DSCN5469.JPG\" width=\"604\" height=\"453\"><\/p>\n<p style=\"text-align: center\"><strong>Ponente Henry Giovanny Vald\u00e9z Jaramillo de la Empresa de Energ\u00eda de Pereira<\/strong><\/p>\n<p>&nbsp;<\/p>\n<p><img loading=\"lazy\" decoding=\"async\" class=\"preview-image absolute-center aligncenter\" src=\"https:\/\/photos-5.dropbox.com\/t\/2\/AAChyHBad8A3_NC6ueQL5meLIiQf4cFVBdRq5DVWjUwnMQ\/12\/205576085\/jpeg\/32x32\/3\/1498712400\/0\/2\/DSCN5693.JPG\/EO7T9-sEGM4CIAIoAg\/1SJjzyGy1tdlqReYqb8ji4cWabpP80-6wD-5JytL2tM%2CkiNAyK6ZwNiVWygVDh-HBvJ9bbl-0UsfUUpGFc_qpS8?dl=0&amp;size=800x600&amp;size_mode=3\" alt=\"DSCN5693.JPG\" width=\"564\" height=\"423\"><\/p>\n<p style=\"text-align: center\"><strong>Algunos ponentes y profesores del programa de Ingenier\u00eda El\u00e9ctrica<\/strong><\/p>\n<p>&nbsp;<\/p>\n<p><img loading=\"lazy\" decoding=\"async\" class=\"preview-image absolute-center aligncenter\" src=\"https:\/\/photos-1.dropbox.com\/t\/2\/AAAMRvqxQOu3OLyss3O1Q2wx30p-pTYJItNfrrqgOOB21A\/12\/205576085\/jpeg\/32x32\/3\/1498712400\/0\/2\/DSCN5411.JPG\/EO7T9-sEGM4CIAIoAg\/pPk5iExoegDaRT4USVZt9ZfhX6HLnQ5OCnYgYNBuALU%2CtxIk2taLbIEU89c_Fhb6ljAFpOcgo4XSQ36x6_QrOK8?dl=0&amp;size=800x600&amp;size_mode=3\" alt=\"DSCN5411.JPG\" width=\"574\" height=\"431\"><\/p>\n<p style=\"text-align: center\"><strong>Asistentes al evento de la Universidad del Valle<\/strong><\/p>\n<p>&nbsp;<\/p>\n<p><img loading=\"lazy\" decoding=\"async\" class=\"preview-image absolute-center aligncenter\" src=\"https:\/\/photos-4.dropbox.com\/t\/2\/AAB-YkoJHW9cTtqVBCYSfT14HFkNFUxk5kKiq3HfIEaZYg\/12\/205576085\/jpeg\/32x32\/3\/1498712400\/0\/2\/DSCN5450.JPG\/EO7T9-sEGM4CIAIoAg\/3Id30rldioM-X7V_8f1a7aYGJITQKt2kYetodMcYCgQ%2CN8jX1luhL9iLTOKCtCXxf7JAQQSxwK-LLNUjBwliumE?dl=0&amp;size=800x600&amp;size_mode=3\" alt=\"DSCN5450.JPG\" width=\"597\" height=\"448\"><\/p>\n<p style=\"text-align: center\"><strong>Ponente Rub\u00e9n Jos\u00e9 Dorantes Rodr\u00edguez de la Universidad Aut\u00f3noma Metropolinata de M\u00e9xico<\/strong><\/p>\n<p>&nbsp;<\/p>\n<p><img loading=\"lazy\" decoding=\"async\" class=\"preview-image absolute-center aligncenter\" src=\"https:\/\/photos-2.dropbox.com\/t\/2\/AACDy9ybkdH-mdGpNG8UdeXDzeLKK8tZc_oNhU8C25EZiw\/12\/205576085\/jpeg\/32x32\/3\/1498712400\/0\/2\/DSCN5634.JPG\/EO7T9-sEGM4CIAIoAg\/zND-9aLemKQpCQegbLLZLEQ27MEOuFFuh7bG1teWw04%2CVSenD5tkThybbRzlN-iBRXe2zFCEU35tWyd9n4EuMLk?dl=0&amp;size=800x600&amp;size_mode=3\" alt=\"DSCN5634.JPG\" width=\"590\" height=\"443\"><\/p>\n<p style=\"text-align: center\"><strong>Almuerzo y momento de interacci\u00f3n entre ponentes y estudiantes<br \/>\n<\/strong><\/p>\n<p>&nbsp;<\/p>\n<p><img loading=\"lazy\" decoding=\"async\" class=\"preview-image absolute-center aligncenter\" src=\"https:\/\/photos-4.dropbox.com\/t\/2\/AAB9keYBFbARYiVFFH9X7AtdNDYfXyr5soz5dBS2XBDXkQ\/12\/205576085\/jpeg\/32x32\/3\/1498712400\/0\/2\/DSCN5403.JPG\/EO7T9-sEGM4CIAIoAg\/noNLftCVXzarvtmIhcRFWy0nKCXjJeypIc658ApLmIM%2C9GCyUXB4Ef8NUA06KfNJHulYHb32B-46MPUuPuP6iEw?dl=0&amp;size=800x600&amp;size_mode=3\" alt=\"DSCN5403.JPG\" width=\"618\" height=\"464\"><\/p>\n<p style=\"text-align: center\"><strong>Espacio para compartir en uno de los refigerios<\/strong><\/p>\n<p style=\"text-align: center\">&nbsp;<\/p>\n<p style=\"text-align: center\"><img loading=\"lazy\" decoding=\"async\" class=\"preview-image absolute-center\" src=\"https:\/\/photos-3.dropbox.com\/t\/2\/AABAW3QnS-s7bj-YRjKqJkMiJu_kVeGTQKgxYgdnCtrEmA\/12\/205576085\/jpeg\/32x32\/3\/1498712400\/0\/2\/DSCN5697.JPG\/EO7T9-sEGM4CIAIoAg\/7mBTkdu2ngZjSGRpzbLp4CaiYx5_RiANbGHBS30AtPs%2CwwE7wXKf-ry3q6vsQDva5PD4hL9Y9nOSrEBpKh1LsQs?dl=0&amp;size=800x600&amp;size_mode=3\" alt=\"DSCN5697.JPG\" width=\"603\" height=\"453\"><\/p>\n<p style=\"text-align: center\"><strong>Comit\u00e9 organizador<\/strong><\/p>\n<p>&nbsp;<\/p>\n<p><img loading=\"lazy\" decoding=\"async\" class=\"preview-image absolute-center aligncenter\" src=\"https:\/\/photos-2.dropbox.com\/t\/2\/AAAR2JA8CjF7WL2pN6MUhqt0xEQmxRHemxjyvtZjO4Insw\/12\/205576085\/jpeg\/32x32\/3\/1498712400\/0\/2\/DSCN5671.JPG\/EO7T9-sEGM4CIAIoAg\/8gV2QPX864nkNPMK5qNckZ_8QVtYALo7m3dqXwlKU_s?dl=0&amp;size=800x600&amp;size_mode=3\" alt=\"DSCN5671.JPG\" width=\"621\" height=\"466\"><\/p>\n<p style=\"text-align: center\"><strong>Presentaci\u00f3n de danza folcl\u00f3rica en la clausura del evento<\/strong><\/p>\n<p>&nbsp;<\/p>\n","protected":false},"excerpt":{"rendered":"<p>Espacio de bienvenida y confirmaci\u00f3n de la inscripci\u00f3n del evento &nbsp; Palabras del decano de la facultad de ingenier\u00edas en la apertura del evento &nbsp; Auditorio Jorge R\u00f3a Mart\u00ednez con total asistencia al evento &nbsp; Ponente Henry Giovanny Vald\u00e9z Jaramillo<\/p>\n","protected":false},"author":81,"featured_media":0,"parent":1281,"menu_order":0,"comment_status":"closed","ping_status":"closed","template":"","meta":{"footnotes":""},"class_list":["post-4221","page","type-page","status-publish","hentry"],"_links":{"self":[{"href":"https:\/\/academia.utp.edu.co\/ieee\/wp-json\/wp\/v2\/pages\/4221","targetHints":{"allow":["GET"]}}],"collection":[{"href":"https:\/\/academia.utp.edu.co\/ieee\/wp-json\/wp\/v2\/pages"}],"about":[{"href":"https:\/\/academia.utp.edu.co\/ieee\/wp-json\/wp\/v2\/types\/page"}],"author":[{"embeddable":true,"href":"https:\/\/academia.utp.edu.co\/ieee\/wp-json\/wp\/v2\/users\/81"}],"replies":[{"embeddable":true,"href":"https:\/\/academia.utp.edu.co\/ieee\/wp-json\/wp\/v2\/comments?post=4221"}],"version-history":[{"count":5,"href":"https:\/\/academia.utp.edu.co\/ieee\/wp-json\/wp\/v2\/pages\/4221\/revisions"}],"predecessor-version":[{"id":4281,"href":"https:\/\/academia.utp.edu.co\/ieee\/wp-json\/wp\/v2\/pages\/4221\/revisions\/4281"}],"up":[{"embeddable":true,"href":"https:\/\/academia.utp.edu.co\/ieee\/wp-json\/wp\/v2\/pages\/1281"}],"wp:attachment":[{"href":"https:\/\/academia.utp.edu.co\/ieee\/wp-json\/wp\/v2\/media?parent=4221"}],"curies":[{"name":"wp","href":"https:\/\/api.w.org\/{rel}","templated":true}]}}