{"id":53,"date":"2012-10-11T12:24:01","date_gmt":"2012-10-11T17:24:01","guid":{"rendered":"http:\/\/blog.utp.edu.co\/mecabot\/?page_id=53"},"modified":"2026-04-10T16:10:48","modified_gmt":"2026-04-10T21:10:48","slug":"lineas-de-investigacion","status":"publish","type":"page","link":"https:\/\/academia.utp.edu.co\/mecabotica\/lineas-de-investigacion\/","title":{"rendered":"L\u00edneas de Investigaci\u00f3n"},"content":{"rendered":"\n<h2 class=\"wp-block-heading has-header-gradient-color has-text-color has-link-color wp-elements-4f5dbf79f370d779d4c023a135411d98\">Automatizaci\u00f3n<\/h2>\n\n\n\n<div class=\"wp-block-group is-nowrap is-layout-flex wp-container-core-group-is-layout-6c531013 wp-block-group-is-layout-flex\">\n<div class=\"wp-block-media-text is-stacked-on-mobile has-background-color-background-color has-background\"><figure class=\"wp-block-media-text__media\"><img decoding=\"async\" src=\"http:\/\/blog.utp.edu.co\/mecabot\/files\/2024\/09\/engineer-cooperation-male-female-technician-maintenance-control-relay-robot-arm-system-welding-with-tablet-laptop-control-quality-operate-process-work-heavy-industry-40-manufacturing-factory-1-1024x683.jpg\" alt=\"\" class=\"wp-image-961 size-large\"\/><\/figure><div class=\"wp-block-media-text__content\">\n<h4 class=\"wp-block-heading has-header-gradient-color has-text-color has-link-color wp-elements-f55484ba04a59cd3282c9909c68a1095\">Objetivo<\/h4>\n\n\n\n<p class=\"has-black-color has-text-color has-link-color has-small-font-size wp-elements-f6600e91a6a293ec51c3083cc79b6246\">Desarrollar e implementar soluciones de monitoreo y control avanzado para procesos industriales, basada en la integraci\u00f3n de tecnolog\u00edas de instrumentaci\u00f3n industrial de \u00faltima generaci\u00f3n con el fin de mejorar la eficiencia energ\u00e9tica, reducir tiempos y garantizar la calidad del producto final en un entorno de producci\u00f3n altamente din\u00e1mico.<\/p>\n\n\n\n<h4 class=\"wp-block-heading has-header-gradient-color has-text-color has-link-color wp-elements-330b1f83db57fa1a5a86c7145bf09d72\">Logros<\/h4>\n\n\n\n<p class=\"has-small-font-size\">Considerar el aporte desde la mecatr\u00f3nica con enfoque en la INDUSTRIA 4.0 con los siguientes ejes tem\u00e1ticos: <em>Instrumentaci\u00f3n Industrial, Control, Ciudades Inteligentes, Instrumentaci\u00f3n Biom\u00e9dica y Energ\u00edas Renovables.<\/em><\/p>\n<\/div><\/div>\n<\/div>\n\n\n\n<div class=\"wp-block-group is-nowrap is-layout-flex wp-container-core-group-is-layout-6c531013 wp-block-group-is-layout-flex\">\n<p class=\"has-white-color has-text-color has-link-color wp-elements-6f1ba1bf5585e40e6fe0828511969d68\">yyy<\/p>\n<\/div>\n\n\n\n<h2 class=\"wp-block-heading has-header-gradient-color has-text-color has-link-color wp-elements-04ec33176aa34e7a0f1793cd58158579\">Ciencia de Datos<\/h2>\n\n\n\n<div class=\"wp-block-group is-nowrap is-layout-flex wp-container-core-group-is-layout-6c531013 wp-block-group-is-layout-flex\">\n<div class=\"wp-block-group is-nowrap is-layout-flex wp-container-core-group-is-layout-6c531013 wp-block-group-is-layout-flex\">\n<div class=\"wp-block-group is-nowrap is-layout-flex wp-container-core-group-is-layout-6c531013 wp-block-group-is-layout-flex\">\n<div class=\"wp-block-media-text has-media-on-the-right is-stacked-on-mobile has-background-color-background-color has-background\"><div class=\"wp-block-media-text__content\">\n<h4 class=\"wp-block-heading has-header-gradient-color has-text-color has-link-color wp-elements-f55484ba04a59cd3282c9909c68a1095\">Objetivo<\/h4>\n\n\n\n<p class=\"has-black-color has-text-color has-link-color has-small-font-size wp-elements-5bda49869db27e097b8b025cdf3fd84c\">Desarrollar sistemas que enfaticen el uso de aprendizaje profundo orientado con la integraci\u00f3n de activos f\u00edsicos en plataforma digital, permitiendo la recolecci\u00f3n de datos en tiempo real, con el fin de optimizar los procesos, reducir los tiempos y aumentar la vida \u00fatil de los equipos.<\/p>\n\n\n\n<h4 class=\"wp-block-heading has-header-gradient-color has-text-color has-link-color wp-elements-330b1f83db57fa1a5a86c7145bf09d72\">Logros<\/h4>\n\n\n\n<p class=\"has-small-font-size\">Lograr la aplicabilidad desde la mecatr\u00f3nica con enfoque en INDUSTRIA 4.0 en las siguientes \u00e1reas: <em>Agricultura Digital, Astrof\u00edsica, Herramientas 4.0, Metrolog\u00eda.<\/em><\/p>\n<\/div><figure class=\"wp-block-media-text__media\"><img loading=\"lazy\" decoding=\"async\" width=\"1024\" height=\"683\" src=\"http:\/\/academia.utp.edu.co\/mecabotica\/files\/2026\/04\/side-view-woman-using-tablet-scaled-1-1024x683.jpg\" alt=\"\" class=\"wp-image-1161 size-large\" srcset=\"https:\/\/academia.utp.edu.co\/mecabotica\/files\/2026\/04\/side-view-woman-using-tablet-scaled-1-1024x683.jpg 1024w, https:\/\/academia.utp.edu.co\/mecabotica\/files\/2026\/04\/side-view-woman-using-tablet-scaled-1-300x200.jpg 300w, https:\/\/academia.utp.edu.co\/mecabotica\/files\/2026\/04\/side-view-woman-using-tablet-scaled-1-768x512.jpg 768w, https:\/\/academia.utp.edu.co\/mecabotica\/files\/2026\/04\/side-view-woman-using-tablet-scaled-1-1536x1024.jpg 1536w, https:\/\/academia.utp.edu.co\/mecabotica\/files\/2026\/04\/side-view-woman-using-tablet-scaled-1-2048x1366.jpg 2048w\" sizes=\"auto, (max-width: 1024px) 100vw, 1024px\" \/><\/figure><\/div>\n<\/div>\n<\/div>\n<\/div>\n\n\n\n<p class=\"has-white-color has-text-color has-link-color wp-elements-ca7ef8f9e9b3162dbd1dd509d97a2ae6\">yy<\/p>\n\n\n\n<h2 class=\"wp-block-heading has-header-gradient-color has-text-color has-link-color wp-elements-754a7a1e5252cf8c7e9965988e8caaa2\">Dise\u00f1o<\/h2>\n\n\n\n<div class=\"wp-block-media-text is-stacked-on-mobile has-background-color-background-color has-background\"><figure class=\"wp-block-media-text__media\"><img loading=\"lazy\" decoding=\"async\" width=\"1024\" height=\"683\" src=\"http:\/\/academia.utp.edu.co\/mecabotica\/files\/2026\/04\/cad-engineer-working-with-manufacturing-software-develop-industrial-machinery-gears-model-engineering-technical-machine-product-computer-construction-industry-development-scaled-1-1024x683.jpg\" alt=\"\" class=\"wp-image-1139 size-full\" srcset=\"https:\/\/academia.utp.edu.co\/mecabotica\/files\/2026\/04\/cad-engineer-working-with-manufacturing-software-develop-industrial-machinery-gears-model-engineering-technical-machine-product-computer-construction-industry-development-scaled-1-1024x683.jpg 1024w, https:\/\/academia.utp.edu.co\/mecabotica\/files\/2026\/04\/cad-engineer-working-with-manufacturing-software-develop-industrial-machinery-gears-model-engineering-technical-machine-product-computer-construction-industry-development-scaled-1-300x200.jpg 300w, https:\/\/academia.utp.edu.co\/mecabotica\/files\/2026\/04\/cad-engineer-working-with-manufacturing-software-develop-industrial-machinery-gears-model-engineering-technical-machine-product-computer-construction-industry-development-scaled-1-768x512.jpg 768w, https:\/\/academia.utp.edu.co\/mecabotica\/files\/2026\/04\/cad-engineer-working-with-manufacturing-software-develop-industrial-machinery-gears-model-engineering-technical-machine-product-computer-construction-industry-development-scaled-1-1536x1024.jpg 1536w, https:\/\/academia.utp.edu.co\/mecabotica\/files\/2026\/04\/cad-engineer-working-with-manufacturing-software-develop-industrial-machinery-gears-model-engineering-technical-machine-product-computer-construction-industry-development-scaled-1-2048x1366.jpg 2048w\" sizes=\"auto, (max-width: 1024px) 100vw, 1024px\" \/><\/figure><div class=\"wp-block-media-text__content\">\n<h4 class=\"wp-block-heading has-header-gradient-color has-text-color has-link-color wp-elements-f55484ba04a59cd3282c9909c68a1095\">Objetivo<\/h4>\n\n\n\n<p class=\"has-black-color has-text-color has-link-color has-small-font-size wp-elements-803c9ee8cee41263abfadbba821f93d7\">Combinar elementos del dise\u00f1o mecatr\u00f3nico, como la integraci\u00f3n de hardware y software, con tecnolog\u00edas de las INDUSTRIAS 4.0<\/p>\n\n\n\n<h4 class=\"wp-block-heading has-header-gradient-color has-text-color has-link-color wp-elements-330b1f83db57fa1a5a86c7145bf09d72\">Logros<\/h4>\n\n\n\n<p class=\"has-small-font-size\">Articular su aplicabilidad desde la mecatr\u00f3nica con enfoque en la INDUSTRIA 4.0 en lo relacionado con los siguientes enfoques: <em>Aeron\u00e1utica, Dise\u00f1o y Manufactura.<\/em><\/p>\n<\/div><\/div>\n\n\n\n<p class=\"has-white-color has-text-color has-link-color wp-elements-6f1ba1bf5585e40e6fe0828511969d68\">yyy<\/p>\n","protected":false},"excerpt":{"rendered":"<p>Automatizaci\u00f3n Objetivo Desarrollar e implementar soluciones de monitoreo y control avanzado para procesos industriales, basada en la integraci\u00f3n de tecnolog\u00edas de instrumentaci\u00f3n industrial de \u00faltima generaci\u00f3n con el fin de mejorar la eficiencia energ\u00e9tica, reducir tiempos y garantizar la calidad del producto final en un entorno de producci\u00f3n altamente din\u00e1mico. [&hellip;]<\/p>\n","protected":false},"author":1975,"featured_media":0,"parent":0,"menu_order":0,"comment_status":"closed","ping_status":"closed","template":"","meta":{"footnotes":""},"class_list":["post-53","page","type-page","status-publish","hentry"],"_links":{"self":[{"href":"https:\/\/academia.utp.edu.co\/mecabotica\/wp-json\/wp\/v2\/pages\/53","targetHints":{"allow":["GET"]}}],"collection":[{"href":"https:\/\/academia.utp.edu.co\/mecabotica\/wp-json\/wp\/v2\/pages"}],"about":[{"href":"https:\/\/academia.utp.edu.co\/mecabotica\/wp-json\/wp\/v2\/types\/page"}],"author":[{"embeddable":true,"href":"https:\/\/academia.utp.edu.co\/mecabotica\/wp-json\/wp\/v2\/users\/1975"}],"replies":[{"embeddable":true,"href":"https:\/\/academia.utp.edu.co\/mecabotica\/wp-json\/wp\/v2\/comments?post=53"}],"version-history":[{"count":1,"href":"https:\/\/academia.utp.edu.co\/mecabotica\/wp-json\/wp\/v2\/pages\/53\/revisions"}],"predecessor-version":[{"id":1181,"href":"https:\/\/academia.utp.edu.co\/mecabotica\/wp-json\/wp\/v2\/pages\/53\/revisions\/1181"}],"wp:attachment":[{"href":"https:\/\/academia.utp.edu.co\/mecabotica\/wp-json\/wp\/v2\/media?parent=53"}],"curies":[{"name":"wp","href":"https:\/\/api.w.org\/{rel}","templated":true}]}}