{"id":999,"date":"2024-09-08T21:50:26","date_gmt":"2024-09-09T02:50:26","guid":{"rendered":"https:\/\/blog.utp.edu.co\/mecabot\/?page_id=999"},"modified":"2026-04-17T10:24:25","modified_gmt":"2026-04-17T15:24:25","slug":"quienes-somos","status":"publish","type":"page","link":"https:\/\/academia.utp.edu.co\/mecabotica\/quienes-somos\/","title":{"rendered":"\u00bfQui\u00e9nes Somos?"},"content":{"rendered":"\n<p class=\"has-text-align-center has-white-color has-header-gradient-background-color has-text-color has-background has-link-color wp-elements-284a594f7e61173495b7062c3d91bd5d\" style=\"font-size:15px\"><em>En Mecabot, nos dedicamos a explorar y desarrollar proyectos innovadores en electr\u00f3nica, rob\u00f3tica y programaci\u00f3n. Nuestro prop\u00f3sito es ofrecer un espacio enriquecedor donde los estudiantes puedan aplicar y expandir sus conocimientos t\u00e9cnicos a trav\u00e9s de colaboraciones pr\u00e1cticas y creativas. En Mecabot, integramos el aprendizaje acad\u00e9mico con desaf\u00edos reales para preparar a nuestros miembros para el futuro tecnol\u00f3gico. Si buscas ser parte de una comunidad apasionada por la tecnolog\u00eda y la innovaci\u00f3n, \u00a1Mecabot es el lugar para ti!<\/em><\/p>\n\n\n\n<p class=\"has-text-align-center has-white-color has-text-color has-link-color wp-elements-955cd931539e8063f4bfaa0a13593f56\" style=\"font-size:15px\">i88i<\/p>\n\n\n\n<h2 class=\"wp-block-heading has-text-align-center has-header-gradient-color has-text-color has-link-color has-x-large-font-size wp-elements-52eacfb74a5cef89520c82103edb9bec\">Misi\u00f3n<\/h2>\n\n\n\n<p class=\"has-black-color has-text-color has-link-color wp-elements-63ce24b16f09d12de20169c581856c66\" style=\"font-size:15px\">Nuestra misi\u00f3n es impulsar el desarrollo de los estudiantes a trav\u00e9s de la participaci\u00f3n activa en proyectos de rob\u00f3tica y tecnolog\u00eda. Buscamos proporcionar un entorno de aprendizaje pr\u00e1ctico y colaborativo que fomente la creatividad, la innovaci\u00f3n y el crecimiento personal. Queremos que los miembros del semillero adquieran habilidades t\u00e9cnicas y blandas esenciales para su futuro acad\u00e9mico y profesional, promoviendo un enfoque integral hacia la resoluci\u00f3n de problemas y el trabajo en equipo.<\/p>\n\n\n\n<p class=\"has-white-color has-text-color has-link-color wp-elements-04380fd16bb70a97e2980b5975bc87f7\">y<\/p>\n\n\n\n<h2 class=\"wp-block-heading has-text-align-center has-header-gradient-color has-text-color has-link-color has-x-large-font-size wp-elements-306ee46abfd35e47b6f055e2ad43a2f2\">Visi\u00f3n<\/h2>\n\n\n\n<p class=\"has-black-color has-text-color has-link-color wp-elements-5cfbe7424fcb49558bdde8f4de739319\" style=\"font-size:15px\">En 5 a\u00f1os el grupo de investigaci\u00f3n MECABOT se consolidar\u00e1 como un grupo de formaci\u00f3n, investigaci\u00f3n y desarrollo, registrado y reconocido a nivel regional con proyecci\u00f3n nacional.<\/p>\n\n\n\n<p class=\"has-white-color has-text-color has-link-color wp-elements-04380fd16bb70a97e2980b5975bc87f7\">y<\/p>\n\n\n\n<h2 class=\"wp-block-heading has-text-align-center has-header-gradient-color has-text-color has-link-color has-x-large-font-size wp-elements-bb43c48f12c334b8737618fa7c21aba8\">Objetivo General<\/h2>\n\n\n\n<p class=\"has-text-align-center\">Fortalecer la formaci\u00f3n investigativa de los integrantes del semillero mediante la articulaci\u00f3n de las l\u00edneas clave de la Ingenier\u00eda Mecatr\u00f3nica, particularmente ciencia de datos e inteligencia artificial, automatizaci\u00f3n, manufactura y desarrollo de prototipos, con metodolog\u00edas de aprendizaje activo como el aprendizaje basado en problemas, el aprendizaje basado en proyectos y el aula invertida, a fin de potenciar competencias anal\u00edticas, creativas, comunicativas y colaborativas para la generaci\u00f3n de conocimiento y la soluci\u00f3n de problemas del contexto.<\/p>\n\n\n\n<p class=\"has-white-color has-text-color has-link-color wp-elements-6f1ba1bf5585e40e6fe0828511969d68\">yyy<\/p>\n","protected":false},"excerpt":{"rendered":"<p>En Mecabot, nos dedicamos a explorar y desarrollar proyectos innovadores en electr\u00f3nica, rob\u00f3tica y programaci\u00f3n. Nuestro prop\u00f3sito es ofrecer un espacio enriquecedor donde los estudiantes puedan aplicar y expandir sus conocimientos t\u00e9cnicos a trav\u00e9s de colaboraciones pr\u00e1cticas y creativas. En Mecabot, integramos el aprendizaje acad\u00e9mico con desaf\u00edos reales para preparar [&hellip;]<\/p>\n","protected":false},"author":1975,"featured_media":0,"parent":0,"menu_order":0,"comment_status":"closed","ping_status":"closed","template":"","meta":{"footnotes":""},"class_list":["post-999","page","type-page","status-publish","hentry"],"_links":{"self":[{"href":"https:\/\/academia.utp.edu.co\/mecabotica\/wp-json\/wp\/v2\/pages\/999","targetHints":{"allow":["GET"]}}],"collection":[{"href":"https:\/\/academia.utp.edu.co\/mecabotica\/wp-json\/wp\/v2\/pages"}],"about":[{"href":"https:\/\/academia.utp.edu.co\/mecabotica\/wp-json\/wp\/v2\/types\/page"}],"author":[{"embeddable":true,"href":"https:\/\/academia.utp.edu.co\/mecabotica\/wp-json\/wp\/v2\/users\/1975"}],"replies":[{"embeddable":true,"href":"https:\/\/academia.utp.edu.co\/mecabotica\/wp-json\/wp\/v2\/comments?post=999"}],"version-history":[{"count":1,"href":"https:\/\/academia.utp.edu.co\/mecabotica\/wp-json\/wp\/v2\/pages\/999\/revisions"}],"predecessor-version":[{"id":1219,"href":"https:\/\/academia.utp.edu.co\/mecabotica\/wp-json\/wp\/v2\/pages\/999\/revisions\/1219"}],"wp:attachment":[{"href":"https:\/\/academia.utp.edu.co\/mecabotica\/wp-json\/wp\/v2\/media?parent=999"}],"curies":[{"name":"wp","href":"https:\/\/api.w.org\/{rel}","templated":true}]}}