{"id":1603,"date":"2020-07-30T18:37:07","date_gmt":"2020-07-30T18:37:07","guid":{"rendered":"http:\/\/academia.utp.edu.co\/medicinadeportiva\/?page_id=1603"},"modified":"2024-01-12T03:54:55","modified_gmt":"2024-01-12T03:54:55","slug":"generalidades-de-la-asignatura","status":"publish","type":"page","link":"https:\/\/academia.utp.edu.co\/medicinadeportiva\/generalidades-de-la-asignatura\/","title":{"rendered":"GENERALIDADES DE LA ASIGNATURA"},"content":{"rendered":"<h3><a href=\"https:\/\/academia.utp.edu.co\/medicinadeportiva\/files\/2013\/04\/Objeto-de-Formaci\u00f3n-CDyR-UTP-2018.pdf\">Objeto de Formaci\u00f3n CDyR &#8211; UTP 2018<\/a><\/h3>\n<p><a href=\"https:\/\/media2.utp.edu.co\/oficinas\/7\/Acuerdo-No.-42-Calendario-Academico-2024-I.pdf\"><strong><span style=\"color: #008000\">CALENDARIO ACAD\u00c9MICO PARA EL PRIMER SEMESTRE ACAD\u00c9MICO DE 2024<\/span><\/strong><\/a><\/p>\n<p><strong><span style=\"color: #008000\">(ACUERDO DE CONSEJO ACAD\u00c9MICO No. 42 (29 de noviembre de 2023<\/span><\/strong>)<\/p>\n<p>DIRECTIVA O6 MINISTERIO DE EDUCACI\u00d3N<\/p>\n<h3><span style=\"color: #ff0000\"><a href=\"https:\/\/academia.utp.edu.co\/medicinadeportiva\/files\/2013\/04\/PLAN-DE-ASIGNATURA-MEDICINA-DEPORTIVA.pdf\">PLAN DE ASIGNATURA MEDICINA DEPORTIVA<\/a>\u00a0<\/span><\/h3>\n<h3><a href=\"https:\/\/academia.utp.edu.co\/medicinadeportiva\/files\/2020\/03\/MEDICINA-DEPORTIVA-G-3-4-Programacion-de-Fechas-2020-1-CENG.pdf\">PROGRAMA MEDICINA DEPORTIVA G3-4 2020-1 CENG<\/a><\/h3>\n<h3><a href=\"https:\/\/academia.utp.edu.co\/medicinadeportiva\/files\/2020\/03\/PROGRAMA-MEDICINA-DEPORTIVA-G1-2-I-2020-JCGT.pdf\">PROGRAMA MEDICINA DEPORTIVA G1-2 I-2020 &#8211; JCGT<\/a><\/h3>\n<h3><span style=\"color: #008000\"><a style=\"color: #008000\" href=\"https:\/\/academia.utp.edu.co\/medicinadeportiva\/files\/2013\/04\/PROGRAMA-ROTACI\u00d3N-MEDICINA-DEPORTIVA.pdf\" target=\"_blank\" rel=\"noopener noreferrer\">PROGRAMA ROTACI\u00d3N MEDICINA DEPORTIVA<\/a><\/span><\/h3>\n<h3><a href=\"https:\/\/academia.utp.edu.co\/medicinadeportiva\/files\/2019\/04\/Formato-DOCUMENTOS-PARA-LA-ROTACIO\u0301N-HUSJ-1.pdf\"><span style=\"color: #ff0000\">Formato DOCUMENTOS PARA LA ROTACI\u00d3N HUSJ<\/span><\/a><\/h3>\n<h3><a href=\"https:\/\/academia.utp.edu.co\/medicinadeportiva\/files\/2013\/04\/Hoja-de-vida-estudiante-nuevo-FORMATO.pdf\">Hoja de vida estudiante solicitada por HUSJ<\/a><\/h3>\n<h3><span style=\"color: #0000ff\"><a style=\"color: #0000ff\" href=\"https:\/\/academia.utp.edu.co\/medicinadeportiva\/files\/2019\/09\/EJEMPLO-1-DE-DOCUMENTOS-HUSJ-Armando-Casa.pdf\">EJEMPLO 1 DE DOCUMENTOS HUSJ &#8211; Armando Casa<\/a><\/span><\/h3>\n<h3><span style=\"color: #0000ff\"><a style=\"color: #0000ff\" href=\"https:\/\/academia.utp.edu.co\/medicinadeportiva\/files\/2019\/09\/EJEMPLO-2-DE-DOCUMENTOS-HUSJ-Seraf\u00edn-Rico.pdf\">EJEMPLO 2 DE DOCUMENTOS HUSJ &#8211; Seraf\u00edn Rico<\/a><\/span><\/h3>\n<h3><a href=\"https:\/\/academia.utp.edu.co\/medicinadeportiva\/files\/2019\/09\/Higiene-de-las-manos-OMS.pdf\"><span style=\"color: #ff0000\">Higiene de las Manos<\/span><\/a><\/h3>\n<h3><a href=\"https:\/\/academia.utp.edu.co\/medicinadeportiva\/files\/2019\/09\/DERECHOS-y-DEBERES-DE-LOS-PACIENTES.pdf\"><span style=\"color: #008000\">DERECHOS y DEBERES DE LOS PACIENTES<\/span><\/a><\/h3>\n<h3><a href=\"https:\/\/academia.utp.edu.co\/medicinadeportiva\/files\/2019\/09\/DOTATEX-de-Risaralda-Uniforme-CDyR.pdf\">Uniforme CDyR \u2013 HUSJ.\u00a0\u00a0\u00a0 \u00a0Proveedor<\/a><\/h3>\n<h3><a href=\"http:\/\/www.utp.edu.co\/secretaria\/reglamentoestudiantil\/\" target=\"_blank\" rel=\"noopener noreferrer\">REGLAMENTO ESTUDIANTIL EN L\u00cdNEA<\/a><\/h3>\n<h3><a href=\"https:\/\/academia.utp.edu.co\/medicinadeportiva\/files\/2013\/04\/MANUAL-DE-MOVILIDAD-FACULTAD-DE-CIENCIAS-DE-LA-SALUD-2018.pdf\"><strong><span style=\"color: #008000\">MANUAL DE MOVILIDAD FACULTAD DE CIENCIAS DE LA SALUD 2018.<\/span><\/strong><\/a><\/h3>\n<h3><strong><a href=\"https:\/\/academia.utp.edu.co\/medicinadeportiva\/files\/2013\/04\/PASOS-PARA-LA-B\u00daSQUEDA-DE-ART\u00cdCULOS-EN-BASES-DE-DATOS-UTP.pdf\"><span style=\"color: #0000ff\">PASOS PARA LA B\u00daSQUEDA DE ART\u00cdCULOS EN BASES DE DATOS &#8211; UTP<\/span><\/a><\/strong><\/h3>\n<h3><a href=\"https:\/\/academia.utp.edu.co\/medicinadeportiva\/files\/2012\/04\/Interpretaci\u00f3n-de-la-densitometr\u00eda-\u00f3sea.pdf\">Interpretaci\u00f3n de la densitometr\u00eda \u00f3sea<\/a><\/h3>\n<h3><a href=\"http:\/\/corazonesresponsables.org\/\"><img loading=\"lazy\" decoding=\"async\" class=\"wp-image-4101 size-medium alignnone\" src=\"https:\/\/academia.utp.edu.co\/medicinadeportiva\/files\/2013\/04\/Corazones-responsables-300x113.jpg\" alt=\"Corazones responsables\" width=\"300\" height=\"113\" srcset=\"https:\/\/academia.utp.edu.co\/medicinadeportiva\/files\/2013\/04\/Corazones-responsables-300x113.jpg 300w, https:\/\/academia.utp.edu.co\/medicinadeportiva\/files\/2013\/04\/Corazones-responsables-250x94.jpg 250w, https:\/\/academia.utp.edu.co\/medicinadeportiva\/files\/2013\/04\/Corazones-responsables.jpg 366w\" sizes=\"auto, (max-width: 300px) 100vw, 300px\" \/><\/a><a href=\"http:\/\/www.fundaciondelcorazon.com\/\"><img loading=\"lazy\" decoding=\"async\" class=\"wp-image-4081  alignnone\" src=\"https:\/\/academia.utp.edu.co\/medicinadeportiva\/files\/2013\/04\/Fundaci%C3%B3n-Espa%C3%B1ola-del-Coraz%C3%B3n.jpg\" alt=\"Fundaci\u00f3n Espa\u00f1ola del Coraz\u00f3n\" width=\"228\" height=\"93\" \/><\/a><\/h3>\n<p><a href=\"http:\/\/exerciseismedicine.org.mx\/?pag=temaspublico.php\"><img loading=\"lazy\" decoding=\"async\" class=\"wp-image-4111 alignnone\" src=\"https:\/\/academia.utp.edu.co\/medicinadeportiva\/files\/2013\/04\/Exercise-Is-Medicine-300x141.jpg\" alt=\"Exercise Is Medicine\" width=\"238\" height=\"112\" srcset=\"https:\/\/academia.utp.edu.co\/medicinadeportiva\/files\/2013\/04\/Exercise-Is-Medicine-300x141.jpg 300w, https:\/\/academia.utp.edu.co\/medicinadeportiva\/files\/2013\/04\/Exercise-Is-Medicine-250x117.jpg 250w, https:\/\/academia.utp.edu.co\/medicinadeportiva\/files\/2013\/04\/Exercise-Is-Medicine.jpg 384w\" sizes=\"auto, (max-width: 238px) 100vw, 238px\" \/><\/a><\/p>\n<h3 style=\"text-align: right\"><strong><span style=\"color: #008080\"><a style=\"color: #008080\" href=\"https:\/\/academia.utp.edu.co\/medicinadeportiva\/\">Regresar a INICI<\/a><a style=\"color: #008080\" href=\"https:\/\/academia.utp.edu.co\/medicinadeportiva\/2013\/04\/07\/medicina-deportiva\/\">O<\/a><\/span><\/strong><\/h3>\n","protected":false},"excerpt":{"rendered":"<p>Objeto de Formaci\u00f3n CDyR &#8211; UTP 2018 CALENDARIO ACAD\u00c9MICO PARA EL PRIMER SEMESTRE ACAD\u00c9MICO DE 2024 (ACUERDO DE CONSEJO ACAD\u00c9MICO No. 42 (29 de noviembre de 2023) DIRECTIVA O6 MINISTERIO DE EDUCACI\u00d3N PLAN DE&#46;&#46;&#46;<\/p>\n","protected":false},"author":50,"featured_media":0,"parent":0,"menu_order":0,"comment_status":"open","ping_status":"closed","template":"","meta":{"footnotes":""},"class_list":["post-1603","page","type-page","status-publish","hentry"],"_links":{"self":[{"href":"https:\/\/academia.utp.edu.co\/medicinadeportiva\/wp-json\/wp\/v2\/pages\/1603","targetHints":{"allow":["GET"]}}],"collection":[{"href":"https:\/\/academia.utp.edu.co\/medicinadeportiva\/wp-json\/wp\/v2\/pages"}],"about":[{"href":"https:\/\/academia.utp.edu.co\/medicinadeportiva\/wp-json\/wp\/v2\/types\/page"}],"author":[{"embeddable":true,"href":"https:\/\/academia.utp.edu.co\/medicinadeportiva\/wp-json\/wp\/v2\/users\/50"}],"replies":[{"embeddable":true,"href":"https:\/\/academia.utp.edu.co\/medicinadeportiva\/wp-json\/wp\/v2\/comments?post=1603"}],"version-history":[{"count":6,"href":"https:\/\/academia.utp.edu.co\/medicinadeportiva\/wp-json\/wp\/v2\/pages\/1603\/revisions"}],"predecessor-version":[{"id":8106,"href":"https:\/\/academia.utp.edu.co\/medicinadeportiva\/wp-json\/wp\/v2\/pages\/1603\/revisions\/8106"}],"wp:attachment":[{"href":"https:\/\/academia.utp.edu.co\/medicinadeportiva\/wp-json\/wp\/v2\/media?parent=1603"}],"curies":[{"name":"wp","href":"https:\/\/api.w.org\/{rel}","templated":true}]}}