{"id":1499,"date":"2013-12-16T07:11:53","date_gmt":"2013-12-16T07:11:53","guid":{"rendered":"http:\/\/academia.utp.edu.co\/planeamiento\/?page_id=1499"},"modified":"2013-12-28T23:12:56","modified_gmt":"2013-12-28T23:12:56","slug":"grupo-ice","status":"publish","type":"page","link":"https:\/\/academia.utp.edu.co\/planeamiento\/produccion-bibliografica\/articulos-en-revistas-internacionales\/grupo-ice\/","title":{"rendered":"Grupo ICE3"},"content":{"rendered":"<ul>\n<li style=\"text-align: justify\"><span style=\"line-height: 15px\">1.-\u00a0<strong>Publicado en revista especializada:<\/strong>\u00a0Extending a Fault Dictionary Towards a Case-Based Reasoning System for Linear Electronic Analog Circuits Diagnosis<br \/>\nColombia, Lecture Notes In Computer Science ISSN: 0302-9743, 2004 vol:54 fasc: 2 p\u00e1gs: 748 &#8211; 762<br \/>\nAutores: JOAQUIM MELENDEZ FRIGOLA,<\/span><\/li>\n<\/ul>\n<ul style=\"text-align: justify\">\n<li>2.-\u00a0<strong>Publicado en revista especializada:<\/strong>\u00a0Classification of sags gathered in distribution substations based on multiway principal component analysis.<br \/>\nGran Breta\u00f1a, Electric Power Systems Research ISSN: 0378-7796, 2009 vol:79 fasc: N\/A p\u00e1gs: 144 &#8211; 151<br \/>\nAutores: JOAQUIM MELENDEZ FRIGOLA, ABBAS KHOSRAVI, JOAN COLOMER LLINAS,<\/li>\n<\/ul>\n<ul style=\"text-align: justify\">\n<li>3.-\u00a0<strong>Publicado en revista especializada:<\/strong>\u00a0Evaluation of fault relative location algorithms using voltage sag data collected at 25-kV substations<br \/>\nGran Breta\u00f1a, European Transactions On Electrical Power ISSN: 1430-144X, 2009 vol:20 fasc: 1 p\u00e1gs: 34 &#8211; 51<br \/>\nAutores: JOAQUIM MELENDEZ FRIGOLA, SERGIO HERRAIZ JARAMILLO, JORGE SANCHEZ LOSADA, VICTOR AUGUSTO BARRERA NUNEZ,<\/li>\n<\/ul>\n<ul style=\"text-align: justify\">\n<li>4.-\u00a0<strong>Publicado en revista especializada:<\/strong>\u00a0Integrating a feature selection algorithm for classification of voltage sags originated in transmission and distribution networks<br \/>\nEspa\u00f1a, Frontiers In Artificial Intelligence And Applications ISSN: 0922-6389, 2007 vol:163 fasc: N\/A p\u00e1gs: 376 &#8211; 383<br \/>\nAutores: ABBAS KHOSRAVI, JOAQUIM MELENDEZ FRIGOLA, TONI MARTINEZ, JOAN COLOMER LLINAS, JORGE SANCHEZ LOSADA,<\/li>\n<\/ul>\n<ul style=\"text-align: justify\">\n<li>5.-\u00a0<strong>Publicado en revista especializada:<\/strong>\u00a0Comparison of impedance based fault location methods for power distribution systems<br \/>\nEstados Unidos, Electric Power Systems Research ISSN: 0378-7796, 2008 vol:78 fasc: 4 p\u00e1gs: 657 &#8211; 666<br \/>\nAutores: JUAN JOSE MORA FLOREZ, JOAQUIM MELENDEZ FRIGOLA, GILBERTO CARRILLO CAICEDO,<\/li>\n<\/ul>\n<ul style=\"text-align: justify\">\n<li>6.-\u00a0<strong>Publicado en revista especializada:<\/strong>\u00a0Transmission Delays in Residual Computation<br \/>\nGran Breta\u00f1a, Iet Control Theory &amp; Applications ISSN: 1751-8644, 2007 vol:1 fasc: 5 p\u00e1gs: 1471 &#8211; 1476<br \/>\nAutores: JOAQUIM MELENDEZ FRIGOLA, DAVID ALEJANDRO LLANOS RODRIGUEZ, MARCEL STAROSWIECKI, JOAN COLOMER LLINAS,<\/li>\n<\/ul>\n<ul style=\"text-align: justify\">\n<li>7.-\u00a0<strong>Publicado en revista especializada:<\/strong>\u00a0Calidad de Onda en el Servicio el\u00e9ctrico. Causas y efectos de las perturbaciones que afectan la calidad de la electricidad.<br \/>\nEspa\u00f1a, Automatica E Instrumentacion ISSN: 0213-3113, 2005 vol:1 fasc: 360 p\u00e1gs: 92 &#8211; 98<br \/>\nAutores: JOAQUIM MELENDEZ FRIGOLA, JOAN COLOMER LLINAS, SERGIO HERRAIZ JARAMILLO,<\/li>\n<\/ul>\n<ul style=\"text-align: justify\">\n<li>8.-\u00a0<strong>Publicado en revista especializada:<\/strong>\u00a0Combination of Statistical Process Control (SPC) methods and classification strategies for situation assessment of batch processes<br \/>\nEspa\u00f1a, Inteligencia Artificial ISSN: 1137-3601, 2006 vol:10 fasc: 29 p\u00e1gs: 99 &#8211; 107<br \/>\nAutores: JOAQUIM MELENDEZ FRIGOLA, JOAN COLOMER LLINAS, MAGDA RUIZ ORDONEZ,<\/li>\n<\/ul>\n<ul style=\"text-align: justify\">\n<li>9.-\u00a0<strong>Publicado en revista especializada:<\/strong>\u00a0Classification of Voltage Sags Based on MPCA Models<br \/>\nAlemania, Lecture Notes In Computer Science ISSN: 0302-9743, 2007 vol:4477 fasc: 5 p\u00e1gs: 362 &#8211; 369<br \/>\nAutores: JOAQUIM MELENDEZ FRIGOLA, ABBAS KHOSRAVI, JOAN COLOMER LLINAS,<\/li>\n<\/ul>\n<ul style=\"text-align: justify\">\n<li>14.-\u00a0<strong>Publicado en revista especializada:<\/strong>\u00a0Artificial neural networks and clustering techniques applied in the reconfiguration of distribution systems<br \/>\nEstados Unidos, Ieee Transactions On Power Delivery ISSN: 0885-8977, 2006 vol:21 fasc: 3 p\u00e1gs: 1735 &#8211; 1742<br \/>\nAutores: RAMON ALFONSO GALLEGO RENDON, HAROLD SALAZAR ISAZA, RUBEN AUGUSTO ROMERO LAZARO,<\/li>\n<\/ul>\n<ul style=\"text-align: justify\">\n<li>38.-\u00a0<strong>Publicado en revista especializada:<\/strong>\u00a0Comparison between power distribution system fault location methods<br \/>\nEstados Unidos, Scientia Et Technica ISSN: 0122-1701, 2008 vol:78 fasc: 4 p\u00e1gs: 657 &#8211; 666<br \/>\nAutores: JUAN JOSE MORA FLOREZ, GILBERTO CARRILLO CAICEDO, JOAQUIM MELENDEZ,<\/li>\n<\/ul>\n<ul style=\"text-align: justify\">\n<li>40.-\u00a0<strong>Publicado en revista especializada:<\/strong>\u00a0Fault Location in Power Distribution Systems Using a Learning Algorithm for Multivariable Data Analysis<br \/>\nEstados Unidos, Ieee Transactions On Power Delivery ISSN: 0885-8977, 2007 vol:22 fasc: p\u00e1gs: 1715 &#8211; 1721<br \/>\nAutores: JUAN JOSE MORA FLOREZ, VICTOR AUGUSTO BARRERA NUNEZ, GILBERTO CARRILLO CAICEDO,<\/li>\n<\/ul>\n<ul style=\"text-align: justify\">\n<li>41.-\u00a0<strong>Publicado en revista especializada:<\/strong>\u00a0Comparison of impedance based fault location methods for power distribution systems<br \/>\nEstados Unidos, Electric Power Systems Research ISSN: 0378-7796, 2008 vol:78 fasc: 4 p\u00e1gs: 657 &#8211; 666<br \/>\nAutores: JUAN JOSE MORA FLOREZ, JOAQUIM MELENDEZ, GILBERTO CARRILLO CAICEDO,<\/li>\n<\/ul>\n<ul style=\"text-align: justify\">\n<li>63.-\u00a0<strong>Publicado en revista especializada:<\/strong>\u00a0Strategies to Attend Destructive and Nondestructive Faults in Power Transmission Substations<br \/>\nBrasil, IEEE Latin America Transactions ISSN: 15480092, 2004 vol:2 fasc: 3 p\u00e1gs: 1 &#8211; 6<br \/>\nAutores: JORGE OLMEDO ARIZA CASTILLO, GILBERTO CARRILLO CAICEDO, JUAN JOSE MORA FLOREZ,<\/li>\n<\/ul>\n<ul style=\"text-align: justify\">\n<li>66.-\u00a0<strong>Publicado en revista especializada:<\/strong>\u00a0Fault Location in Power Distribution Systems Using a Learning Algorithm for Multivariable Data Analysis<br \/>\nEstados Unidos, Ieee Transactions On Power Delivery ISSN: 0885-8977, 2007 vol:22 fasc: 3 p\u00e1gs: 1715 &#8211; 1721<br \/>\nAutores: JUAN JOSE MORA FLOREZ, VICTOR AUGUSTO BARRERA NUNEZ, GILBERTO CARRILLO CAICEDO,<\/li>\n<\/ul>\n<ul style=\"text-align: justify\">\n<li>67.-\u00a0<strong>Publicado en revista especializada:<\/strong>\u00a0Classification methodology and feature selection to assist fault location in power distribution systems<br \/>\nInglaterra, Revista Facultad De Ingenieria ISSN: 0120-6230, 2008 vol:44 fasc: N\/A p\u00e1gs: 83 &#8211; 96<br \/>\nAutores: JUAN JOSE MORA FLOREZ, GERMAN ANDRES MORALES ESPANA, SANDRA MILENA PEREZ LONDONO,<\/li>\n<\/ul>\n<ul style=\"text-align: justify\">\n<li>74.-\u00a0<strong>Publicado en revista especializada:<\/strong>\u00a0Oscilation control in a synchronous machine unsing a neural based pss<br \/>\nInglaterra, Revista Facultad De Ingenieria ISSN: 0120-6230, 2008 vol:45 fasc: N\/A p\u00e1gs: 109 &#8211; 119<br \/>\nAutores: JUAN JOSE MORA FLOREZ, SANDRA MILENA PEREZ LONDONO, ALFONSO ALZATE GOMEZ,<\/li>\n<\/ul>\n<ul style=\"text-align: justify\">\n<li>76.-\u00a0<strong>Publicado en revista especializada:<\/strong>\u00a0Elimination of Multiple Estimation for Fault Location in Radial Power Systems by Using Fundamental Single-End Measurements<br \/>\nEstados Unidos, Ieee Transactions On Power Delivery ISSN: 0885-8977, 2009 vol:24 fasc: 3 p\u00e1gs: 1382 &#8211; 1389<br \/>\nAutores: JUAN JOSE MORA FLOREZ, GERMAN ANDRES MORALES ESPANA, HERMANN RAUL VARGAS TORRES,<\/li>\n<\/ul>\n<ul style=\"text-align: justify\">\n<li>79.-\u00a0<strong>Publicado en revista especializada:<\/strong>\u00a0k-means algorithm and mixture distributions for locating faults in power systems<br \/>\nInglaterra, Electric Power Systems Research ISSN: 0378-7796, 2009 vol:79 fasc: 5 p\u00e1gs: 714 &#8211; 721<br \/>\nAutores: JUAN JOSE MORA FLOREZ, JORGE ANDRES CORMANE ANGARITA, GABRIEL ORDONEZ PLATA,<\/li>\n<\/ul>\n<ul style=\"text-align: justify\">\n<li>80.-\u00a0<strong>Publicado en revista especializada:<\/strong>\u00a0Learning-based strategy for reducing the multiple estimation problem of fault zone location in radial power systems<br \/>\nInglaterra, Iet Generation, Transmission And Distribution, (Iet Gener. Transm. Distrib.) ISSN: 1751-8687, 2009 vol:3 fasc: 4 p\u00e1gs: 346 &#8211; 356<br \/>\nAutores: JUAN JOSE MORA FLOREZ, GERMAN ANDRES MORALES ESPANA, SANDRA MILENA PEREZ LONDONO,<\/li>\n<\/ul>\n<ul style=\"text-align: justify\">\n<li>81.-\u00a0<strong>Publicado en revista especializada:<\/strong>\u00a0A linear approach to determining an SVM-based fault locator&#8217;s optimal parameters<br \/>\nInglaterra, Ingenier\u00eda E Investigaci\u00f3n ISSN: 0120-5609, 2009 vol:29 fasc: 1 p\u00e1gs: 76 &#8211; 81<br \/>\nAutores: JUAN JOSE MORA FLOREZ, LUCAS PAUL PEREZ HERNANDEZ, JUAN BEDOYA CEBAYOS,<\/li>\n<\/ul>\n<ul style=\"text-align: justify\">\n<li>82.-\u00a0<strong>Publicado en revista especializada:<\/strong>\u00a0Faulted zone determination using statistical modeling of voltage sag database in power distribution systems<br \/>\nInglaterra, Revista Facultad De Ingenieria ISSN: 0120-6230, 2009 vol:47 fasc: N\/A p\u00e1gs: 197 &#8211; 208<br \/>\nAutores: JUAN JOSE MORA FLOREZ, GABRIEL ORDONEZ PLATA, JORGE ANDRES CORMANE ANGARITA,<\/li>\n<\/ul>\n<ul style=\"text-align: justify\">\n<li>83.-\u00a0<strong>Publicado en revista especializada:<\/strong>\u00a0Characterization of event databases for locating faults in radial power systems<br \/>\nInglaterra, Revista Facultad De Ingenieria ISSN: 0120-6230, 2009 vol:48 fasc: N\/A p\u00e1gs: 141 &#8211; 152<br \/>\nAutores: SANDRA MILENA PEREZ LONDONO, JUAN JOSE MORA FLOREZ, ALEJANDRO GARCES RUIZ,<\/li>\n<\/ul>\n<ul style=\"text-align: justify\">\n<li>103.-\u00a0<strong>Publicado en revista especializada:<\/strong>\u00a0Learning-based strategy for reducing the multiple estimation problem of fault zone location in radial power systems<br \/>\nInglaterra, Iet Generation, Transmission And Distribution, (Iet Gener. Transm. Distrib.) ISSN: 1751-8687, 2009 vol:3 fasc: 4 p\u00e1gs: 346 &#8211; 356<br \/>\nAutores: SANDRA MILENA PEREZ LONDONO, GERMAN MORALES, JUAN JOSE MORA FLOREZ,<\/li>\n<\/ul>\n<ul>\n<li style=\"text-align: justify\">112.-\u00a0<strong>Publicado en revista especializada:<\/strong>\u00a0Estudio del biog\u00e1s captado en un relleno sanitario para su posible utilizaci\u00f3n como combustible primario en la generaci\u00f3n de energ\u00eda el\u00e9ctrica<br \/>\nM\u00e9xico, Revista Electr\u00f3nica Ide@S Concyteg ISSN: 2007-2716, 2012 vol:7 fasc: 88 p\u00e1gs: 1170 &#8211; 1182<br \/>\nAutores: ANDRES FELIPE PANESSO HERNANDEZ, JUAN ANDRES CADENA ZAPATA, JUAN JOSE MORA FLOREZ, MARIA DEL CARMEN ORDONEZ ORDONEZ,<\/li>\n<\/ul>\n","protected":false},"excerpt":{"rendered":"<p>1.-\u00a0Publicado en revista especializada:\u00a0Extending a Fault Dictionary Towards a Case-Based Reasoning System for Linear Electronic Analog Circuits Diagnosis Colombia, Lecture Notes In Computer Science ISSN: 0302-9743, 2004 vol:54 fasc: 2 p\u00e1gs: 748 &#8211; 762 Autores: JOAQUIM MELENDEZ FRIGOLA, 2.-\u00a0Publicado en &hellip; <a href=\"https:\/\/academia.utp.edu.co\/planeamiento\/produccion-bibliografica\/articulos-en-revistas-internacionales\/grupo-ice\/\">Sigue leyendo <span class=\"meta-nav\">&rarr;<\/span><\/a><\/p>\n","protected":false},"author":31,"featured_media":0,"parent":833,"menu_order":0,"comment_status":"closed","ping_status":"closed","template":"sidebar-page.php","meta":{"footnotes":""},"class_list":["post-1499","page","type-page","status-publish","hentry"],"_links":{"self":[{"href":"https:\/\/academia.utp.edu.co\/planeamiento\/wp-json\/wp\/v2\/pages\/1499","targetHints":{"allow":["GET"]}}],"collection":[{"href":"https:\/\/academia.utp.edu.co\/planeamiento\/wp-json\/wp\/v2\/pages"}],"about":[{"href":"https:\/\/academia.utp.edu.co\/planeamiento\/wp-json\/wp\/v2\/types\/page"}],"author":[{"embeddable":true,"href":"https:\/\/academia.utp.edu.co\/planeamiento\/wp-json\/wp\/v2\/users\/31"}],"replies":[{"embeddable":true,"href":"https:\/\/academia.utp.edu.co\/planeamiento\/wp-json\/wp\/v2\/comments?post=1499"}],"version-history":[{"count":8,"href":"https:\/\/academia.utp.edu.co\/planeamiento\/wp-json\/wp\/v2\/pages\/1499\/revisions"}],"predecessor-version":[{"id":2061,"href":"https:\/\/academia.utp.edu.co\/planeamiento\/wp-json\/wp\/v2\/pages\/1499\/revisions\/2061"}],"up":[{"embeddable":true,"href":"https:\/\/academia.utp.edu.co\/planeamiento\/wp-json\/wp\/v2\/pages\/833"}],"wp:attachment":[{"href":"https:\/\/academia.utp.edu.co\/planeamiento\/wp-json\/wp\/v2\/media?parent=1499"}],"curies":[{"name":"wp","href":"https:\/\/api.w.org\/{rel}","templated":true}]}}