{"id":1893,"date":"2013-12-21T19:35:28","date_gmt":"2013-12-21T19:35:28","guid":{"rendered":"http:\/\/academia.utp.edu.co\/planeamiento\/?page_id=1893"},"modified":"2014-01-17T08:03:18","modified_gmt":"2014-01-17T08:03:18","slug":"grupo-ice3","status":"publish","type":"page","link":"https:\/\/academia.utp.edu.co\/planeamiento\/produccion-bibliografica\/proyectos-de-grado-de-ingenieria-electrica\/grupo-ice3\/","title":{"rendered":"Grupo ICE3"},"content":{"rendered":"<ul>\n<li style=\"text-align: justify\"><span style=\"line-height: 15px\">6.-\u00a0<strong>Trabajo de conclusi\u00f3n de curso de pregrado<\/strong>\u00a0: Flujo de Carga Trif\u00e1sico y Radial<br \/>\nColombia, 1989, Tutor principal, Orientados: H\u00e9ctor Fabio Rodas Guti\u00e9rrez, Ingenier\u00eda El\u00e9ctrica, Universidad Tecnol\u00f3gica De Pereira &#8211; Utp.<br \/>\nAutores: RAMON ALFONSO GALLEGO RENDON, HECTOR FABIO RODAS GUTIERREZ,<\/span><\/li>\n<\/ul>\n<ul style=\"text-align: justify\">\n<li>8.-\u00a0<strong>Trabajo de conclusi\u00f3n de curso de pregrado<\/strong>\u00a0: CARACTERIZACION ARMONICA DE LA SUBESTACION EABORACION DEL INGENIO RISARALDA<br \/>\nColombia, 2006, Tutor principal, Orientados: Dagoberto Cardona Ram\u00edrez, Ingenier\u00eda El\u00e9ctrica, Universidad Tecnol\u00f3gica De Pereira &#8211; Utp.<br \/>\nAutores: CARLOS ALBERTO RIOS PORRAS, DAGOBERTO CARDONA RAMIREZ,<\/li>\n<\/ul>\n<ul style=\"text-align: justify\">\n<li>9.-\u00a0<strong>Trabajo de conclusi\u00f3n de curso de pregrado<\/strong>\u00a0: METODOLOG\u00cdA PARA DETERMINAR LA FUENTE ARM\u00d3NICA DOMINANTE EN CIRCUITOS DE MEDIA TENSI\u00d3N<br \/>\nColombia, 2006, Tutor principal, Orientados: Luci\u00e9n Arlette Rodr\u00edguez Estupi\u00f1\u00e1n, Ingenier\u00eda El\u00e9ctrica, Universidad Tecnol\u00f3gica De Pereira &#8211; Utp.<br \/>\nAutores: CARLOS ALBERTO RIOS PORRAS, LUCIEN ARLETTE RODRIGUEZ ESTUPINAN,<\/li>\n<\/ul>\n<ul style=\"text-align: justify\">\n<li>11.-\u00a0<strong>Trabajo de conclusi\u00f3n de curso de pregrado<\/strong>\u00a0: Servicios Complementarios: Modelado y Simulaci\u00f3n Del Servicio De Regulaci\u00f3n Frecuencia &#8211; Potencia<br \/>\nColombia, 1999, Coturor\/asesor, Orientados: Omar Eduardo Montes y Lenin Salazar U, Ingenier\u00eda El\u00e9ctrica, Universidad Industrial de Santander &#8211; UIS.<br \/>\nAutores: OMAR EDUARDO MONTES, LENIN SALAZAR U, JORGE FERNANDO GUTIERREZ GOMEZ,<\/li>\n<\/ul>\n<ul style=\"text-align: justify\">\n<li>12.-\u00a0<strong>Trabajo de conclusi\u00f3n de curso de pregrado<\/strong>\u00a0: Mercados De Energ\u00eda: Metodolog\u00eda Y Proouestas De C\u00e1lculo Del Cargo Por Capacidad En Colombia<br \/>\nColombia, 2005, Tutor principal, Orientados: Lina Marcela Montes Arenas, Ingenier\u00eda El\u00e9ctrica, Universidad Nacional De Colombia &#8211; Sede Manizales.<br \/>\nAutores: JORGE FERNANDO GUTIERREZ GOMEZ, LINA MARCELA MONTES ARENAS,<\/li>\n<\/ul>\n<ul style=\"text-align: justify\">\n<li>13.-\u00a0<strong>Trabajo de conclusi\u00f3n de curso de pregrado<\/strong>\u00a0: Influencia De Los Modelos De La M\u00e1quina Sincr\u00f3nica En Estudios De Estabilidad De Peque\u00f1a Se\u00f1al<br \/>\nColombia, 2005, Tutor principal, Orientados: Jorge Diego Londo\u00f1o Aristizabal, Ingenier\u00eda El\u00e9ctrica, Universidad Nacional De Colombia &#8211; Sede Manizales.<br \/>\nAutores: JORGE FERNANDO GUTIERREZ GOMEZ, JORGE DIEGO LONDONO A,<\/li>\n<\/ul>\n<ul style=\"text-align: justify\">\n<li>16.-\u00a0<strong>Trabajo de conclusi\u00f3n de curso de pregrado<\/strong>\u00a0: Causas de la mala calidad de la energ\u00eda el\u00e9ctrica en una instalaci\u00f3n y sus posibles soluciones<br \/>\nColombia, 2004, Tutor principal, Orientados: Diana Guar\u00edn, Ingenier\u00eda El\u00e9ctrica, Universidad Tecnol\u00f3gica De Pereira &#8211; Utp.<br \/>\nAutores: ADOLFO LEON ESCOBAR MONTOYA, DIANA GUARIN,<\/li>\n<\/ul>\n<ul style=\"text-align: justify\">\n<li>18.-\u00a0<strong>Trabajo de conclusi\u00f3n de curso de pregrado<\/strong>\u00a0: Protecci\u00f3n del 100% del estator del generador s\u00edncrono ante fallos fase \u00bf tierra utilizando el m\u00e9todo de inyecci\u00f3n subarm\u00f3nica<br \/>\nColombia, 2006, Tutor principal, Orientados: Luis carlos giraldo v\u00e1squez, Facultad de Ingenier\u00eda El\u00e9ctrica, Universidad Tecnol\u00f3gica De Pereira &#8211; Utp.<br \/>\nAutores<\/li>\n<\/ul>\n<ul style=\"text-align: justify\">\n<li>19.-\u00a0<strong>Trabajo de conclusi\u00f3n de curso de pregrado<\/strong>\u00a0: Diagn\u00f3stico de fallas en sistemas de distribuci\u00f3n de energ\u00eda utilizando m\u00e1quinas de soporte vectorial<br \/>\nColombia, 2006, Tutor principal, Orientados: Luis Carlos Arias Montoya &#8211; Franky Contreras Montoya, Facultad de Ingenier\u00eda El\u00e9ctrica, Universidad Tecnol\u00f3gica De Pereira &#8211; Utp.<br \/>\nAutores:<\/li>\n<\/ul>\n<ul style=\"text-align: justify\">\n<li>20.-\u00a0<strong>Trabajo de conclusi\u00f3n de curso de pregrado<\/strong>\u00a0: Formulacion y automatizaci\u00f3n de los procesos de verificacion de las aplicaciones del lac<br \/>\nColombia, 2005, Tutor principal, Orientados: Yov Steven Restrepo Grisales, Facultad de Ingenier\u00eda El\u00e9ctrica, Universidad Tecnol\u00f3gica De Pereira &#8211; Utp.<br \/>\nAutores:<\/li>\n<\/ul>\n<ul style=\"text-align: justify\">\n<li>21.-\u00a0<strong>Trabajo de conclusi\u00f3n de curso de pregrado<\/strong>\u00a0: Algoritmo de ratan das en la localizacion de fallos en sistemas de distribuci\u00f3n<br \/>\nColombia, 2005, Tutor principal, Orientados: Cesar Augusto Cortes Garzon &#8211; Jorge Hernan Gutierrez Gallego, Facultad de Ingenier\u00eda El\u00e9ctrica, Universidad Tecnol\u00f3gica De Pereira &#8211; Utp.<br \/>\nAutores:<\/li>\n<\/ul>\n<ul style=\"text-align: justify\">\n<li>22.-\u00a0<strong>Trabajo de conclusi\u00f3n de curso de pregrado<\/strong>\u00a0: M\u00e9todos basados en el modelo para localizaci\u00f3n de fallas en sistemas de potencia operados radialmente<br \/>\nColombia, 2005, Tutor principal, Orientados: Sandra Liliana Mu\u00f1oz Su\u00e1rez, Ingenier\u00eda el\u00e9ctrica, Universidad Tecnol\u00f3gica De Pereira &#8211; Utp.<br \/>\nAutores:<\/li>\n<\/ul>\n<ul style=\"text-align: justify\">\n<li>23.-\u00a0<strong>Trabajo de conclusi\u00f3n de curso de pregrado<\/strong>\u00a0: Modelo h\u00edbrido para localizaci\u00f3n de fallas en sistemas de potencia radiales, utilizando un m\u00e9todo algor\u00edtmico y un sistema neurodifuso<br \/>\nColombia, 2006, Tutor principal, Orientados: Maximiliano Bueno L\u00f3pez &#8211; Lucas Pa\u00fal P\u00e9rez Hern\u00e1ndez, Facultad de Ingenier\u00eda El\u00e9ctrica, Universidad Tecnol\u00f3gica De Pereira &#8211; Utp.<br \/>\nAutores:<\/li>\n<\/ul>\n<ul style=\"text-align: justify\">\n<li>24.-\u00a0<strong>Trabajo de conclusi\u00f3n de curso de pregrado<\/strong>\u00a0: Diagn\u00f3stico de fallas en transformadores de potencia: Aplicaci\u00f3n de la m\u00e1quina de soporte vectorial en el an\u00e1lisis de gases disueltos en el aceite<br \/>\nColombia, 2009, Tutor principal, Orientados: Juan Andr\u00e9s Cadena Zapata y Juan Mauricio Cadena Zapata, Facultad de Ingenier\u00eda El\u00e9ctrica, Universidad Tecnol\u00f3gica De Pereira &#8211; Utp.<br \/>\nAutores:<\/li>\n<\/ul>\n<ul style=\"text-align: justify\">\n<li>25.-\u00a0<strong>Trabajo de conclusi\u00f3n de curso de pregrado<\/strong>\u00a0: Ubicaci\u00f3n de unidades de medici\u00f3n fasorial en sistemas de monitoreo de \u00e1rea amplia<br \/>\nColombia, 2010, Tutor principal, Orientados: Giovanny Andr\u00e9s Nesse Buitrago, Facultad de Ingenier\u00eda El\u00e9ctrica, Universidad Tecnol\u00f3gica De Pereira &#8211; Utp.<br \/>\nAutores:<\/li>\n<\/ul>\n<ul style=\"text-align: justify\">\n<li>26.-\u00a0<strong>Trabajo de conclusi\u00f3n de curso de pregrado<\/strong>\u00a0: An\u00e1lisis de sensibilidad en la localizaci\u00f3n de fallas en sistemas de distribuci\u00f3n de energ\u00eda el\u00e9ctrica<br \/>\nColombia, 2009, Tutor principal, Orientados: Marvin Obreg\u00f3n Segura, Facultad de Ingenier\u00eda El\u00e9ctrica, Universidad Tecnol\u00f3gica De Pereira &#8211; Utp.<br \/>\nAutores:<\/li>\n<\/ul>\n<ul style=\"text-align: justify\">\n<li>27.-\u00a0<strong>Trabajo de conclusi\u00f3n de curso de pregrado<\/strong>\u00a0: Estudio y aplicaci\u00f3n del sistema prepago de energ\u00eda el\u00e9ctrica en la ciudad de Pereira<br \/>\nColombia, 2009, Tutor principal, Orientados: Pablo Naranjo y Manuel Rojas, Facultad de Ingenier\u00eda El\u00e9ctrica, Universidad Tecnol\u00f3gica De Pereira &#8211; Utp.<br \/>\nAutores:<\/li>\n<\/ul>\n<ul style=\"text-align: justify\">\n<li>30.-\u00a0<strong>Trabajo de conclusi\u00f3n de curso de pregrado<\/strong>\u00a0: AN\u00c1LISIS Y PERFECCIONAMIENTO DE LA METODOLOG\u00cdA PARA LA ELIMINACI\u00d3N DE LA M\u00daLTIPLE ESTIMACI\u00d3N EN LA LOCALIZACI\u00d3N DE FALLAS EN SISTEMAS DE DISTRIBUCI\u00d3N.<br \/>\nColombia, 2012, Tutor principal, Orientados: JOSE SANTIAGO ARRIETA GIRALDO, JUAN DAVID RAM\u00cdREZ RAM\u00cdREZ, Facultad de Ingenier\u00eda El\u00e9ctrica, Universidad Tecnol\u00f3gica De Pereira &#8211; Utp.<br \/>\nAutores:<\/li>\n<\/ul>\n<ul style=\"text-align: justify\">\n<li>31.-\u00a0<strong>Trabajo de conclusi\u00f3n de curso de pregrado<\/strong>\u00a0: M\u00c9TODO PARA LA LOCALIZACI\u00d3N DE FALLAS MONOF\u00c1SICAS A TIERRA DE ALTA IMPEDANCIA EN SISTEMAS RADIALES DE DISTRIBUCI\u00d3N<br \/>\nColombia, 2012, Tutor principal, Orientados: Cristian Camilo Ortiz, Ingenier\u00eda el\u00e9ctrica, Universidad Tecnol\u00f3gica De Pereira &#8211; Utp.<br \/>\nAutores:<\/li>\n<\/ul>\n<ul style=\"text-align: justify\">\n<li>33.-\u00a0<strong>Trabajo de conclusi\u00f3n de curso de pregrado<\/strong>\u00a0: Desarrollo de un m\u00e9todo basado en el modelo del sistema (mbm), para localizar fallas en sistemas de distribuci\u00f3n de energ\u00eda con generaci\u00f3n distribuida<br \/>\nColombia, 2012, Tutor principal, Orientados: John Janer Valencia Quintero, Ingenier\u00eda el\u00e9ctrica, Universidad Tecnol\u00f3gica De Pereira &#8211; Utp.<br \/>\nAutores:<\/li>\n<\/ul>\n<ul style=\"text-align: justify\">\n<li>34.-\u00a0<strong>Trabajo de conclusi\u00f3n de curso de pregrado<\/strong>\u00a0: Influencia de la variaci\u00f3n de par\u00e1metros del sistema de potencia en la localizaci\u00f3n de fallas con m\u00e9todos de clasificaci\u00f3n<br \/>\n, 2012, Tutor principal, Orientados: NATALIA ALZATE GONZ\u00c1LEZ, Ingenier\u00eda el\u00e9ctrica, Universidad Tecnol\u00f3gica De Pereira &#8211; Utp.<br \/>\nAutores:<\/li>\n<\/ul>\n<ul style=\"text-align: justify\">\n<li>35.-\u00a0<strong>Trabajo de conclusi\u00f3n de curso de pregrado<\/strong>\u00a0: An\u00e1lisis de los efectos del modelo de la carga en la localizaci\u00f3n de fallas en sistemas de distribuci\u00f3n basados en la m\u00e1quina de soporte vectorial<br \/>\n, 2012, Tutor principal, Orientados: Juan David Agudelo Caro, Ingenier\u00eda el\u00e9ctrica, Universidad Tecnol\u00f3gica De Pereira &#8211; Utp.<br \/>\nAutores:<\/li>\n<\/ul>\n<ul style=\"text-align: justify\">\n<li>43.-\u00a0<strong>Trabajo de conclusi\u00f3n de curso de pregrado<\/strong>\u00a0: Protecci\u00f3n del 100% del estator del generador sincrono ante fallos fase-tierra utilizando el metodo del tercer armonico<br \/>\nColombia, 2005, , Orientados: Byron Fernando Ruiz, Facultad de Ingenier\u00eda El\u00e9ctrica, Universidad Tecnol\u00f3gica De Pereira &#8211; Utp.<br \/>\nAutores: JUAN JOSE MORA FLOREZ,<\/li>\n<\/ul>\n<ul style=\"text-align: justify\">\n<li>44.-\u00a0<strong>Trabajo de conclusi\u00f3n de curso de pregrado<\/strong>\u00a0: Uso de la l\u00f3gica difusa y m\u00e9todos algoritmicos para el desarrollo de un hibrido de localizaci\u00f3n de fallas en sistemas de potencia radiales<br \/>\nColombia, 2005, , Orientados: Lucas Paul Perez, Facultad de Ingenier\u00eda El\u00e9ctrica, Universidad Tecnol\u00f3gica De Pereira &#8211; Utp.<br \/>\nAutores: JUAN JOSE MORA FLOREZ,<\/li>\n<\/ul>\n<ul style=\"text-align: justify\">\n<li>45.-\u00a0<strong>Trabajo de conclusi\u00f3n de curso de pregrado<\/strong>\u00a0: Utilizaci\u00f3n del m\u00e9todo LAMDA para reducci\u00f3n de localizaci\u00f3n de fallas en sistemas de potencia radiales<br \/>\nColombia, 2005, , Orientados: Alejandra Gomez, Facultad de Ingenier\u00eda El\u00e9ctrica, Universidad Tecnol\u00f3gica De Pereira &#8211; Utp.<br \/>\nAutores: JUAN JOSE MORA FLOREZ,<\/li>\n<\/ul>\n<ul style=\"text-align: justify\">\n<li>46.-\u00a0<strong>Trabajo de conclusi\u00f3n de curso de pregrado<\/strong>\u00a0: Diagnostico de fallas en sistemas de distribucion de energia electrica utilizando m\u00e1quinas de soporte vectorial<br \/>\nColombia, 2005, , Orientados: Franky Contreras, Facultad de Ingenier\u00eda El\u00e9ctrica, Universidad Tecnol\u00f3gica De Pereira &#8211; Utp.<br \/>\nAutores: JUAN JOSE MORA FLOREZ,<\/li>\n<\/ul>\n<ul style=\"text-align: justify\">\n<li>47.-\u00a0<strong>Trabajo de conclusi\u00f3n de curso de pregrado<\/strong>\u00a0: Modelamiento de las zonas resistividad de terreno y su implicaci\u00f3n en la localizaci\u00f3n de fallas en los circuitos de 34.5 kV<br \/>\nColombia, 2008, Tutor principal, Orientados: Germ\u00e1n Garc\u00eda, Facultad de Ingenier\u00eda El\u00e9ctrica, Universidad Tecnol\u00f3gica De Pereira &#8211; Utp.<br \/>\nAutores: JUAN JOSE MORA FLOREZ,<\/li>\n<\/ul>\n<ul style=\"text-align: justify\">\n<li>48.-\u00a0<strong>Trabajo de conclusi\u00f3n de curso de pregrado<\/strong>\u00a0: Utilizaci\u00f3n de la logica defusa para localizaci\u00f3n de fallas en sistemas de distribuci\u00f3n<br \/>\nColombia, 2006, Tutor principal, Orientados: Lucas Paul P\u00e9rez, Facultad de Ingenier\u00eda El\u00e9ctrica, Universidad Tecnol\u00f3gica De Pereira &#8211; Utp.<br \/>\nAutores: JUAN JOSE MORA FLOREZ,<\/li>\n<\/ul>\n<ul style=\"text-align: justify\">\n<li>50.-\u00a0<strong>Trabajo de conclusi\u00f3n de curso de pregrado<\/strong>\u00a0: Protecci\u00f3n del 100% del estator del generador s\u00edncrono ante fallos fase-tierra utilizando el m\u00e9todo del tercer arm\u00f3nico<br \/>\nColombia, 2009, Tutor principal, Orientados: Byron Fernando Ru\u00edz Mondrag\u00f3n, Ingenier\u00eda el\u00e9ctrica, Universidad Tecnol\u00f3gica De Pereira &#8211; Utp.<br \/>\nAutores:<\/li>\n<\/ul>\n<ul style=\"text-align: justify\">\n<li>51.-\u00a0<strong>Trabajo de conclusi\u00f3n de curso de pregrado<\/strong>\u00a0: Ubicaci\u00f3n y coordinaci\u00f3n optima de reconectadotes en sistemas con generaci\u00f3n distribuida<br \/>\nColombia, 2009, Tutor principal, Orientados: Luis Miguel Bedoya G\u00f3me y Andr\u00e9s Felipe Alzate Usme, Ingenier\u00eda el\u00e9ctrica, Universidad Tecnol\u00f3gica De Pereira &#8211; Utp.<br \/>\nAutores:<\/li>\n<\/ul>\n<ul style=\"text-align: justify\">\n<li>52.-\u00a0<strong>Trabajo de conclusi\u00f3n de curso de pregrado<\/strong>\u00a0: Localizaci\u00f3n de fallas en sistemas de distribuci\u00f3n de potencia radiales, mediante el an\u00e1lisis circuital y utilizando medidas en un terminal<br \/>\nColombia, 2009, Tutor principal, Orientados: Andr\u00e9s Mauricio Pareja Taborda, Ingenier\u00eda el\u00e9ctrica, Universidad Tecnol\u00f3gica De Pereira &#8211; Utp.<br \/>\nAutores:<\/li>\n<\/ul>\n<ul style=\"text-align: justify\">\n<li>53.-\u00a0<strong>Trabajo de conclusi\u00f3n de curso de pregrado<\/strong>\u00a0: Evaluaci\u00f3n de la confiabilidad en un convertidor HVDC utilizando procesos estoc\u00e1sticos<br \/>\nColombia, 2009, Tutor principal, Orientados: Olga Liliana Guti\u00e9rrez M, Ingenier\u00eda el\u00e9ctrica, Universidad Tecnol\u00f3gica De Pereira &#8211; Utp.<br \/>\nAutores:<\/li>\n<\/ul>\n<ul style=\"text-align: justify\">\n<li>54.-\u00a0<strong>Trabajo de conclusi\u00f3n de curso de pregrado<\/strong>\u00a0: Estandarizaci\u00f3n de estructuras de apoyo de l\u00edneas de alta tensi\u00f3n<br \/>\nColombia, 2008, Tutor principal, Orientados: Jos\u00e9 Alejandro Rivera Bola\u00f1os, Ingenier\u00eda el\u00e9ctrica, Universidad Tecnol\u00f3gica De Pereira &#8211; Utp.<br \/>\nAutores:<\/li>\n<\/ul>\n<ul style=\"text-align: justify\">\n<li>55.-\u00a0<strong>Trabajo de conclusi\u00f3n de curso de pregrado<\/strong>\u00a0: An\u00e1lisis de viabilidad para el aprovechamiento energ\u00e9tico de vertederos controlados de residuos s\u00f3lidos urbanos<br \/>\nColombia, 2009, Tutor principal, Orientados: Anyelly Garc\u00eda Carmona y Diana Carolina Alzate Toro, Ingenier\u00eda el\u00e9ctrica, Universidad Tecnol\u00f3gica De Pereira &#8211; Utp.<br \/>\nAutores:<\/li>\n<\/ul>\n<ul style=\"text-align: justify\">\n<li>56.-\u00a0<strong>Trabajo de conclusi\u00f3n de curso de pregrado<\/strong>\u00a0: Propuesta metodol\u00f3gica para el dise\u00f1o de un estudio de calidad de energ\u00eda en tres subsectores industriales<br \/>\nColombia, 2010, Tutor principal, Orientados: Viviana Luc\u00eda Bejarano Cardona, Ingenier\u00eda el\u00e9ctrica, Universidad Tecnol\u00f3gica De Pereira &#8211; Utp.<br \/>\nAutores:<\/li>\n<\/ul>\n<ul style=\"text-align: justify\">\n<li>57.-\u00a0<strong>Trabajo de conclusi\u00f3n de curso de pregrado<\/strong>\u00a0: Localizaci\u00f3n de fallas en sistemas de distribuci\u00f3n mediante un m\u00e9todo basado en la estimaci\u00f3n de la impedancia vista desde la subestaci\u00f3n<br \/>\nColombia, 2009, Tutor principal, Orientados: Yeison Leandro Toro Restrepo, Ingenier\u00eda el\u00e9ctrica, Universidad Tecnol\u00f3gica De Pereira &#8211; Utp.<br \/>\nAutores:<\/li>\n<\/ul>\n<ul style=\"text-align: justify\">\n<li>58.-\u00a0<strong>Trabajo de conclusi\u00f3n de curso de pregrado<\/strong>\u00a0: An\u00e1lisis de la impedancia del suelo y su efecto en la localizaci\u00f3n de fallas en sistemas de potencia<br \/>\nColombia, 2009, Tutor principal, Orientados: Mayulen Gaviria Tapasco., Ingenier\u00eda el\u00e9ctrica, Universidad Tecnol\u00f3gica De Pereira &#8211; Utp.<br \/>\nAutores:<\/li>\n<\/ul>\n<ul style=\"text-align: justify\">\n<li>59.-\u00a0<strong>Trabajo de conclusi\u00f3n de curso de pregrado<\/strong>\u00a0: Estudio de la confiabilidad de transformadores conversores en sistemas de transmisi\u00f3n HVDC usando la teor\u00eda de \u00e1rboles de fallas<br \/>\nColombia, 2008, Tutor principal, Orientados: Jos\u00e9 Guillermo Bedoya, Ingenier\u00eda el\u00e9ctrica, Universidad Tecnol\u00f3gica De Pereira &#8211; Utp.<br \/>\nAutores:<\/li>\n<\/ul>\n<ul style=\"text-align: justify\">\n<li>60.-\u00a0<strong>Trabajo de conclusi\u00f3n de curso de pregrado<\/strong>\u00a0: Desarrollo de una metodolog\u00eda de mantenimiento centrado en confiabilidad (RCM) para l\u00edneas de transmisi\u00f3n en alta tensi\u00f3n<br \/>\nColombia, 2008, Tutor principal, Orientados: Jaime Andr\u00e9s Gutierrez Gallego, Ingenier\u00eda el\u00e9ctrica, Universidad Tecnol\u00f3gica De Pereira &#8211; Utp.<br \/>\nAutores:<\/li>\n<\/ul>\n<ul>\n<li style=\"text-align: justify\">61.-\u00a0<strong>Trabajo de conclusi\u00f3n de curso de pregrado<\/strong>\u00a0: AN\u00c1LISIS DE LA TRANSMISI\u00d3N DE DATOS POR REDES EL\u00c9CTRICAS DE BAJA CALIDAD<br \/>\nColombia, 2007, , Orientados: ALEX\u00c1NDER QUINTERO, Ingenieria Electrica, Universidad Tecnol\u00f3gica De Pereira &#8211; Utp.<br \/>\nAutores: EVER CORREA TAPASCO<\/li>\n<\/ul>\n","protected":false},"excerpt":{"rendered":"<p>6.-\u00a0Trabajo de conclusi\u00f3n de curso de pregrado\u00a0: Flujo de Carga Trif\u00e1sico y Radial Colombia, 1989, Tutor principal, Orientados: H\u00e9ctor Fabio Rodas Guti\u00e9rrez, Ingenier\u00eda El\u00e9ctrica, Universidad Tecnol\u00f3gica De Pereira &#8211; Utp. Autores: RAMON ALFONSO GALLEGO RENDON, HECTOR FABIO RODAS GUTIERREZ, 8.-\u00a0Trabajo &hellip; <a href=\"https:\/\/academia.utp.edu.co\/planeamiento\/produccion-bibliografica\/proyectos-de-grado-de-ingenieria-electrica\/grupo-ice3\/\">Sigue leyendo <span class=\"meta-nav\">&rarr;<\/span><\/a><\/p>\n","protected":false},"author":31,"featured_media":0,"parent":855,"menu_order":0,"comment_status":"closed","ping_status":"open","template":"sidebar-page.php","meta":{"footnotes":""},"class_list":["post-1893","page","type-page","status-publish","hentry"],"_links":{"self":[{"href":"https:\/\/academia.utp.edu.co\/planeamiento\/wp-json\/wp\/v2\/pages\/1893","targetHints":{"allow":["GET"]}}],"collection":[{"href":"https:\/\/academia.utp.edu.co\/planeamiento\/wp-json\/wp\/v2\/pages"}],"about":[{"href":"https:\/\/academia.utp.edu.co\/planeamiento\/wp-json\/wp\/v2\/types\/page"}],"author":[{"embeddable":true,"href":"https:\/\/academia.utp.edu.co\/planeamiento\/wp-json\/wp\/v2\/users\/31"}],"replies":[{"embeddable":true,"href":"https:\/\/academia.utp.edu.co\/planeamiento\/wp-json\/wp\/v2\/comments?post=1893"}],"version-history":[{"count":3,"href":"https:\/\/academia.utp.edu.co\/planeamiento\/wp-json\/wp\/v2\/pages\/1893\/revisions"}],"predecessor-version":[{"id":2109,"href":"https:\/\/academia.utp.edu.co\/planeamiento\/wp-json\/wp\/v2\/pages\/1893\/revisions\/2109"}],"up":[{"embeddable":true,"href":"https:\/\/academia.utp.edu.co\/planeamiento\/wp-json\/wp\/v2\/pages\/855"}],"wp:attachment":[{"href":"https:\/\/academia.utp.edu.co\/planeamiento\/wp-json\/wp\/v2\/media?parent=1893"}],"curies":[{"name":"wp","href":"https:\/\/api.w.org\/{rel}","templated":true}]}}