{"id":707,"date":"2013-10-17T02:46:41","date_gmt":"2013-10-17T02:46:41","guid":{"rendered":"http:\/\/academia.utp.edu.co\/planeamiento\/?page_id=707"},"modified":"2013-12-18T14:53:25","modified_gmt":"2013-12-18T14:53:25","slug":"laboratorio-de-planeamiento-de-sistemas-electricos","status":"publish","type":"page","link":"https:\/\/academia.utp.edu.co\/planeamiento\/infraestructura\/laboratorio-de-planeamiento-de-sistemas-electricos\/","title":{"rendered":"Laboratorio de Planeamiento de Sistemas El\u00e9ctricos"},"content":{"rendered":"<p>El laboratorio de Planeamiento de Sistemas El\u00e9ctricos se encuentra localizado en el bloque E, en el sal\u00f3n 244.<\/p>\n<p><a href=\"https:\/\/academia.utp.edu.co\/planeamiento\/files\/2013\/10\/Laboratorio-de-Sistemas-El\u00e9ctricos.jpg\"><img loading=\"lazy\" decoding=\"async\" class=\"alignnone size-full wp-image-1321\" alt=\"Laboratorio de Sistemas El\u00e9ctricos\" src=\"https:\/\/academia.utp.edu.co\/planeamiento\/files\/2013\/10\/Laboratorio-de-Sistemas-El\u00e9ctricos.jpg\" width=\"4608\" height=\"3456\" \/><\/a><\/p>\n<p style=\"text-align: center\">\n","protected":false},"excerpt":{"rendered":"<p>El laboratorio de Planeamiento de Sistemas El\u00e9ctricos se encuentra localizado en el bloque E, en el sal\u00f3n 244.<\/p>\n","protected":false},"author":31,"featured_media":0,"parent":83,"menu_order":0,"comment_status":"closed","ping_status":"open","template":"sidebar-page.php","meta":{"footnotes":""},"class_list":["post-707","page","type-page","status-publish","hentry"],"_links":{"self":[{"href":"https:\/\/academia.utp.edu.co\/planeamiento\/wp-json\/wp\/v2\/pages\/707","targetHints":{"allow":["GET"]}}],"collection":[{"href":"https:\/\/academia.utp.edu.co\/planeamiento\/wp-json\/wp\/v2\/pages"}],"about":[{"href":"https:\/\/academia.utp.edu.co\/planeamiento\/wp-json\/wp\/v2\/types\/page"}],"author":[{"embeddable":true,"href":"https:\/\/academia.utp.edu.co\/planeamiento\/wp-json\/wp\/v2\/users\/31"}],"replies":[{"embeddable":true,"href":"https:\/\/academia.utp.edu.co\/planeamiento\/wp-json\/wp\/v2\/comments?post=707"}],"version-history":[{"count":11,"href":"https:\/\/academia.utp.edu.co\/planeamiento\/wp-json\/wp\/v2\/pages\/707\/revisions"}],"predecessor-version":[{"id":1303,"href":"https:\/\/academia.utp.edu.co\/planeamiento\/wp-json\/wp\/v2\/pages\/707\/revisions\/1303"}],"up":[{"embeddable":true,"href":"https:\/\/academia.utp.edu.co\/planeamiento\/wp-json\/wp\/v2\/pages\/83"}],"wp:attachment":[{"href":"https:\/\/academia.utp.edu.co\/planeamiento\/wp-json\/wp\/v2\/media?parent=707"}],"curies":[{"name":"wp","href":"https:\/\/api.w.org\/{rel}","templated":true}]}}