{"id":1511,"date":"2020-07-25T20:47:55","date_gmt":"2020-07-25T20:47:55","guid":{"rendered":"http:\/\/academia.utp.edu.co\/plus\/?page_id=1511"},"modified":"2021-05-24T21:50:11","modified_gmt":"2021-05-24T21:50:11","slug":"requisitos-de-vinculacion-y-protocolos-del-semillero","status":"publish","type":"page","link":"https:\/\/academia.utp.edu.co\/plus\/requisitos-de-vinculacion-y-protocolos-del-semillero\/","title":{"rendered":"Requisitos de vinculaci\u00f3n"},"content":{"rendered":"\n<p><\/p>\n\n\n\n<div class=\"wp-block-cover alignfull has-neve-text-color-background-color has-background-dim is-position-center-center\" style=\"min-height:375px;aspect-ratio:unset;\"><img loading=\"lazy\" decoding=\"async\" width=\"1920\" height=\"480\" class=\"wp-block-cover__image-background wp-image-7101\" alt=\"\" src=\"https:\/\/academia.utp.edu.co\/plus\/files\/2021\/05\/portada.jpg\" data-object-fit=\"cover\" srcset=\"https:\/\/academia.utp.edu.co\/plus\/files\/2021\/05\/portada.jpg 1920w, https:\/\/academia.utp.edu.co\/plus\/files\/2021\/05\/portada-300x75.jpg 300w, https:\/\/academia.utp.edu.co\/plus\/files\/2021\/05\/portada-1024x256.jpg 1024w, https:\/\/academia.utp.edu.co\/plus\/files\/2021\/05\/portada-768x192.jpg 768w, https:\/\/academia.utp.edu.co\/plus\/files\/2021\/05\/portada-1536x384.jpg 1536w\" sizes=\"auto, (max-width: 1920px) 100vw, 1920px\" \/><div class=\"wp-block-cover__inner-container is-layout-flow wp-block-cover-is-layout-flow\">\n<p class=\"has-text-align-center has-nv-site-bg-color has-text-color\" style=\"font-size:74px;line-height:1.1\"><strong>Requisitos de vinculaci\u00f3n y permanencia<\/strong>.<\/p>\n<\/div><\/div>\n\n\n\n<div style=\"height:100px\" aria-hidden=\"true\" class=\"wp-block-spacer\"><\/div>\n\n\n\n<div class=\"wp-block-columns alignwide is-layout-flex wp-container-core-columns-is-layout-9d6595d7 wp-block-columns-is-layout-flex\">\n<div class=\"wp-block-column is-vertically-aligned-center is-layout-flow wp-block-column-is-layout-flow\" style=\"flex-basis:50%\">\n<div class=\"wp-block-group\"><div class=\"wp-block-group__inner-container is-layout-flow wp-block-group-is-layout-flow\">\n<figure class=\"wp-block-image size-large is-resized is-style-default\"><img loading=\"lazy\" decoding=\"async\" src=\"https:\/\/academia.utp.edu.co\/plus\/files\/2020\/01\/neve-webdesign-GB-03.png\" alt=\"\" class=\"wp-image-20\" width=\"72\" height=\"72\" \/><\/figure>\n\n\n\n<p>Ser estudiante activo de la Universidad Tecnol\u00f3gica de Pereira.<\/p>\n<\/div><\/div>\n\n\n\n<div class=\"wp-block-group\"><div class=\"wp-block-group__inner-container is-layout-flow wp-block-group-is-layout-flow\">\n<div class=\"wp-block-group\"><div class=\"wp-block-group__inner-container is-layout-flow wp-block-group-is-layout-flow\">\n<figure class=\"wp-block-image size-large is-resized is-style-default\"><img loading=\"lazy\" decoding=\"async\" src=\"https:\/\/academia.utp.edu.co\/plus\/files\/2020\/01\/neve-webdesign-GB-03.png\" alt=\"\" class=\"wp-image-20\" width=\"72\" height=\"72\" \/><\/figure>\n\n\n\n<p>Haber presentado el examen de semaforizaci\u00f3n de cuarto semestre y haber obtenido una nota m\u00ednima de <strong>3.8<\/strong><\/p>\n<\/div><\/div>\n\n\n\n<div class=\"wp-block-group\"><div class=\"wp-block-group__inner-container is-layout-flow wp-block-group-is-layout-flow\">\n<div class=\"wp-block-group\"><div class=\"wp-block-group__inner-container is-layout-flow wp-block-group-is-layout-flow\">\n<figure class=\"wp-block-image size-large is-resized is-style-default\"><img loading=\"lazy\" decoding=\"async\" src=\"https:\/\/academia.utp.edu.co\/plus\/files\/2020\/01\/neve-webdesign-GB-03.png\" alt=\"\" class=\"wp-image-20\" width=\"72\" height=\"72\" \/><\/figure>\n\n\n\n<p><strong>No pertenecer<\/strong> a otro semillero de investigaci\u00f3n.\u00a0<\/p>\n<\/div><\/div>\n\n\n\n<div class=\"wp-block-group\"><div class=\"wp-block-group__inner-container is-layout-flow wp-block-group-is-layout-flow\">\n<div class=\"wp-block-group\"><div class=\"wp-block-group__inner-container is-layout-flow wp-block-group-is-layout-flow\">\n<figure class=\"wp-block-image size-large is-resized is-style-default\"><img loading=\"lazy\" decoding=\"async\" src=\"https:\/\/academia.utp.edu.co\/plus\/files\/2020\/01\/neve-webdesign-GB-03.png\" alt=\"\" class=\"wp-image-20\" width=\"72\" height=\"72\" \/><\/figure>\n\n\n\n<p>Tener buena actitud para trabajar con otras personas, esp\u00edritu colaborativo, buena disposici\u00f3n para el trabajo asignado, responsabilidad y respeto por las diferencias.\u00a0<\/p>\n<\/div><\/div>\n\n\n\n<div class=\"wp-block-group\"><div class=\"wp-block-group__inner-container is-layout-flow wp-block-group-is-layout-flow\">\n<figure class=\"wp-block-image size-large is-resized is-style-default\"><img loading=\"lazy\" decoding=\"async\" src=\"https:\/\/academia.utp.edu.co\/plus\/files\/2020\/01\/neve-webdesign-GB-03.png\" alt=\"\" class=\"wp-image-20\" width=\"72\" height=\"72\" \/><\/figure>\n\n\n\n<p>\u00a0Los integrantes nuevos pasar\u00e1n por un per\u00edodo de prueba de un mes para evaluar su disposici\u00f3n y compromiso.<\/p>\n<\/div><\/div>\n<\/div><\/div>\n<\/div><\/div>\n<\/div><\/div>\n<\/div>\n\n\n\n<div class=\"wp-block-column is-vertically-aligned-center is-layout-flow wp-block-column-is-layout-flow\" style=\"flex-basis:50%\">\n<div class=\"wp-block-group\"><div class=\"wp-block-group__inner-container is-layout-flow wp-block-group-is-layout-flow\">\n<figure class=\"wp-block-image size-large is-style-default\"><img loading=\"lazy\" decoding=\"async\" width=\"72\" height=\"72\" src=\"https:\/\/academia.utp.edu.co\/plus\/files\/2020\/01\/neve-webdesign-GB-03.png\" alt=\"\" class=\"wp-image-20\" \/><\/figure>\n\n\n\n<p>Haber culminado y aprobado el plan de estudios de cuarto semestre.<\/p>\n<\/div><\/div>\n\n\n\n<div class=\"wp-block-group\"><div class=\"wp-block-group__inner-container is-layout-flow wp-block-group-is-layout-flow\">\n<div class=\"wp-block-group\"><div class=\"wp-block-group__inner-container is-layout-flow wp-block-group-is-layout-flow\">\n<figure class=\"wp-block-image size-large is-style-default\"><img loading=\"lazy\" decoding=\"async\" width=\"72\" height=\"72\" src=\"https:\/\/academia.utp.edu.co\/plus\/files\/2020\/01\/neve-webdesign-GB-03.png\" alt=\"\" class=\"wp-image-20\" \/><\/figure>\n\n\n\n<p>Poseer capacidades comunicativas b\u00e1sicas en espa\u00f1ol y en ingl\u00e9s.<\/p>\n<\/div><\/div>\n\n\n\n<div class=\"wp-block-group\"><div class=\"wp-block-group__inner-container is-layout-flow wp-block-group-is-layout-flow\">\n<div class=\"wp-block-group\"><div class=\"wp-block-group__inner-container is-layout-flow wp-block-group-is-layout-flow\">\n<figure class=\"wp-block-image size-large is-style-default\"><img loading=\"lazy\" decoding=\"async\" width=\"72\" height=\"72\" src=\"https:\/\/academia.utp.edu.co\/plus\/files\/2020\/01\/neve-webdesign-GB-03.png\" alt=\"\" class=\"wp-image-20\" \/><\/figure>\n\n\n\n<p>Preferiblemente, no estar vinculado a proyectos de investigaci\u00f3n o de extensi\u00f3n con docentes externos al semillero PLUS. Si se da el caso, se analizar\u00e1 su vinculaci\u00f3n y se har\u00e1 seguimiento permanente para garantizar el compromiso con el semillero.\u00a0<\/p>\n<\/div><\/div>\n\n\n\n<div class=\"wp-block-group\"><div class=\"wp-block-group__inner-container is-layout-flow wp-block-group-is-layout-flow\">\n<figure class=\"wp-block-image size-large is-style-default\"><img loading=\"lazy\" decoding=\"async\" width=\"72\" height=\"72\" src=\"https:\/\/academia.utp.edu.co\/plus\/files\/2020\/01\/neve-webdesign-GB-03.png\" alt=\"\" class=\"wp-image-20\" \/><\/figure>\n\n\n\n<p>Tener flexibilidad para atender reuniones y asistir a eventos del semillero.\u00a0<\/p>\n<\/div><\/div>\n<\/div><\/div>\n<\/div><\/div>\n<\/div>\n<\/div>\n\n\n\n<div style=\"height:100px\" aria-hidden=\"true\" class=\"wp-block-spacer\"><\/div>\n\n\n\n<div class=\"wp-block-cover alignfull has-background-dim has-background-gradient has-midnight-gradient-background\" style=\"min-height:293px;aspect-ratio:unset;\"><div class=\"wp-block-cover__inner-container is-layout-flow wp-block-cover-is-layout-flow\">\n<div style=\"height:40px\" aria-hidden=\"true\" class=\"wp-block-spacer\"><\/div>\n\n\n\n<h2 class=\"has-text-align-center has-nv-text-dark-bg-color has-text-color wp-block-heading\"><strong>Funciones y responsabilidades de los integrantes:<\/strong><\/h2>\n\n\n\n<p class=\"has-text-align-center\"><\/p>\n<\/div><\/div>\n\n\n\n<div style=\"height:100px\" aria-hidden=\"true\" class=\"wp-block-spacer\"><\/div>\n\n\n\n<div style=\"height:20px\" aria-hidden=\"true\" class=\"wp-block-spacer\"><\/div>\n\n\n\n<div class=\"wp-block-columns alignwide is-layout-flex wp-container-core-columns-is-layout-9d6595d7 wp-block-columns-is-layout-flex\">\n<div class=\"wp-block-column is-vertically-aligned-center is-layout-flow wp-block-column-is-layout-flow\">\n<div class=\"wp-block-group\"><div class=\"wp-block-group__inner-container is-layout-flow wp-block-group-is-layout-flow\">\n<div class=\"wp-block-group\"><div class=\"wp-block-group__inner-container is-layout-flow wp-block-group-is-layout-flow\">\n<figure class=\"wp-block-image size-large is-resized\"><img loading=\"lazy\" decoding=\"async\" src=\"https:\/\/api.themeisle.com\/templates-data\/2021\/05\/ebf0233ced7259cf0838b7ba6d3aee07z5k5tcnu91t54ot9svkt\/images\/tc-icons-01.png\" alt=\"\" class=\"wp-image-491\" width=\"80\" height=\"80\" \/><\/figure>\n\n\n\n<p class=\"has-neve-text-color-color has-text-color\">Adquirir la camiseta del semillero para portarla en eventos acad\u00e9micos.\u00a0<\/p>\n<\/div><\/div>\n\n\n\n<div class=\"wp-block-group\"><div class=\"wp-block-group__inner-container is-layout-flow wp-block-group-is-layout-flow\">\n<figure class=\"wp-block-image size-large is-resized\"><img loading=\"lazy\" decoding=\"async\" src=\"https:\/\/api.themeisle.com\/templates-data\/2021\/05\/ebf0233ced7259cf0838b7ba6d3aee07z5k5tcnu91t54ot9svkt\/images\/tc-icons-01.png\" alt=\"\" class=\"wp-image-491\" width=\"80\" height=\"80\" \/><\/figure>\n\n\n\n<p class=\"has-neve-text-color-color has-text-color\">Tener el carn\u00e9 estudiantil actualizado.<\/p>\n<\/div><\/div>\n<\/div><\/div>\n\n\n\n<div class=\"wp-block-group\"><div class=\"wp-block-group__inner-container is-layout-flow wp-block-group-is-layout-flow\">\n<figure class=\"wp-block-image size-large is-resized\"><img loading=\"lazy\" decoding=\"async\" src=\"https:\/\/api.themeisle.com\/templates-data\/2021\/05\/ebf0233ced7259cf0838b7ba6d3aee07z5k5tcnu91t54ot9svkt\/images\/tc-icons-01.png\" alt=\"\" class=\"wp-image-491\" width=\"80\" height=\"80\" \/><\/figure>\n\n\n\n<p class=\"has-neve-text-color-color has-text-color\">Abrir y mantener actualizado el CvLAC.<\/p>\n<\/div><\/div>\n\n\n\n<figure class=\"wp-block-image size-large is-resized\"><img loading=\"lazy\" decoding=\"async\" src=\"https:\/\/api.themeisle.com\/templates-data\/2021\/05\/ebf0233ced7259cf0838b7ba6d3aee07z5k5tcnu91t54ot9svkt\/images\/tc-icons-01.png\" alt=\"\" class=\"wp-image-491\" width=\"80\" height=\"80\" \/><\/figure>\n\n\n\n<h3 class=\"has-neve-text-color-color has-text-color wp-block-heading\">Trabajos de Grado<\/h3>\n\n\n\n<ul class=\"wp-block-list\" id=\"block-84a47e34-903f-4db4-b1df-794b669edb21\"><li>Generar, proponer y realizar su trabajo de grado <strong>\u00fanicamente <\/strong>bajo la direcci\u00f3n y gu\u00eda del docente tutor del semillero de investigaci\u00f3n, seg\u00fan las l\u00edneas focales del semillero. Debe realizar su trabajo de grado \u00fanicamente con otros miembros del semillero o de manera individual. No se aceptan colaboradores externos, a menos que el trabajo sea parte de un trabajo conjunto entre semilleros.<\/li><\/ul>\n<\/div>\n\n\n\n<div class=\"wp-block-column is-vertically-aligned-center is-layout-flow wp-block-column-is-layout-flow\">\n<div class=\"wp-block-group\"><div class=\"wp-block-group__inner-container is-layout-flow wp-block-group-is-layout-flow\">\n<div class=\"wp-block-group\"><div class=\"wp-block-group__inner-container is-layout-flow wp-block-group-is-layout-flow\">\n<figure class=\"wp-block-image size-large is-resized\"><img loading=\"lazy\" decoding=\"async\" src=\"https:\/\/api.themeisle.com\/templates-data\/2021\/05\/ebf0233ced7259cf0838b7ba6d3aee07z5k5tcnu91t54ot9svkt\/images\/tc-icons-01.png\" alt=\"\" class=\"wp-image-491\" width=\"80\" height=\"80\" \/><\/figure>\n\n\n\n<p class=\"has-neve-text-color-color has-text-color\">Estar a paz y salvo con la biblioteca en todo concepto.\u00a0<\/p>\n<\/div><\/div>\n\n\n\n<div class=\"wp-block-group\"><div class=\"wp-block-group__inner-container is-layout-flow wp-block-group-is-layout-flow\">\n<figure class=\"wp-block-image size-large is-resized\"><img loading=\"lazy\" decoding=\"async\" src=\"https:\/\/api.themeisle.com\/templates-data\/2021\/05\/ebf0233ced7259cf0838b7ba6d3aee07z5k5tcnu91t54ot9svkt\/images\/tc-icons-01.png\" alt=\"\" class=\"wp-image-491\" width=\"80\" height=\"80\" \/><\/figure>\n\n\n\n<p class=\"has-neve-text-color-color has-text-color\">Cumplir con las <strong>tareas asignadas<\/strong> (lecturas, consultas, productos, etc.) antes de cada sesi\u00f3n programada.\u00a0<\/p>\n<\/div><\/div>\n<\/div><\/div>\n\n\n\n<div class=\"wp-block-group\"><div class=\"wp-block-group__inner-container is-layout-flow wp-block-group-is-layout-flow\">\n<figure class=\"wp-block-image size-large is-resized\"><img loading=\"lazy\" decoding=\"async\" src=\"https:\/\/api.themeisle.com\/templates-data\/2021\/05\/ebf0233ced7259cf0838b7ba6d3aee07z5k5tcnu91t54ot9svkt\/images\/tc-icons-01.png\" alt=\"\" class=\"wp-image-491\" width=\"80\" height=\"80\" \/><\/figure>\n\n\n\n<p class=\"has-neve-text-color-color has-text-color\">Demostrar <strong>compromiso <\/strong>con los proyectos y actividades del semillero.&nbsp;<\/p>\n<\/div><\/div>\n\n\n\n<figure class=\"wp-block-image size-large is-resized\"><img loading=\"lazy\" decoding=\"async\" src=\"https:\/\/api.themeisle.com\/templates-data\/2021\/05\/ebf0233ced7259cf0838b7ba6d3aee07z5k5tcnu91t54ot9svkt\/images\/tc-icons-01.png\" alt=\"\" class=\"wp-image-491\" width=\"80\" height=\"80\" \/><\/figure>\n\n\n\n<h3 class=\"has-neve-text-color-color has-text-color wp-block-heading\">Tiempo<\/h3>\n\n\n\n<p class=\"has-neve-text-color-color has-text-color\">Dedicar al menos <strong>cuatro horas semanales<\/strong> para trabajar en las actividades del semillero, para lo cual debe contar con un calendario digital (Google Calendar) y una cuenta de Microsoft vinculada a la UTP.<\/p>\n<\/div>\n<\/div>\n\n\n\n<div class=\"wp-block-columns is-layout-flex wp-container-core-columns-is-layout-9d6595d7 wp-block-columns-is-layout-flex\">\n<div class=\"wp-block-column is-layout-flow wp-block-column-is-layout-flow\">\n<figure class=\"wp-block-image size-large is-resized\"><img loading=\"lazy\" decoding=\"async\" src=\"https:\/\/api.themeisle.com\/templates-data\/2021\/05\/ebf0233ced7259cf0838b7ba6d3aee07z5k5tcnu91t54ot9svkt\/images\/tc-icons-01.png\" alt=\"\" class=\"wp-image-491\" width=\"80\" height=\"80\" \/><\/figure>\n\n\n\n<h3 class=\"has-neve-text-color-color has-text-color wp-block-heading\">Participaci\u00f3n<\/h3>\n\n\n\n<p class=\"has-neve-text-color-color has-text-color\"><strong>Participar activamente<\/strong> en las actividades propias del semillero y otras del programa Licenciatura en Biling\u00fcismo con \u00c9nfasis en Ingl\u00e9s, en las que se requiera su colaboraci\u00f3n.&nbsp;<\/p>\n<\/div>\n\n\n\n<div class=\"wp-block-column is-layout-flow wp-block-column-is-layout-flow\">\n<figure class=\"wp-block-image size-large is-resized\"><img loading=\"lazy\" decoding=\"async\" src=\"https:\/\/api.themeisle.com\/templates-data\/2021\/05\/ebf0233ced7259cf0838b7ba6d3aee07z5k5tcnu91t54ot9svkt\/images\/tc-icons-01.png\" alt=\"\" class=\"wp-image-491\" width=\"80\" height=\"80\" \/><\/figure>\n\n\n\n<h3 class=\"has-neve-text-color-color has-text-color wp-block-heading\">Asistencia<\/h3>\n\n\n\n<p class=\"has-neve-text-color-color has-text-color\">Asistir puntualmente a las sesiones de trabajo del semillero, salvo dificultades de fuerza mayor respaldadas con excusa pertinente.\u00a0<\/p>\n<\/div>\n<\/div>\n\n\n\n<div style=\"height:100px\" aria-hidden=\"true\" class=\"wp-block-spacer\"><\/div>\n\n\n\n<div class=\"wp-block-cover alignfull has-nv-dark-bg-background-color has-background-dim\" style=\"min-height:300px;aspect-ratio:unset;\"><div class=\"wp-block-cover__inner-container is-layout-flow wp-block-cover-is-layout-flow\">\n<div class=\"wp-block-columns is-layout-flex wp-container-core-columns-is-layout-9d6595d7 wp-block-columns-is-layout-flex\">\n<div class=\"wp-block-column is-vertically-aligned-center is-layout-flow wp-block-column-is-layout-flow\" style=\"flex-basis:100%\">\n<h1 class=\"has-text-align-center has-nv-text-dark-bg-color has-text-color wp-block-heading\">Causales de retiro<\/h1>\n\n\n\n<p class=\"has-text-align-center has-nv-text-dark-bg-color has-text-color\"><\/p>\n<\/div>\n<\/div>\n<\/div><\/div>\n\n\n\n<div style=\"height:100px\" aria-hidden=\"true\" class=\"wp-block-spacer\"><\/div>\n\n\n\n<p><\/p>\n\n\n\n<div class=\"wp-block-columns alignwide is-layout-flex wp-container-core-columns-is-layout-9d6595d7 wp-block-columns-is-layout-flex\">\n<div class=\"wp-block-column is-vertically-aligned-center is-layout-flow wp-block-column-is-layout-flow\" style=\"flex-basis:50%\">\n<div class=\"wp-block-group\"><div class=\"wp-block-group__inner-container is-layout-flow wp-block-group-is-layout-flow\">\n<figure class=\"wp-block-image size-large is-style-default\"><img loading=\"lazy\" decoding=\"async\" width=\"72\" height=\"72\" src=\"https:\/\/academia.utp.edu.co\/plus\/files\/2020\/01\/neve-webdesign-GB-01.png\" alt=\"\" class=\"wp-image-18\" \/><\/figure>\n\n\n\n<p>Incumplir las funciones y responsabilidades asignadas.\u00a0<\/p>\n<\/div><\/div>\n\n\n\n<div class=\"wp-block-group\"><div class=\"wp-block-group__inner-container is-layout-flow wp-block-group-is-layout-flow\">\n<div class=\"wp-block-group\"><div class=\"wp-block-group__inner-container is-layout-flow wp-block-group-is-layout-flow\">\n<figure class=\"wp-block-image size-large is-style-default\"><img loading=\"lazy\" decoding=\"async\" width=\"72\" height=\"72\" src=\"https:\/\/academia.utp.edu.co\/plus\/files\/2020\/01\/neve-webdesign-GB-01.png\" alt=\"\" class=\"wp-image-18\" \/><\/figure>\n\n\n\n<p>Comprometerse con proyectos ajenos al semillero, sin notificar al tutor y al estudiante l\u00edder<\/p>\n<\/div><\/div>\n\n\n\n<div class=\"wp-block-group\"><div class=\"wp-block-group__inner-container is-layout-flow wp-block-group-is-layout-flow\">\n<div class=\"wp-block-group\"><div class=\"wp-block-group__inner-container is-layout-flow wp-block-group-is-layout-flow\">\n<figure class=\"wp-block-image size-large is-style-default\"><img loading=\"lazy\" decoding=\"async\" width=\"72\" height=\"72\" src=\"https:\/\/academia.utp.edu.co\/plus\/files\/2020\/01\/neve-webdesign-GB-01.png\" alt=\"\" class=\"wp-image-18\" \/><\/figure>\n\n\n\n<p>Perder su calidad de estudiante de la UTP.\u00a0<\/p>\n<\/div><\/div>\n\n\n\n<div class=\"wp-block-group\"><div class=\"wp-block-group__inner-container is-layout-flow wp-block-group-is-layout-flow\">\n<figure class=\"wp-block-image size-large is-style-default\"><img loading=\"lazy\" decoding=\"async\" width=\"72\" height=\"72\" src=\"https:\/\/academia.utp.edu.co\/plus\/files\/2020\/01\/neve-webdesign-GB-01.png\" alt=\"\" class=\"wp-image-18\" \/><\/figure>\n\n\n\n<p>Hacer solicitud voluntaria de retiro.\u00a0<\/p>\n<\/div><\/div>\n<\/div><\/div>\n<\/div><\/div>\n<\/div>\n\n\n\n<div class=\"wp-block-column is-vertically-aligned-center is-layout-flow wp-block-column-is-layout-flow\" style=\"flex-basis:50%\">\n<div class=\"wp-block-group\"><div class=\"wp-block-group__inner-container is-layout-flow wp-block-group-is-layout-flow\">\n<figure class=\"wp-block-image size-large is-style-default\"><img loading=\"lazy\" decoding=\"async\" width=\"72\" height=\"72\" src=\"https:\/\/academia.utp.edu.co\/plus\/files\/2020\/01\/neve-webdesign-GB-01.png\" alt=\"\" class=\"wp-image-18\" \/><\/figure>\n\n\n\n<p>Haber recibido tres advertencias por incumplimiento con los compromisos del semillero.<\/p>\n<\/div><\/div>\n\n\n\n<div class=\"wp-block-group\"><div class=\"wp-block-group__inner-container is-layout-flow wp-block-group-is-layout-flow\">\n<div class=\"wp-block-group\"><div class=\"wp-block-group__inner-container is-layout-flow wp-block-group-is-layout-flow\">\n<figure class=\"wp-block-image size-large is-style-default\"><img loading=\"lazy\" decoding=\"async\" width=\"72\" height=\"72\" src=\"https:\/\/academia.utp.edu.co\/plus\/files\/2020\/01\/neve-webdesign-GB-01.png\" alt=\"\" class=\"wp-image-18\" \/><\/figure>\n\n\n\n<p>Divulgar informaci\u00f3n privilegiada de los proyectos del semillero.<\/p>\n<\/div><\/div>\n\n\n\n<div class=\"wp-block-group\"><div class=\"wp-block-group__inner-container is-layout-flow wp-block-group-is-layout-flow\">\n<figure class=\"wp-block-image size-large is-style-default\"><img loading=\"lazy\" decoding=\"async\" width=\"72\" height=\"72\" src=\"https:\/\/academia.utp.edu.co\/plus\/files\/2020\/01\/neve-webdesign-GB-01.png\" alt=\"\" class=\"wp-image-18\" \/><\/figure>\n\n\n\n<p>Influir negativamente en la convivencia y el trabajo en equipo.\u00a0<\/p>\n<\/div><\/div>\n<\/div><\/div>\n<\/div>\n<\/div>\n\n\n\n<div class=\"wp-block-cover alignfull has-neve-link-hover-color-background-color has-background-dim\" style=\"min-height:300px;aspect-ratio:unset;\"><div class=\"wp-block-cover__inner-container is-layout-flow wp-block-cover-is-layout-flow\">\n<div class=\"wp-block-columns is-layout-flex wp-container-core-columns-is-layout-9d6595d7 wp-block-columns-is-layout-flex\">\n<div class=\"wp-block-column is-vertically-aligned-center is-layout-flow wp-block-column-is-layout-flow\" style=\"flex-basis:100%\">\n<h1 class=\"has-text-align-center has-nv-text-dark-bg-color has-text-color wp-block-heading\">Plan padrino<\/h1>\n\n\n\n<p class=\"has-text-align-center has-nv-text-dark-bg-color has-text-color\"><\/p>\n<\/div>\n<\/div>\n<\/div><\/div>\n\n\n\n<div style=\"height:100px\" aria-hidden=\"true\" class=\"wp-block-spacer\"><\/div>\n\n\n\n<p><\/p>\n\n\n\n<div class=\"wp-block-group\"><div class=\"wp-block-group__inner-container is-layout-flow wp-block-group-is-layout-flow\">\n<div class=\"wp-block-columns is-layout-flex wp-container-core-columns-is-layout-9d6595d7 wp-block-columns-is-layout-flex\">\n<div class=\"wp-block-column is-layout-flow wp-block-column-is-layout-flow\">\n<div class=\"wp-block-image is-style-default\"><figure class=\"aligncenter size-large\"><img loading=\"lazy\" decoding=\"async\" width=\"600\" height=\"600\" src=\"https:\/\/academia.utp.edu.co\/plus\/files\/2020\/01\/neve-web-design-bg-14.jpg\" alt=\"\" class=\"wp-image-41\" \/><\/figure><\/div>\n<\/div>\n\n\n\n<div class=\"wp-block-column is-vertically-aligned-center is-layout-flow wp-block-column-is-layout-flow\">\n<p class=\"has-medium-font-size\">Los Estudiantes de nuevo ingreso podr\u00e1n contar con el apoyo de los integrantes mas longevos, haciendo as\u00ed mas f\u00e1cil el proceso de adaptaci\u00f3n y cooperaci\u00f3n dentro del grupo. <\/p>\n\n\n\n<p class=\"has-medium-font-size\">Los estudiantes tendr\u00e1n que buscar un ambiente quien los apadrine para poder cumplir sus metas y las tareas asignadas dentro del semillero. De igual manera podr\u00e1n tener un asesoramiento directo con el profesor l\u00edder o de apoyo que este a cargo del semillero.<\/p>\n\n\n\n<p class=\"has-medium-font-size\">De igual manera el estudiante l\u00edder estar\u00e1 presente para apoyar y solucionar las dudas de los estudiantes nuevos.<\/p>\n<\/div>\n<\/div>\n<\/div><\/div>\n\n\n\n<p><\/p>\n","protected":false},"excerpt":{"rendered":"<p>Ser estudiante activo de la Universidad Tecnol\u00f3gica de Pereira. Haber presentado el examen de semaforizaci\u00f3n de cuarto semestre y haber obtenido una nota m\u00ednima de 3.8 No pertenecer a otro&hellip;&nbsp;<a href=\"https:\/\/academia.utp.edu.co\/plus\/requisitos-de-vinculacion-y-protocolos-del-semillero\/\" rel=\"bookmark\">Leer m\u00e1s &raquo;<span class=\"screen-reader-text\">Requisitos de vinculaci\u00f3n<\/span><\/a><\/p>\n","protected":false},"author":1421,"featured_media":0,"parent":0,"menu_order":0,"comment_status":"closed","ping_status":"closed","template":"","meta":{"neve_meta_sidebar":"full-width","neve_meta_container":"contained","neve_meta_enable_content_width":"on","neve_meta_content_width":87,"neve_meta_title_alignment":"center","neve_meta_author_avatar":"","neve_post_elements_order":"","neve_meta_disable_header":"","neve_meta_disable_footer":"","neve_meta_disable_title":"on","footnotes":""},"class_list":["post-1511","page","type-page","status-publish","hentry"],"_links":{"self":[{"href":"https:\/\/academia.utp.edu.co\/plus\/wp-json\/wp\/v2\/pages\/1511","targetHints":{"allow":["GET"]}}],"collection":[{"href":"https:\/\/academia.utp.edu.co\/plus\/wp-json\/wp\/v2\/pages"}],"about":[{"href":"https:\/\/academia.utp.edu.co\/plus\/wp-json\/wp\/v2\/types\/page"}],"author":[{"embeddable":true,"href":"https:\/\/academia.utp.edu.co\/plus\/wp-json\/wp\/v2\/users\/1421"}],"replies":[{"embeddable":true,"href":"https:\/\/academia.utp.edu.co\/plus\/wp-json\/wp\/v2\/comments?post=1511"}],"version-history":[{"count":24,"href":"https:\/\/academia.utp.edu.co\/plus\/wp-json\/wp\/v2\/pages\/1511\/revisions"}],"predecessor-version":[{"id":8951,"href":"https:\/\/academia.utp.edu.co\/plus\/wp-json\/wp\/v2\/pages\/1511\/revisions\/8951"}],"wp:attachment":[{"href":"https:\/\/academia.utp.edu.co\/plus\/wp-json\/wp\/v2\/media?parent=1511"}],"curies":[{"name":"wp","href":"https:\/\/api.w.org\/{rel}","templated":true}]}}