{"id":6881,"date":"2021-05-19T21:48:22","date_gmt":"2021-05-19T21:48:22","guid":{"rendered":"https:\/\/academia.utp.edu.co\/plus\/?page_id=6881"},"modified":"2021-05-24T19:48:54","modified_gmt":"2021-05-24T19:48:54","slug":"manuela-velazquez","status":"publish","type":"page","link":"https:\/\/academia.utp.edu.co\/plus\/manuela-velazquez\/","title":{"rendered":"Manuela Velazqu\u00e9z"},"content":{"rendered":"\n<div class=\"wp-block-cover alignfull has-background-dim has-background-gradient has-light-green-cyan-to-vivid-green-cyan-gradient-background\" style=\"min-height:360px;aspect-ratio:unset;\"><div class=\"wp-block-cover__inner-container is-layout-flow wp-block-cover-is-layout-flow\">\n<div style=\"height:100px\" aria-hidden=\"true\" class=\"wp-block-spacer\"><\/div>\n\n\n\n<h1 class=\"has-text-align-center has-neve-text-color-color has-text-color wp-block-heading\">Manuela Vel\u00e1squez Palomino<\/h1>\n\n\n\n<p class=\"has-text-align-center has-neve-text-color-color has-text-color\">Ambiente iniciaci\u00f3n a la cultura deportiva<\/p>\n\n\n\n<div style=\"height:100px\" aria-hidden=\"true\" class=\"wp-block-spacer\"><\/div>\n<\/div><\/div>\n\n\n\n<div class=\"wp-block-cover alignfull has-nv-dark-bg-background-color has-background-dim\"><div class=\"wp-block-cover__inner-container is-layout-flow wp-block-cover-is-layout-flow\">\n<div style=\"height:80px\" aria-hidden=\"true\" class=\"wp-block-spacer\"><\/div>\n\n\n\n<div class=\"wp-block-image is-style-rounded\"><figure class=\"aligncenter size-medium\"><img loading=\"lazy\" decoding=\"async\" width=\"255\" height=\"300\" src=\"https:\/\/academia.utp.edu.co\/plus\/files\/2021\/05\/WhatsApp-Image-2021-05-19-at-3.29.41-PM-255x300.jpeg\" alt=\"\" class=\"wp-image-6901\" srcset=\"https:\/\/academia.utp.edu.co\/plus\/files\/2021\/05\/WhatsApp-Image-2021-05-19-at-3.29.41-PM-255x300.jpeg 255w, https:\/\/academia.utp.edu.co\/plus\/files\/2021\/05\/WhatsApp-Image-2021-05-19-at-3.29.41-PM-870x1024.jpeg 870w, https:\/\/academia.utp.edu.co\/plus\/files\/2021\/05\/WhatsApp-Image-2021-05-19-at-3.29.41-PM-768x904.jpeg 768w, https:\/\/academia.utp.edu.co\/plus\/files\/2021\/05\/WhatsApp-Image-2021-05-19-at-3.29.41-PM.jpeg 1087w\" sizes=\"auto, (max-width: 255px) 100vw, 255px\" \/><\/figure><\/div>\n\n\n\n<figure class=\"wp-block-pullquote alignwide has-background has-nv-dark-bg-background-color is-style-default\"><blockquote class=\"has-text-color has-nv-site-bg-color\"><p> La estudiante Manuela Vel\u00e1zquez Palomino, nacida el 2 de enero del 2000, en el departamento de Risaralda, es miembro activo del semillero PLUS; en el cual se desempe\u00f1a como investigadora. El miembro del semillero empieza a ser parte de este a partir del segundo semestre del 2020 a finales del mes de agosto y de igual forma, se encuentra trabajando en el ambiente Transling\u00fce de Formaci\u00f3n integral con \u00e9nfasis en acondicionamiento f\u00edsico y\/o educaci\u00f3n deportiva. La estudiante Manuela Vel\u00e1squez Palomino tambi\u00e9n hace parte del proyecto \u201cChange\u201d en el cual desempe\u00f1a el rol de apoyo acad\u00e9mico. La estudiante curs\u00f3 sus estudios de b\u00e1sica primaria en la instituci\u00f3n educativa Anexa de Santa Rosa de Cabal. Curs\u00f3 sus estudios de b\u00e1sica secundaria y bachiller acad\u00e9mico en la instituci\u00f3n educativa H\u00e9ctor \u00c1ngel Arcila desde el a\u00f1o 2013 hasta el 2016. Por \u00faltimo, actualmente la estudiante se encuentra cursando el s\u00e9ptimo semestre de la Licenciatura en Biling\u00fcismo con \u00c9nfasis en Ingles.<\/p><\/blockquote><\/figure>\n\n\n\n<div style=\"height:40px\" aria-hidden=\"true\" class=\"wp-block-spacer\"><\/div>\n<\/div><\/div>\n\n\n\n<div style=\"height:20px\" aria-hidden=\"true\" class=\"wp-block-spacer\"><\/div>\n\n\n\n<div style=\"height:20px\" aria-hidden=\"true\" class=\"wp-block-spacer\"><\/div>\n","protected":false},"excerpt":{"rendered":"","protected":false},"author":1421,"featured_media":0,"parent":0,"menu_order":0,"comment_status":"closed","ping_status":"closed","template":"","meta":{"neve_meta_sidebar":"full-width","neve_meta_container":"","neve_meta_enable_content_width":"on","neve_meta_content_width":100,"neve_meta_title_alignment":"","neve_meta_author_avatar":"","neve_post_elements_order":"","neve_meta_disable_header":"","neve_meta_disable_footer":"","neve_meta_disable_title":"on","footnotes":""},"class_list":["post-6881","page","type-page","status-publish","hentry"],"_links":{"self":[{"href":"https:\/\/academia.utp.edu.co\/plus\/wp-json\/wp\/v2\/pages\/6881","targetHints":{"allow":["GET"]}}],"collection":[{"href":"https:\/\/academia.utp.edu.co\/plus\/wp-json\/wp\/v2\/pages"}],"about":[{"href":"https:\/\/academia.utp.edu.co\/plus\/wp-json\/wp\/v2\/types\/page"}],"author":[{"embeddable":true,"href":"https:\/\/academia.utp.edu.co\/plus\/wp-json\/wp\/v2\/users\/1421"}],"replies":[{"embeddable":true,"href":"https:\/\/academia.utp.edu.co\/plus\/wp-json\/wp\/v2\/comments?post=6881"}],"version-history":[{"count":7,"href":"https:\/\/academia.utp.edu.co\/plus\/wp-json\/wp\/v2\/pages\/6881\/revisions"}],"predecessor-version":[{"id":8591,"href":"https:\/\/academia.utp.edu.co\/plus\/wp-json\/wp\/v2\/pages\/6881\/revisions\/8591"}],"wp:attachment":[{"href":"https:\/\/academia.utp.edu.co\/plus\/wp-json\/wp\/v2\/media?parent=6881"}],"curies":[{"name":"wp","href":"https:\/\/api.w.org\/{rel}","templated":true}]}}