{"id":8421,"date":"2021-05-24T19:35:18","date_gmt":"2021-05-24T19:35:18","guid":{"rendered":"https:\/\/academia.utp.edu.co\/plus\/?page_id=8421"},"modified":"2021-05-24T19:35:19","modified_gmt":"2021-05-24T19:35:19","slug":"laura-gil-velasco","status":"publish","type":"page","link":"https:\/\/academia.utp.edu.co\/plus\/laura-gil-velasco\/","title":{"rendered":"Laura Gil Velasco"},"content":{"rendered":"\n<div class=\"wp-block-cover alignfull has-background-dim has-background-gradient has-light-green-cyan-to-vivid-green-cyan-gradient-background\" style=\"min-height:360px;aspect-ratio:unset;\"><div class=\"wp-block-cover__inner-container is-layout-flow wp-block-cover-is-layout-flow\">\n<div style=\"height:100px\" aria-hidden=\"true\" class=\"wp-block-spacer\"><\/div>\n\n\n\n<h1 class=\"has-text-align-center has-nv-site-bg-color has-text-color wp-block-heading\">Laura Gil Velasco<\/h1>\n\n\n\n<p class=\"has-text-align-center has-neve-text-color-color has-text-color\"><em> <\/em>Ambiente musical integrado transling\u00fce<\/p>\n\n\n\n<div style=\"height:100px\" aria-hidden=\"true\" class=\"wp-block-spacer\"><\/div>\n<\/div><\/div>\n\n\n\n<div class=\"wp-block-cover alignfull has-nv-dark-bg-background-color has-background-dim\"><div class=\"wp-block-cover__inner-container is-layout-flow wp-block-cover-is-layout-flow\">\n<div style=\"height:80px\" aria-hidden=\"true\" class=\"wp-block-spacer\"><\/div>\n\n\n\n<div class=\"wp-block-image is-style-rounded\"><figure class=\"aligncenter size-medium\"><img loading=\"lazy\" decoding=\"async\" width=\"225\" height=\"300\" src=\"https:\/\/academia.utp.edu.co\/plus\/files\/2021\/05\/IMG-20190912-WA0029-225x300.jpg\" alt=\"\" class=\"wp-image-7461\" srcset=\"https:\/\/academia.utp.edu.co\/plus\/files\/2021\/05\/IMG-20190912-WA0029-225x300.jpg 225w, https:\/\/academia.utp.edu.co\/plus\/files\/2021\/05\/IMG-20190912-WA0029-768x1024.jpg 768w, https:\/\/academia.utp.edu.co\/plus\/files\/2021\/05\/IMG-20190912-WA0029.jpg 960w\" sizes=\"auto, (max-width: 225px) 100vw, 225px\" \/><\/figure><\/div>\n\n\n\n<figure class=\"wp-block-pullquote alignwide has-background has-nv-dark-bg-background-color is-style-default\"><blockquote class=\"has-text-color has-nv-text-dark-bg-color\"><p>Laura Gil Velasco naci\u00f3 el 01 de febrero del 2000 en el departamento del Valle del Cauca en la ciudad de Santiago de Cali. Hace parte del semillero Plus desde el a\u00f1o 2018, desempe\u00f1ando dentro del semillero un rol como coinvestigadora inicialmente y luego como investigadora en el \u00e1rea de investigaci\u00f3n (Ambiente musical integrado transling\u00fce). Tambi\u00e9n desarrolla el rol de coordinadora en el programa de Change en el colegio Jaime Salazar Robledo. Curs\u00f3 su b\u00e1sica primaria, y b\u00e1sica secundaria en la Corporaci\u00f3n Educativa Adventista CEA, Cali (2006-2014), y su bachiller acad\u00e9mico en la Instituci\u00f3n Educativa INEM Jorge Isaacs (2015-2016). Actualmente se encuentra cursando el s\u00e9ptimo semestre del programa Licenciatura en Biling\u00fcismo con \u00c9nfasis en Ingl\u00e9s en la Universidad Tecnol\u00f3gica de Pereira UTP..<\/p><\/blockquote><\/figure>\n\n\n\n<div style=\"height:40px\" aria-hidden=\"true\" class=\"wp-block-spacer\"><\/div>\n<\/div><\/div>\n\n\n\n<div style=\"height:20px\" aria-hidden=\"true\" class=\"wp-block-spacer\"><\/div>\n","protected":false},"excerpt":{"rendered":"","protected":false},"author":1421,"featured_media":0,"parent":0,"menu_order":0,"comment_status":"closed","ping_status":"closed","template":"","meta":{"neve_meta_sidebar":"full-width","neve_meta_container":"","neve_meta_enable_content_width":"on","neve_meta_content_width":100,"neve_meta_title_alignment":"","neve_meta_author_avatar":"","neve_post_elements_order":"","neve_meta_disable_header":"","neve_meta_disable_footer":"","neve_meta_disable_title":"on","footnotes":""},"class_list":["post-8421","page","type-page","status-publish","hentry"],"_links":{"self":[{"href":"https:\/\/academia.utp.edu.co\/plus\/wp-json\/wp\/v2\/pages\/8421","targetHints":{"allow":["GET"]}}],"collection":[{"href":"https:\/\/academia.utp.edu.co\/plus\/wp-json\/wp\/v2\/pages"}],"about":[{"href":"https:\/\/academia.utp.edu.co\/plus\/wp-json\/wp\/v2\/types\/page"}],"author":[{"embeddable":true,"href":"https:\/\/academia.utp.edu.co\/plus\/wp-json\/wp\/v2\/users\/1421"}],"replies":[{"embeddable":true,"href":"https:\/\/academia.utp.edu.co\/plus\/wp-json\/wp\/v2\/comments?post=8421"}],"version-history":[{"count":3,"href":"https:\/\/academia.utp.edu.co\/plus\/wp-json\/wp\/v2\/pages\/8421\/revisions"}],"predecessor-version":[{"id":8471,"href":"https:\/\/academia.utp.edu.co\/plus\/wp-json\/wp\/v2\/pages\/8421\/revisions\/8471"}],"wp:attachment":[{"href":"https:\/\/academia.utp.edu.co\/plus\/wp-json\/wp\/v2\/media?parent=8421"}],"curies":[{"name":"wp","href":"https:\/\/api.w.org\/{rel}","templated":true}]}}