{"id":4691,"date":"2023-02-01T15:18:23","date_gmt":"2023-02-01T20:18:23","guid":{"rendered":"https:\/\/academia.utp.edu.co\/practica-ambiental-interdisciplinaria\/?page_id=4691"},"modified":"2025-04-09T11:54:36","modified_gmt":"2025-04-09T16:54:36","slug":"audiovisuales","status":"publish","type":"page","link":"https:\/\/academia.utp.edu.co\/practica-ambiental-interdisciplinaria\/audiovisuales\/","title":{"rendered":"Audiovisuales"},"content":{"rendered":"\n<p><strong>Documentales<\/strong><\/p>\n\n\n\n<div class=\"wp-block-media-text alignwide is-stacked-on-mobile has-light-green-cyan-background-color has-background\" style=\"grid-template-columns:15% auto\"><figure class=\"wp-block-media-text__media\"><a href=\"https:\/\/www.youtube.com\/watch?v=igMQmHMlibs&amp;t=1057s&amp;ab_channel=LineadeInvestigaci%C3%B3nEstudiosSocioculturalesyProblem%C3%A1ticaAmbiental\" target=\"_blank\" rel=\"noreferrer noopener\"><img loading=\"lazy\" decoding=\"async\" width=\"1024\" height=\"576\" src=\"https:\/\/academia.utp.edu.co\/practica-ambiental-interdisciplinaria\/files\/2023\/02\/Docu-Quinchia-1024x576.png\" alt=\"\" class=\"wp-image-7121 size-full\" srcset=\"https:\/\/academia.utp.edu.co\/practica-ambiental-interdisciplinaria\/files\/2023\/02\/Docu-Quinchia-1024x576.png 1024w, https:\/\/academia.utp.edu.co\/practica-ambiental-interdisciplinaria\/files\/2023\/02\/Docu-Quinchia-300x169.png 300w, https:\/\/academia.utp.edu.co\/practica-ambiental-interdisciplinaria\/files\/2023\/02\/Docu-Quinchia-768x432.png 768w, https:\/\/academia.utp.edu.co\/practica-ambiental-interdisciplinaria\/files\/2023\/02\/Docu-Quinchia.png 1366w\" sizes=\"auto, (max-width: 1024px) 100vw, 1024px\" \/><\/a><\/figure><div class=\"wp-block-media-text__content\">\n<p><strong>Quinch\u00eda: Una Mirada Hacia el Horizonte<\/strong><\/p>\n\n\n\n<p>Examina los desaf\u00edos y contradicciones frente al desarrollo y la conservaci\u00f3n de la naturaleza y la cultura en el Municipio de Quinch\u00eda Risaralda Colombia. Se apoya en una investigaci\u00f3n realizada en el a\u00f1o 2016 comparando las vocaciones agricolas y mineras de los corregimientos de Naranjal e Irra.<\/p>\n\n\n\n<p><a href=\"https:\/\/www.youtube.com\/watch?v=igMQmHMlibs&amp;t=1057s&amp;ab_channel=LineadeInvestigaci%C3%B3nEstudiosSocioculturalesyProblem%C3%A1ticaAmbiental\" target=\"_blank\" rel=\"noreferrer noopener\">Ver documental<\/a><\/p>\n<\/div><\/div>\n\n\n\n<p><\/p>\n\n\n\n<div class=\"wp-block-media-text alignwide is-stacked-on-mobile has-light-green-cyan-background-color has-background\" style=\"grid-template-columns:15% auto\"><figure class=\"wp-block-media-text__media\"><img loading=\"lazy\" decoding=\"async\" width=\"1024\" height=\"576\" src=\"https:\/\/academia.utp.edu.co\/practica-ambiental-interdisciplinaria\/files\/2023\/02\/docu-las-ultimas-lagrimas-1024x576.jpg\" alt=\"\" class=\"wp-image-7171 size-full\" srcset=\"https:\/\/academia.utp.edu.co\/practica-ambiental-interdisciplinaria\/files\/2023\/02\/docu-las-ultimas-lagrimas-1024x576.jpg 1024w, https:\/\/academia.utp.edu.co\/practica-ambiental-interdisciplinaria\/files\/2023\/02\/docu-las-ultimas-lagrimas-300x169.jpg 300w, https:\/\/academia.utp.edu.co\/practica-ambiental-interdisciplinaria\/files\/2023\/02\/docu-las-ultimas-lagrimas-768x432.jpg 768w, https:\/\/academia.utp.edu.co\/practica-ambiental-interdisciplinaria\/files\/2023\/02\/docu-las-ultimas-lagrimas.jpg 1280w\" sizes=\"auto, (max-width: 1024px) 100vw, 1024px\" \/><\/figure><div class=\"wp-block-media-text__content\">\n<p><strong>Las ultimas lagrimas de Michua<\/strong><\/p>\n\n\n\n<p>Documental realizado por la L\u00ednea de Investigaci\u00f3n Estudios Socioculturales y Problem\u00e1tica Ambiental (2021). Directora: Katherine Rojas Ruiz. Investigaci\u00f3n y Gui\u00f3n: Carolina Arias Hurtado y Le\u00f3n Felipe Cubillos Quintero<\/p>\n\n\n\n<p><a href=\"https:\/\/www.youtube.com\/watch?v=8DlODHz6vwg&amp;ab_channel=LineadeInvestigaci%C3%B3nEstudiosSocioculturalesyProblem%C3%A1ticaAmbiental\" target=\"_blank\" rel=\"noreferrer noopener\">Ver documental<\/a><\/p>\n<\/div><\/div>\n\n\n\n<p><\/p>\n\n\n\n<p><\/p>\n\n\n\n<p><\/p>\n\n\n\n<p><strong>Memorias fotogr\u00e1ficas<\/strong><\/p>\n\n\n\n<figure class=\"wp-block-image size-large\"><img loading=\"lazy\" decoding=\"async\" width=\"1024\" height=\"171\" src=\"https:\/\/academia.utp.edu.co\/practica-ambiental-interdisciplinaria\/files\/2023\/02\/2022-escenarios-1-1024x171.jpg\" alt=\"\" class=\"wp-image-7401\" srcset=\"https:\/\/academia.utp.edu.co\/practica-ambiental-interdisciplinaria\/files\/2023\/02\/2022-escenarios-1-1024x171.jpg 1024w, https:\/\/academia.utp.edu.co\/practica-ambiental-interdisciplinaria\/files\/2023\/02\/2022-escenarios-1-300x50.jpg 300w, https:\/\/academia.utp.edu.co\/practica-ambiental-interdisciplinaria\/files\/2023\/02\/2022-escenarios-1-768x128.jpg 768w, https:\/\/academia.utp.edu.co\/practica-ambiental-interdisciplinaria\/files\/2023\/02\/2022-escenarios-1-1536x256.jpg 1536w, https:\/\/academia.utp.edu.co\/practica-ambiental-interdisciplinaria\/files\/2023\/02\/2022-escenarios-1-2048x341.jpg 2048w\" sizes=\"auto, (max-width: 1024px) 100vw, 1024px\" \/><figcaption class=\"wp-element-caption\">Escenarios de la cuenca Consota (2022)<\/figcaption><\/figure>\n\n\n\n<p><\/p>\n\n\n\n<figure class=\"wp-block-image size-large\"><img loading=\"lazy\" decoding=\"async\" width=\"1024\" height=\"128\" src=\"https:\/\/academia.utp.edu.co\/practica-ambiental-interdisciplinaria\/files\/2023\/02\/2022-2-1-1024x128.jpg\" alt=\"\" class=\"wp-image-7411\" srcset=\"https:\/\/academia.utp.edu.co\/practica-ambiental-interdisciplinaria\/files\/2023\/02\/2022-2-1-1024x128.jpg 1024w, https:\/\/academia.utp.edu.co\/practica-ambiental-interdisciplinaria\/files\/2023\/02\/2022-2-1-300x38.jpg 300w, https:\/\/academia.utp.edu.co\/practica-ambiental-interdisciplinaria\/files\/2023\/02\/2022-2-1-768x96.jpg 768w, https:\/\/academia.utp.edu.co\/practica-ambiental-interdisciplinaria\/files\/2023\/02\/2022-2-1-1536x192.jpg 1536w, https:\/\/academia.utp.edu.co\/practica-ambiental-interdisciplinaria\/files\/2023\/02\/2022-2-1-2048x256.jpg 2048w\" sizes=\"auto, (max-width: 1024px) 100vw, 1024px\" \/><figcaption class=\"wp-element-caption\">Salida de campo. Municipio de Santa Rosa de Cabal (2021)<\/figcaption><\/figure>\n\n\n\n<p><\/p>\n\n\n\n<figure class=\"wp-block-image size-large\"><img loading=\"lazy\" decoding=\"async\" width=\"1024\" height=\"197\" src=\"https:\/\/academia.utp.edu.co\/practica-ambiental-interdisciplinaria\/files\/2023\/02\/2021-1-1-1024x197.png\" alt=\"\" class=\"wp-image-7421\" srcset=\"https:\/\/academia.utp.edu.co\/practica-ambiental-interdisciplinaria\/files\/2023\/02\/2021-1-1-1024x197.png 1024w, https:\/\/academia.utp.edu.co\/practica-ambiental-interdisciplinaria\/files\/2023\/02\/2021-1-1-300x58.png 300w, https:\/\/academia.utp.edu.co\/practica-ambiental-interdisciplinaria\/files\/2023\/02\/2021-1-1-768x148.png 768w, https:\/\/academia.utp.edu.co\/practica-ambiental-interdisciplinaria\/files\/2023\/02\/2021-1-1.png 1317w\" sizes=\"auto, (max-width: 1024px) 100vw, 1024px\" \/><figcaption class=\"wp-element-caption\">Taller diagn\u00f3stico participativo \u00abConstruyendo nuestra Agenda Ambiental Muncipal\u00bb. Santa Rosa de Cabal (2021)<\/figcaption><\/figure>\n\n\n\n<p><\/p>\n\n\n\n<p><\/p>\n","protected":false},"excerpt":{"rendered":"<p>Documentales Quinch\u00eda: Una Mirada Hacia el Horizonte Examina los desaf\u00edos y contradicciones frente al desarrollo y la conservaci\u00f3n de la naturaleza y la cultura en el Municipio de Quinch\u00eda Risaralda <a href=\"https:\/\/academia.utp.edu.co\/practica-ambiental-interdisciplinaria\/audiovisuales\/\" rel=\"nofollow\"><span class=\"sr-only\">Leer m\u00e1sAudiovisuales<\/span>[&hellip;]<\/a><\/p>\n","protected":false},"author":1861,"featured_media":0,"parent":0,"menu_order":0,"comment_status":"closed","ping_status":"closed","template":"template-fullwidth.php","meta":{"_EventAllDay":false,"_EventTimezone":"","_EventStartDate":"","_EventEndDate":"","_EventStartDateUTC":"","_EventEndDateUTC":"","_EventShowMap":false,"_EventShowMapLink":false,"_EventURL":"","_EventCost":"","_EventCostDescription":"","_EventCurrencySymbol":"","_EventCurrencyCode":"","_EventCurrencyPosition":"","_EventDateTimeSeparator":"","_EventTimeRangeSeparator":"","_EventOrganizerID":[],"_EventVenueID":[],"_OrganizerEmail":"","_OrganizerPhone":"","_OrganizerWebsite":"","_VenueAddress":"","_VenueCity":"","_VenueCountry":"","_VenueProvince":"","_VenueState":"","_VenueZip":"","_VenuePhone":"","_VenueURL":"","_VenueStateProvince":"","_VenueLat":"","_VenueLng":"","_VenueShowMap":false,"_VenueShowMapLink":false,"footnotes":""},"class_list":["post-4691","page","type-page","status-publish","hentry"],"_links":{"self":[{"href":"https:\/\/academia.utp.edu.co\/practica-ambiental-interdisciplinaria\/wp-json\/wp\/v2\/pages\/4691","targetHints":{"allow":["GET"]}}],"collection":[{"href":"https:\/\/academia.utp.edu.co\/practica-ambiental-interdisciplinaria\/wp-json\/wp\/v2\/pages"}],"about":[{"href":"https:\/\/academia.utp.edu.co\/practica-ambiental-interdisciplinaria\/wp-json\/wp\/v2\/types\/page"}],"author":[{"embeddable":true,"href":"https:\/\/academia.utp.edu.co\/practica-ambiental-interdisciplinaria\/wp-json\/wp\/v2\/users\/1861"}],"replies":[{"embeddable":true,"href":"https:\/\/academia.utp.edu.co\/practica-ambiental-interdisciplinaria\/wp-json\/wp\/v2\/comments?post=4691"}],"version-history":[{"count":15,"href":"https:\/\/academia.utp.edu.co\/practica-ambiental-interdisciplinaria\/wp-json\/wp\/v2\/pages\/4691\/revisions"}],"predecessor-version":[{"id":7720,"href":"https:\/\/academia.utp.edu.co\/practica-ambiental-interdisciplinaria\/wp-json\/wp\/v2\/pages\/4691\/revisions\/7720"}],"wp:attachment":[{"href":"https:\/\/academia.utp.edu.co\/practica-ambiental-interdisciplinaria\/wp-json\/wp\/v2\/media?parent=4691"}],"curies":[{"name":"wp","href":"https:\/\/api.w.org\/{rel}","templated":true}]}}