{"id":491,"date":"2022-12-08T14:36:20","date_gmt":"2022-12-08T19:36:20","guid":{"rendered":"https:\/\/academia.utp.edu.co\/practica-ambiental-interdisciplinaria\/?page_id=491"},"modified":"2023-02-02T22:36:21","modified_gmt":"2023-02-03T03:36:21","slug":"libros","status":"publish","type":"page","link":"https:\/\/academia.utp.edu.co\/practica-ambiental-interdisciplinaria\/libros\/","title":{"rendered":"Libros, art\u00edculos e informes"},"content":{"rendered":"\n<p><\/p>\n\n\n\n<div class=\"wp-block-media-text alignwide is-stacked-on-mobile is-vertically-aligned-center has-light-green-cyan-background-color has-background\" style=\"grid-template-columns:15% auto\"><figure class=\"wp-block-media-text__media\"><a href=\"http:\/\/academia.utp.edu.co\/practica-ambiental-interdisciplinaria\/files\/2023\/02\/Educacion-ambiental-mediada-desde-las-ecologias-sociocuturales.pdf\" target=\"_blank\" rel=\"noreferrer noopener\"><img loading=\"lazy\" decoding=\"async\" width=\"589\" height=\"781\" src=\"https:\/\/academia.utp.edu.co\/practica-ambiental-interdisciplinaria\/files\/2023\/02\/Educacion-ambiental-mediada.desde-1.png\" alt=\"\" class=\"wp-image-6421 size-full\" srcset=\"https:\/\/academia.utp.edu.co\/practica-ambiental-interdisciplinaria\/files\/2023\/02\/Educacion-ambiental-mediada.desde-1.png 589w, https:\/\/academia.utp.edu.co\/practica-ambiental-interdisciplinaria\/files\/2023\/02\/Educacion-ambiental-mediada.desde-1-226x300.png 226w\" sizes=\"auto, (max-width: 589px) 100vw, 589px\" \/><\/a><\/figure><div class=\"wp-block-media-text__content\">\n<p><strong>Educaci\u00f3n ambiental mediada desde las ecolog\u00edas sociocuturales para el abordaje del territorio en contextos escolares<\/strong>. Revista U.D.C.A Actualidad &amp; Divulgaci\u00f3n Cient\u00edfica, 25(Supl.1). <\/p>\n\n\n\n<p><strong>Publicaci\u00f3n:<\/strong> 2022<\/p>\n\n\n\n<p><strong>Autores:<\/strong> C\u00e9sar Augusto Bustamante Toro, Carlos Eduardo L\u00f3pez Casta\u00f1o<\/p>\n\n\n\n<p><a href=\"http:\/\/academia.utp.edu.co\/practica-ambiental-interdisciplinaria\/files\/2023\/02\/Educacion-ambiental-mediada-desde-las-ecologias-sociocuturales.pdf\" target=\"_blank\" rel=\"noreferrer noopener\">Ver documento completo<\/a><\/p>\n<\/div><\/div>\n\n\n\n<p><\/p>\n\n\n\n<div class=\"wp-block-media-text alignwide is-stacked-on-mobile is-vertically-aligned-center has-light-green-cyan-background-color has-background\" style=\"grid-template-columns:15% auto\"><figure class=\"wp-block-media-text__media\"><a href=\"http:\/\/academia.utp.edu.co\/practica-ambiental-interdisciplinaria\/files\/2023\/02\/La-Interdisciplinariedad-en-las-Ciencias-Ambientales.pdf\" target=\"_blank\" rel=\"noreferrer noopener\"><img loading=\"lazy\" decoding=\"async\" width=\"587\" height=\"829\" src=\"https:\/\/academia.utp.edu.co\/practica-ambiental-interdisciplinaria\/files\/2023\/02\/Captura-de-pantalla-20.png\" alt=\"\" class=\"wp-image-5761 size-full\" srcset=\"https:\/\/academia.utp.edu.co\/practica-ambiental-interdisciplinaria\/files\/2023\/02\/Captura-de-pantalla-20.png 587w, https:\/\/academia.utp.edu.co\/practica-ambiental-interdisciplinaria\/files\/2023\/02\/Captura-de-pantalla-20-212x300.png 212w\" sizes=\"auto, (max-width: 587px) 100vw, 587px\" \/><\/a><\/figure><div class=\"wp-block-media-text__content\">\n<p><strong>La interdisciplinariedad en las ciencias ambientales: La problem\u00e1tica ambiental del territorio como categor\u00eda de investigaci\u00f3n en los estudios ambientales.<\/strong> Pereira: Sello Editorial Universidad Tecnol\u00f3gica de Pereira. <\/p>\n\n\n\n<p><strong>Publicaci\u00f3n:<\/strong> 2020<\/p>\n\n\n\n<p><strong>Autor:<\/strong> Le\u00f3n Felipe Cubillos Quintero.<\/p>\n\n\n\n<p><a href=\"http:\/\/academia.utp.edu.co\/practica-ambiental-interdisciplinaria\/files\/2023\/02\/La-Interdisciplinariedad-en-las-Ciencias-Ambientales.pdf\" target=\"_blank\" rel=\"noreferrer noopener\">Ver documento completo<\/a><\/p>\n<\/div><\/div>\n\n\n\n<p><\/p>\n\n\n\n<div class=\"wp-block-media-text alignwide is-stacked-on-mobile is-vertically-aligned-center has-light-green-cyan-background-color has-background\" style=\"grid-template-columns:15% auto\"><figure class=\"wp-block-media-text__media\"><a href=\"http:\/\/academia.utp.edu.co\/practica-ambiental-interdisciplinaria\/files\/2023\/02\/Estrategias-de-gestion-ambiental-frente-al-desarrollo-minero-extractivista-en-el-municipio-de-Quinchia-Risaralda.pdf\" target=\"_blank\" rel=\"noreferrer noopener\"><img loading=\"lazy\" decoding=\"async\" width=\"529\" height=\"784\" src=\"https:\/\/academia.utp.edu.co\/practica-ambiental-interdisciplinaria\/files\/2023\/02\/estrategias_g_ambiental.png\" alt=\"\" class=\"wp-image-4371 size-full\" srcset=\"https:\/\/academia.utp.edu.co\/practica-ambiental-interdisciplinaria\/files\/2023\/02\/estrategias_g_ambiental.png 529w, https:\/\/academia.utp.edu.co\/practica-ambiental-interdisciplinaria\/files\/2023\/02\/estrategias_g_ambiental-202x300.png 202w\" sizes=\"auto, (max-width: 529px) 100vw, 529px\" \/><\/a><\/figure><div class=\"wp-block-media-text__content\">\n<p><strong>Estrategias de gesti\u00f3n ambiental frente al desarrollo minero-extractivista en el municipio de Quinch\u00eda (Risaralda)<\/strong>. ISNN: 0120-4165 (208) p. 137\u2013191.&nbsp;<\/p>\n\n\n\n<p>Art\u00edculo realizado en el marco del proyecto \u201cAn\u00e1lisis comparativo de los procesos interculturales de construcci\u00f3n territorial agr\u00edcola y minera en Quinch\u00eda (Risaralda): Casos de estudio corregimientos de Naranjal e Irra\u201d (2016). Proyecto de investigaci\u00f3n financiado por la Convocatoria Interna de la Universidad Tecnol\u00f3gica de Pereira (2015).<\/p>\n\n\n\n<p><strong>Publicaci\u00f3n: <\/strong>2017<\/p>\n\n\n\n<p><strong>Autora:<\/strong> Yuliana Salazar Duque. <\/p>\n\n\n\n<p><a href=\"http:\/\/academia.utp.edu.co\/practica-ambiental-interdisciplinaria\/files\/2023\/02\/Estrategias-de-gestion-ambiental-frente-al-desarrollo-minero-extractivista-en-el-municipio-de-Quinchia-Risaralda.pdf\" target=\"_blank\" rel=\"noreferrer noopener\">Ver documento completo<\/a><\/p>\n<\/div><\/div>\n\n\n\n<p><\/p>\n\n\n\n<p><\/p>\n\n\n\n<div class=\"wp-block-media-text alignwide is-stacked-on-mobile is-vertically-aligned-center has-light-green-cyan-background-color has-background\" style=\"grid-template-columns:15% auto\"><figure class=\"wp-block-media-text__media\"><a href=\"http:\/\/academia.utp.edu.co\/practica-ambiental-interdisciplinaria\/files\/2023\/02\/Conflictos-ambientales-mineros-en-Quinchia.pdf\" target=\"_blank\" rel=\"noreferrer noopener\"><img loading=\"lazy\" decoding=\"async\" width=\"557\" height=\"739\" src=\"https:\/\/academia.utp.edu.co\/practica-ambiental-interdisciplinaria\/files\/2023\/02\/ConflictosAmbientalesMineros-Quinchia.png\" alt=\"\" class=\"wp-image-4241 size-full\" srcset=\"https:\/\/academia.utp.edu.co\/practica-ambiental-interdisciplinaria\/files\/2023\/02\/ConflictosAmbientalesMineros-Quinchia.png 557w, https:\/\/academia.utp.edu.co\/practica-ambiental-interdisciplinaria\/files\/2023\/02\/ConflictosAmbientalesMineros-Quinchia-226x300.png 226w\" sizes=\"auto, (max-width: 557px) 100vw, 557px\" \/><\/a><\/figure><div class=\"wp-block-media-text__content\">\n<p><strong>Conflictos ambientales mineros en Quinch\u00eda. En: L\u00ednea de Investigaci\u00f3n Estudios Socioculturales y Problem\u00e1tica Ambiental -IESPA- (Comp).<\/strong> Memorias acad\u00e9micas del Primer Encuentro Investigaciones socioculturales en el marco de la Problem\u00e1tica ambiental del territorio.&nbsp; Universidad Tecnol\u00f3gica de Pereira. p. 168-187.<\/p>\n\n\n\n<p><strong>Publicaci\u00f3n:<\/strong> 2016<\/p>\n\n\n\n<p><strong>Autora:<\/strong> Yuliana Salazar Duque. <\/p>\n\n\n\n<p><a href=\"http:\/\/academia.utp.edu.co\/practica-ambiental-interdisciplinaria\/files\/2023\/02\/Conflictos-ambientales-mineros-en-Quinchia.pdf\" target=\"_blank\" rel=\"noreferrer noopener\">Ver documento completo<\/a><\/p>\n<\/div><\/div>\n\n\n\n<p><\/p>\n\n\n\n<div class=\"wp-block-media-text alignwide is-stacked-on-mobile is-vertically-aligned-center has-light-green-cyan-background-color has-background\" style=\"grid-template-columns:15% auto\"><figure class=\"wp-block-media-text__media\"><a href=\"http:\/\/academia.utp.edu.co\/practica-ambiental-interdisciplinaria\/files\/2023\/02\/LIBRO-RESIGNIFICACION_CUENCA_CONSOTA-dfg.pdf\" target=\"_blank\" rel=\"noreferrer noopener\"><img loading=\"lazy\" decoding=\"async\" width=\"579\" height=\"833\" src=\"http:\/\/academia.utp.edu.co\/practica-ambiental-interdisciplinaria\/files\/2023\/02\/libro-resignificacionconsota.png\" alt=\"\" class=\"wp-image-4071 size-full\" srcset=\"https:\/\/academia.utp.edu.co\/practica-ambiental-interdisciplinaria\/files\/2023\/02\/libro-resignificacionconsota.png 579w, https:\/\/academia.utp.edu.co\/practica-ambiental-interdisciplinaria\/files\/2023\/02\/libro-resignificacionconsota-209x300.png 209w\" sizes=\"auto, (max-width: 579px) 100vw, 579px\" \/><\/a><\/figure><div class=\"wp-block-media-text__content\">\n<p class=\"has-text-align-left\"><strong>Resignificaci\u00f3n de la cuenca del Consota. Perspectivas ambientales del municipio de Pereira en sus 150 a\u00f1os.<\/strong> <\/p>\n\n\n\n<p><strong>Publicaci\u00f3n:<\/strong> 2014<\/p>\n\n\n\n<p><strong>Autores:<\/strong> Jessica Aguirre Arias, Juan David Arango, Adalberto Arroyave Guti\u00e9rrez, Martha Cecilia Cano Echeverri, Guillermo Casta\u00f1o Arcila, Juan Mauricio Casta\u00f1o Rojas, Le\u00f3n Felipe Cubillos Quintero, Luisa Fernanda, Dur\u00e1n Montes, Diana Mar\u00eda Gil Garz\u00f3n, Carmen Elisa Henao, Yuvid Almeida Hern\u00e1ndez Tabares, Jennifer Andrea Herrera Mar\u00edn, Jhoniers Guerrero Erazo, Jorge Ignacio Guevara Bol\u00edvar, Carlos Ignacio Jim\u00e9nez Montoya, Carlos Eduardo L\u00f3pez Casta\u00f1o, Hugo L\u00f3pez Mart\u00ednez, Jorge Hern\u00e1n Marulanda G\u00f3mez, Luz Marina Mora, Ana Patricia Quintana Ram\u00edrez, Juan Camilo Rivera Aranzazu, Andr\u00e9s Rivera Berr\u00edo, Carlos Andr\u00e9s Sabas Ram\u00edrez, Carolina Saldarriaga, Francy Milena Tapiero Gazo, Francisco Antonio Uribe G\u00f3mez, Claudia Patricia Vel\u00e1squez, Carlos Alfonso Victoria Mena, Diego Mauricio Zuluaga Delgado. <strong>Compiladora:<\/strong> Carolina Arias Hurtado.<\/p>\n\n\n\n<p><a href=\"http:\/\/academia.utp.edu.co\/practica-ambiental-interdisciplinaria\/files\/2023\/02\/LIBRO-RESIGNIFICACION_CUENCA_CONSOTA-dfg.pdf\" target=\"_blank\" rel=\"noreferrer noopener\">Ver documento completo<\/a><\/p>\n<\/div><\/div>\n\n\n\n<p><\/p>\n\n\n\n<div class=\"wp-block-media-text alignwide is-stacked-on-mobile is-vertically-aligned-center has-light-green-cyan-background-color has-background\" style=\"grid-template-columns:15% auto\"><figure class=\"wp-block-media-text__media\"><a href=\"http:\/\/academia.utp.edu.co\/practica-ambiental-interdisciplinaria\/files\/2023\/02\/dialogosdelsaber2-dfg.pdf\" target=\"_blank\" rel=\"noreferrer noopener\"><img loading=\"lazy\" decoding=\"async\" width=\"581\" height=\"817\" src=\"https:\/\/academia.utp.edu.co\/practica-ambiental-interdisciplinaria\/files\/2023\/02\/Dialogo-saberes-dfg.png\" alt=\"\" class=\"wp-image-6521 size-full\" srcset=\"https:\/\/academia.utp.edu.co\/practica-ambiental-interdisciplinaria\/files\/2023\/02\/Dialogo-saberes-dfg.png 581w, https:\/\/academia.utp.edu.co\/practica-ambiental-interdisciplinaria\/files\/2023\/02\/Dialogo-saberes-dfg-213x300.png 213w\" sizes=\"auto, (max-width: 581px) 100vw, 581px\" \/><\/a><\/figure><div class=\"wp-block-media-text__content\">\n<p class=\"has-text-align-left\"><strong>Di\u00e1logos entre saberes, ciencias e ideolog\u00edas en torno a lo ambiental. <\/strong>Universidad Tecnol\u00f3gica de Pereira. Pereira: Publiprint Ltda. <\/p>\n\n\n\n<p><strong>Publicaci\u00f3n:<\/strong> 2009<\/p>\n\n\n\n<p><strong>Autores:<\/strong> Martha Cecilia Cano, Ziyudis C\u00f3rdoba, Le\u00f3n Felipe Cubillos, Andr\u00e9s Duque, Aida Milena Garc\u00eda, Uriel Hern\u00e1ndez, Carlos Ignacio Jim\u00e9nez, Carlos Eduardo L\u00f3pez, John Jairo Ocampo, Guillermo Andr\u00e9s Ospina, Gustavo Pinz\u00f3n, Diana Mar\u00eda Rodr\u00edguez, Carolina Saldarriaga, Diana Marcela S\u00e1nchez, Jairo Tocancip\u00e1, Iv\u00e1n Alberto Vergara, Alexander Villegas. <strong>Compiladores: <\/strong>Carlos Eduardo L\u00f3pez, Uriel Hern\u00e1ndez.<\/p>\n\n\n\n<p><a href=\"http:\/\/academia.utp.edu.co\/practica-ambiental-interdisciplinaria\/files\/2023\/02\/dialogosdelsaber2-dfg.pdf\" target=\"_blank\" rel=\"noreferrer noopener\">Ver documento completo<\/a><\/p>\n<\/div><\/div>\n\n\n\n<p><\/p>\n\n\n\n<div class=\"wp-block-media-text alignwide is-stacked-on-mobile is-vertically-aligned-center has-light-green-cyan-background-color has-background\" style=\"grid-template-columns:15% auto\"><figure class=\"wp-block-media-text__media\"><a href=\"http:\/\/academia.utp.edu.co\/practica-ambiental-interdisciplinaria\/files\/2023\/02\/ecologiahistorica-dfg.pdf\" target=\"_blank\" rel=\"noreferrer noopener\"><img loading=\"lazy\" decoding=\"async\" width=\"545\" height=\"723\" src=\"https:\/\/academia.utp.edu.co\/practica-ambiental-interdisciplinaria\/files\/2023\/02\/Ecologia-historica-dfg-1.png\" alt=\"\" class=\"wp-image-6451 size-full\" srcset=\"https:\/\/academia.utp.edu.co\/practica-ambiental-interdisciplinaria\/files\/2023\/02\/Ecologia-historica-dfg-1.png 545w, https:\/\/academia.utp.edu.co\/practica-ambiental-interdisciplinaria\/files\/2023\/02\/Ecologia-historica-dfg-1-226x300.png 226w\" sizes=\"auto, (max-width: 545px) 100vw, 545px\" \/><\/a><\/figure><div class=\"wp-block-media-text__content\">\n<p class=\"has-text-align-left\"><strong>Ecolog\u00eda Hist\u00f3rica. Interacciones Sociedad &#8211; Ambiente a Distintas Escalas Socio &#8211; Temporales.<\/strong><\/p>\n\n\n\n<p><strong>Publicaci\u00f3n:<\/strong> 2008<\/p>\n\n\n\n<p><strong>Autores:<\/strong> Francisco Javier Aceituno Bocanegra, Silvia Helena Botero Arcila, Pedro Jos\u00e9 Botero Zuluaga, Martha Cecilia Cano Echeverri, Gonzalo Correal Urrego, Ruth Dickau Franz X, Faust Arleen Garcia-Herbst, Alba Nelly G\u00f3mez Garc\u00eda, Juan Manuel Gonz\u00e1lez Casta\u00f1o, Piedad Marcela Jaramillo Nieto, Alexis Jaramillo Justinico, Jos\u00e9 Luis Lanata, Nicol\u00e1s Loaiza D\u00edaz, Luis Francisco L\u00f3pez Cano, Carlos Eduardo L\u00f3pez Casta\u00f1o, Juan Manuel Llanos Chaparro, Luis A. Martino, Willian Jairo Mavisoy Muchavisoy, Mar\u00eda Almeira Navia G\u00f3mez, Ana Osella, Guillermo Andr\u00e9s Ospina R, Anthony J. Ranere, Jos\u00e9 Alfonso Realpe Quintero, Diana Mar\u00eda Rodr\u00edguez Herrera, Elkin Rodr\u00edguez Trivi\u00f1o, Roc\u00edo Salas Medell\u00edn, H\u00e9ctor Salgado L\u00f3pez, Gustavo Santos Vecino, Lylieth Varela Fag\u00fandez, Thomas van der Hammen. <strong>Compiladores:<\/strong> Carlos Eduardo L\u00f3pez C, Guillermo Andr\u00e9s Ospina R.<\/p>\n\n\n\n<p><a href=\"http:\/\/academia.utp.edu.co\/practica-ambiental-interdisciplinaria\/files\/2023\/02\/ecologiahistorica-dfg.pdf\" target=\"_blank\" rel=\"noreferrer noopener\">Ver documento completo<\/a><\/p>\n<\/div><\/div>\n\n\n\n<p><\/p>\n\n\n\n<div class=\"wp-block-buttons is-layout-flex wp-block-buttons-is-layout-flex\"><\/div>\n","protected":false},"excerpt":{"rendered":"<p>Educaci\u00f3n ambiental mediada desde las ecolog\u00edas sociocuturales para el abordaje del territorio en contextos escolares. Revista U.D.C.A Actualidad &amp; Divulgaci\u00f3n Cient\u00edfica, 25(Supl.1). Publicaci\u00f3n: 2022 Autores: C\u00e9sar Augusto Bustamante Toro, Carlos <a href=\"https:\/\/academia.utp.edu.co\/practica-ambiental-interdisciplinaria\/libros\/\" rel=\"nofollow\"><span class=\"sr-only\">Leer m\u00e1sLibros, art\u00edculos e informes<\/span>[&hellip;]<\/a><\/p>\n","protected":false},"author":1861,"featured_media":0,"parent":0,"menu_order":0,"comment_status":"closed","ping_status":"closed","template":"template-fullwidth.php","meta":{"_EventAllDay":false,"_EventTimezone":"","_EventStartDate":"","_EventEndDate":"","_EventStartDateUTC":"","_EventEndDateUTC":"","_EventShowMap":false,"_EventShowMapLink":false,"_EventURL":"","_EventCost":"","_EventCostDescription":"","_EventCurrencySymbol":"","_EventCurrencyCode":"","_EventCurrencyPosition":"","_EventDateTimeSeparator":"","_EventTimeRangeSeparator":"","_EventOrganizerID":[],"_EventVenueID":[],"_OrganizerEmail":"","_OrganizerPhone":"","_OrganizerWebsite":"","_VenueAddress":"","_VenueCity":"","_VenueCountry":"","_VenueProvince":"","_VenueState":"","_VenueZip":"","_VenuePhone":"","_VenueURL":"","_VenueStateProvince":"","_VenueLat":"","_VenueLng":"","_VenueShowMap":false,"_VenueShowMapLink":false,"footnotes":""},"class_list":["post-491","page","type-page","status-publish","hentry"],"_links":{"self":[{"href":"https:\/\/academia.utp.edu.co\/practica-ambiental-interdisciplinaria\/wp-json\/wp\/v2\/pages\/491","targetHints":{"allow":["GET"]}}],"collection":[{"href":"https:\/\/academia.utp.edu.co\/practica-ambiental-interdisciplinaria\/wp-json\/wp\/v2\/pages"}],"about":[{"href":"https:\/\/academia.utp.edu.co\/practica-ambiental-interdisciplinaria\/wp-json\/wp\/v2\/types\/page"}],"author":[{"embeddable":true,"href":"https:\/\/academia.utp.edu.co\/practica-ambiental-interdisciplinaria\/wp-json\/wp\/v2\/users\/1861"}],"replies":[{"embeddable":true,"href":"https:\/\/academia.utp.edu.co\/practica-ambiental-interdisciplinaria\/wp-json\/wp\/v2\/comments?post=491"}],"version-history":[{"count":72,"href":"https:\/\/academia.utp.edu.co\/practica-ambiental-interdisciplinaria\/wp-json\/wp\/v2\/pages\/491\/revisions"}],"predecessor-version":[{"id":6651,"href":"https:\/\/academia.utp.edu.co\/practica-ambiental-interdisciplinaria\/wp-json\/wp\/v2\/pages\/491\/revisions\/6651"}],"wp:attachment":[{"href":"https:\/\/academia.utp.edu.co\/practica-ambiental-interdisciplinaria\/wp-json\/wp\/v2\/media?parent=491"}],"curies":[{"name":"wp","href":"https:\/\/api.w.org\/{rel}","templated":true}]}}