{"id":26,"date":"2025-05-13T23:29:31","date_gmt":"2025-05-13T21:29:31","guid":{"rendered":"https:\/\/academia.utp.edu.co\/profe-ramon\/?page_id=26"},"modified":"2025-07-01T16:59:17","modified_gmt":"2025-07-01T21:59:17","slug":"tema-1","status":"publish","type":"page","link":"https:\/\/academia.utp.edu.co\/profe-ramon\/tema-1\/","title":{"rendered":"Est\u00e1tica"},"content":{"rendered":"\n<p class=\"has-medium-font-size\">Bienvenido a las asesor\u00edas sobre <strong>est\u00e1tica<\/strong>, una de las \u00e1reas fundamentales en la formaci\u00f3n de todo ingeniero. En este espacio exploraremos los principios que rigen el equilibrio de los cuerpos, desarrollando las herramientas necesarias para analizar estructuras, mecanismos y sistemas sometidos a fuerzas.<\/p>\n\n\n\n<p class=\"has-medium-font-size\">Trabajaremos conceptos clave como diagramas de cuerpo libre, condiciones de equilibrio, estructuras isost\u00e1ticas, momentos y fuerzas internas. Nuestro enfoque estar\u00e1 orientado tanto al rigor te\u00f3rico como a la aplicaci\u00f3n pr\u00e1ctica, con \u00e9nfasis en el desarrollo del pensamiento l\u00f3gico, la resoluci\u00f3n sistem\u00e1tica de problemas y el razonamiento f\u00edsico-matem\u00e1tico.<\/p>\n\n\n\n<div class=\"wp-block-group is-content-justification-center is-nowrap is-layout-flex wp-container-core-group-is-layout-23441af8 wp-block-group-is-layout-flex\">\n<figure class=\"wp-block-image size-large is-resized\"><img loading=\"lazy\" decoding=\"async\" width=\"1024\" height=\"683\" src=\"https:\/\/academia.utp.edu.co\/profe-ramon\/files\/2025\/07\/ChatGPT-Image-1-jul-2025-05_00_58-p.m-1024x683.png\" alt=\"\" class=\"wp-image-70\" style=\"width:351px;height:auto\" srcset=\"https:\/\/academia.utp.edu.co\/profe-ramon\/files\/2025\/07\/ChatGPT-Image-1-jul-2025-05_00_58-p.m-1024x683.png 1024w, https:\/\/academia.utp.edu.co\/profe-ramon\/files\/2025\/07\/ChatGPT-Image-1-jul-2025-05_00_58-p.m-300x200.png 300w, https:\/\/academia.utp.edu.co\/profe-ramon\/files\/2025\/07\/ChatGPT-Image-1-jul-2025-05_00_58-p.m-768x512.png 768w, https:\/\/academia.utp.edu.co\/profe-ramon\/files\/2025\/07\/ChatGPT-Image-1-jul-2025-05_00_58-p.m.png 1536w\" sizes=\"auto, (max-width: 1024px) 100vw, 1024px\" \/><\/figure>\n\n\n\n<figure class=\"wp-block-image size-large is-resized\"><img loading=\"lazy\" decoding=\"async\" width=\"1024\" height=\"683\" src=\"https:\/\/academia.utp.edu.co\/profe-ramon\/files\/2025\/07\/ChatGPT-Image-1-jul-2025-05_06_20-p.m-1024x683.png\" alt=\"\" class=\"wp-image-73\" style=\"width:349px;height:auto\" srcset=\"https:\/\/academia.utp.edu.co\/profe-ramon\/files\/2025\/07\/ChatGPT-Image-1-jul-2025-05_06_20-p.m-1024x683.png 1024w, https:\/\/academia.utp.edu.co\/profe-ramon\/files\/2025\/07\/ChatGPT-Image-1-jul-2025-05_06_20-p.m-300x200.png 300w, https:\/\/academia.utp.edu.co\/profe-ramon\/files\/2025\/07\/ChatGPT-Image-1-jul-2025-05_06_20-p.m-768x512.png 768w, https:\/\/academia.utp.edu.co\/profe-ramon\/files\/2025\/07\/ChatGPT-Image-1-jul-2025-05_06_20-p.m.png 1536w\" sizes=\"auto, (max-width: 1024px) 100vw, 1024px\" \/><\/figure>\n\n\n\n<figure class=\"wp-block-image size-large is-resized\"><img loading=\"lazy\" decoding=\"async\" width=\"1024\" height=\"683\" src=\"https:\/\/academia.utp.edu.co\/profe-ramon\/files\/2025\/07\/ChatGPT-Image-1-jul-2025-05_37_02-p.m-1024x683.png\" alt=\"\" class=\"wp-image-92\" style=\"width:352px;height:auto\" srcset=\"https:\/\/academia.utp.edu.co\/profe-ramon\/files\/2025\/07\/ChatGPT-Image-1-jul-2025-05_37_02-p.m-1024x683.png 1024w, https:\/\/academia.utp.edu.co\/profe-ramon\/files\/2025\/07\/ChatGPT-Image-1-jul-2025-05_37_02-p.m-300x200.png 300w, https:\/\/academia.utp.edu.co\/profe-ramon\/files\/2025\/07\/ChatGPT-Image-1-jul-2025-05_37_02-p.m-768x512.png 768w, https:\/\/academia.utp.edu.co\/profe-ramon\/files\/2025\/07\/ChatGPT-Image-1-jul-2025-05_37_02-p.m.png 1536w\" sizes=\"auto, (max-width: 1024px) 100vw, 1024px\" \/><\/figure>\n<\/div>\n\n\n\n<p class=\"has-medium-font-size\">Dentro de los conceptos relacionados encontramos:<\/p>\n\n\n\n<ul class=\"wp-block-list\">\n<li class=\"has-medium-font-size\">Vectores en el plano y sus operaciones de suma y resta por medio de:\n<ul class=\"wp-block-list\">\n<li class=\"has-medium-font-size\">M\u00e9todo gr\u00e1fico.<\/li>\n\n\n\n<li>Ley de senos y cosenos.<\/li>\n\n\n\n<li>Componentes cartesianas.<\/li>\n<\/ul>\n<\/li>\n\n\n\n<li class=\"has-medium-font-size\">Vectores en el espacio y sus operaciones aplicando componentes cartesianas.<\/li>\n\n\n\n<li class=\"has-medium-font-size\">Equilibrio de part\u00edculas en el plano y en el espacio.<\/li>\n\n\n\n<li class=\"has-medium-font-size\">Momentos<\/li>\n\n\n\n<li class=\"has-medium-font-size\">Centroides de \u00e1reas compuestas.<\/li>\n\n\n\n<li class=\"has-medium-font-size\">Determinaci\u00f3n de centroides por integraci\u00f3n<\/li>\n\n\n\n<li class=\"has-medium-font-size\">Cuerpos r\u00edgidos en equilibrio<\/li>\n\n\n\n<li class=\"has-medium-font-size\">Armaduras. Aplicaci\u00f3n del m\u00e9todo de los nodos y de secciones.<\/li>\n\n\n\n<li class=\"has-medium-font-size\">Fuerza cortante y momento flector en vigas est\u00e1ticamente determinadas. Diagramas de fuerza cortante y momento flector.&nbsp;<\/li>\n<\/ul>\n\n\n\n<p class=\"has-medium-font-size\">Estos son solo algunos de los tem\u00e1s en los que brindo asesor\u00edas. Puedes ponerte en contacto conmigo si tienes otros requerimientos afines.<\/p>\n\n\n\n<p><strong>\u00a1Te invito a asumir este reto acad\u00e9mico con disciplina y curiosidad, y a descubrir c\u00f3mo la est\u00e1tica es la base sobre la cual se construyen las grandes ideas de la ingenier\u00eda mec\u00e1nica!<\/strong><\/p>\n\n\n\n<p><\/p>\n","protected":false},"excerpt":{"rendered":"<p>Bienvenido a las asesor\u00edas sobre est\u00e1tica, una de las \u00e1reas fundamentales en la formaci\u00f3n de todo ingeniero. En este espacio exploraremos los principios que rigen el equilibrio de los cuerpos, [&hellip;]<\/p>\n","protected":false},"author":531,"featured_media":0,"parent":0,"menu_order":0,"comment_status":"closed","ping_status":"closed","template":"","meta":{"site-sidebar-layout":"default","site-content-layout":"","ast-site-content-layout":"default","site-content-style":"default","site-sidebar-style":"default","ast-global-header-display":"","ast-banner-title-visibility":"","ast-main-header-display":"","ast-hfb-above-header-display":"","ast-hfb-below-header-display":"","ast-hfb-mobile-header-display":"","site-post-title":"","ast-breadcrumbs-content":"","ast-featured-img":"","footer-sml-layout":"","ast-disable-related-posts":"","theme-transparent-header-meta":"","adv-header-id-meta":"","stick-header-meta":"","header-above-stick-meta":"","header-main-stick-meta":"","header-below-stick-meta":"","astra-migrate-meta-layouts":"default","ast-page-background-enabled":"default","ast-page-background-meta":{"desktop":{"background-color":"var(--ast-global-color-5)","background-image":"","background-repeat":"repeat","background-position":"center center","background-size":"auto","background-attachment":"scroll","background-type":"","background-media":"","overlay-type":"","overlay-color":"","overlay-opacity":"","overlay-gradient":""},"tablet":{"background-color":"","background-image":"","background-repeat":"repeat","background-position":"center center","background-size":"auto","background-attachment":"scroll","background-type":"","background-media":"","overlay-type":"","overlay-color":"","overlay-opacity":"","overlay-gradient":""},"mobile":{"background-color":"","background-image":"","background-repeat":"repeat","background-position":"center center","background-size":"auto","background-attachment":"scroll","background-type":"","background-media":"","overlay-type":"","overlay-color":"","overlay-opacity":"","overlay-gradient":""}},"ast-content-background-meta":{"desktop":{"background-color":"var(--ast-global-color-4)","background-image":"","background-repeat":"repeat","background-position":"center center","background-size":"auto","background-attachment":"scroll","background-type":"","background-media":"","overlay-type":"","overlay-color":"","overlay-opacity":"","overlay-gradient":""},"tablet":{"background-color":"var(--ast-global-color-4)","background-image":"","background-repeat":"repeat","background-position":"center center","background-size":"auto","background-attachment":"scroll","background-type":"","background-media":"","overlay-type":"","overlay-color":"","overlay-opacity":"","overlay-gradient":""},"mobile":{"background-color":"var(--ast-global-color-4)","background-image":"","background-repeat":"repeat","background-position":"center center","background-size":"auto","background-attachment":"scroll","background-type":"","background-media":"","overlay-type":"","overlay-color":"","overlay-opacity":"","overlay-gradient":""}},"footnotes":""},"class_list":["post-26","page","type-page","status-publish","hentry"],"_links":{"self":[{"href":"https:\/\/academia.utp.edu.co\/profe-ramon\/wp-json\/wp\/v2\/pages\/26","targetHints":{"allow":["GET"]}}],"collection":[{"href":"https:\/\/academia.utp.edu.co\/profe-ramon\/wp-json\/wp\/v2\/pages"}],"about":[{"href":"https:\/\/academia.utp.edu.co\/profe-ramon\/wp-json\/wp\/v2\/types\/page"}],"author":[{"embeddable":true,"href":"https:\/\/academia.utp.edu.co\/profe-ramon\/wp-json\/wp\/v2\/users\/531"}],"replies":[{"embeddable":true,"href":"https:\/\/academia.utp.edu.co\/profe-ramon\/wp-json\/wp\/v2\/comments?post=26"}],"version-history":[{"count":11,"href":"https:\/\/academia.utp.edu.co\/profe-ramon\/wp-json\/wp\/v2\/pages\/26\/revisions"}],"predecessor-version":[{"id":93,"href":"https:\/\/academia.utp.edu.co\/profe-ramon\/wp-json\/wp\/v2\/pages\/26\/revisions\/93"}],"wp:attachment":[{"href":"https:\/\/academia.utp.edu.co\/profe-ramon\/wp-json\/wp\/v2\/media?parent=26"}],"curies":[{"name":"wp","href":"https:\/\/api.w.org\/{rel}","templated":true}]}}