{"id":105621,"date":"2019-02-18T10:16:29","date_gmt":"2019-02-18T15:16:29","guid":{"rendered":"http:\/\/academia.utp.edu.co\/propiedades-magneticas-y-magnetoopticas-de-nuevos-materiales\/?page_id=105621"},"modified":"2019-10-07T09:51:16","modified_gmt":"2019-10-07T14:51:16","slug":"red-nuevos-materiales-utp-cinvestavqueretaro","status":"publish","type":"page","link":"https:\/\/academia.utp.edu.co\/propiedades-magneticas-y-magnetoopticas-de-nuevos-materiales\/redes\/red-nuevos-materiales-utp-cinvestavqueretaro\/","title":{"rendered":"RED NUEVOS MATERIALES UTP-CINVESTAV(Quer\u00e9taro)"},"content":{"rendered":"\n<hr class=\"wp-block-separator\" \/>\n\n\n\n<h2 class=\"wp-block-heading\" style=\"text-align:center\"><strong>RED NUEVOS MATERIALES UTP-CINVESTAV<\/strong><\/h2>\n\n\n\n<hr class=\"wp-block-separator\" \/>\n\n\n\n<h3 class=\"wp-block-heading\"><strong>OBJETIVO:<\/strong><\/h3>\n\n\n\n<p>A partir del 2009 se inicia una colaboraci\u00f3n acad\u00e9mica entre la Dra. Beatriz Cruz Mu\u00f1oz del grupo de Propiedades Magn\u00e9ticas y Magneto-\u00f3pticas de Nuevos Materiales (GIMM) de la UTP \u2013 Pereira y el Dr. Juan Mu\u00f1oz Salda\u00f1a quien dirige el <a href=\"http:\/\/www.qro.cinvestav.mx\/materiales-multifuncionales\/78-dr-juan-munoz-saldana\">Grupo de investigaci\u00f3n de Cer\u00e1micos Multifuncionales<\/a>&nbsp;adscrito al CINVESTAV-Quer\u00e9taro. Esta colaboraci\u00f3n se consolida a partir del a\u00f1o 2014 como una red de investigaci\u00f3n entre los dos grupos de investigaci\u00f3n en el \u00e1rea de materiales funcionales, permitiendo a algunos estudiantes de grado de Ingenier\u00eda F\u00edsica de la UTP (grupo GIMM) realizar caracterizaciones estructurales de los materiales fabricados en Colombia. Esa colaboraci\u00f3n ha seguido de manera continua mediante la ejecuci\u00f3n puntual de actividades de investigaci\u00f3n que han permitido la formaci\u00f3n en maestr\u00eda y doctorado de algunos profesionales graduados de la UTP en el CINVESTAV-Quer\u00e9taro, adem\u00e1s de la generaci\u00f3n de art\u00edculos de nuevo conocimiento concebidos durante el desarrollo de los proyectos de grado de los estudiantes, el desarrollo del trabajo de investigaci\u00f3n de J\u00f3venes Investigadores Colciencias y en algunos casos particulares realizar pasant\u00edas de investigaci\u00f3n en las instalaciones del Cinvestav y la visita del director del Grupo de Cer\u00e1micos Multifuncionales a la UTP. <\/p>\n\n\n\n<h3 class=\"wp-block-heading\"><strong>INTEGRANTES:<\/strong><\/h3>\n\n\n\n<ul class=\"wp-block-list\"><li> Astrid Giraldo Betancur<\/li><li> Dra Beatriz Cruz Mu\u00f1oz<\/li><li> Dr. Juan Mu\u00f1oz Salda\u00f1a <\/li><\/ul>\n\n\n\n<h3 class=\"wp-block-heading\"><strong>COORDINADORES:<\/strong><\/h3>\n\n\n\n<ul class=\"wp-block-list\"><li>Dra Beatriz Cruz Mu\u00f1oz<\/li><\/ul>\n\n\n\n<h3 class=\"wp-block-heading\"><strong>ACTIVIDADES:<\/strong><\/h3>\n\n\n\n<ul class=\"wp-block-list\"><li> Visitas acad\u00e9micas de investigaci\u00f3n de los integrantes de los grupos de investigaci\u00f3n pertenecientes a la red y de los estudiantes adscritos a los grupos de investigaci\u00f3n.<\/li><li> Reuniones virtuales y\/o presenciales peri\u00f3dicas.<\/li><li> Direcci\u00f3n de proyectos de pregrado y posgrado<\/li><li> Participaci\u00f3n en eventos cient\u00edficos.<\/li><li> Publicaciones en revistas acad\u00e9micas indexadas<\/li><li> Premios en becas <\/li><\/ul>\n\n\n\n<h3 class=\"wp-block-heading\"><strong>RESULTADOS:<\/strong><\/h3>\n\n\n\n<h4 class=\"wp-block-heading\"><strong>TRABAJOS DE GRADO:<\/strong><\/h4>\n\n\n\n<ul class=\"wp-block-list\"><li>\u201cEfecto de la composici\u00f3n de carbono sobre las propiedades magn\u00e9ticas y estructurales en pel\u00edculas delgadas de FeC producidas por deposici\u00f3n por l\u00e1ser pulsado (PLD)\u201d por Andr\u00e9s Camilo Garc\u00eda<\/li><li>Dise\u00f1o y construcci\u00f3n de un contador proporcional de flujo de gas y su implementaci\u00f3n a un sistema de Espectroscopia M\u00f6ssbauer\u201d por Luis Alberto C\u00e1ceres D\u00edaz<\/li><li>\u201cProducci\u00f3n y caracterizaci\u00f3n estructural de pel\u00edculas delgadas de BiFeO3 depositadas por la t\u00e9cnica de PLD\u201d por Julie Andrea Rinc\u00f3n y Eduardo Fl\u00f3rez Galeano.<\/li><li>\u201cS\u00edntesis de ferritas de bismuto con aplicaciones para c\u00e1todos de celdas de combustible\u201d por Melissa Reales.<\/li><\/ul>\n\n\n\n<h4 class=\"wp-block-heading\"><strong>TRABAJOS DE POSGRADO:<\/strong><\/h4>\n\n\n\n<ul class=\"wp-block-list\"><li>ANDRES CAMILO GARCIA (CINVESTAV QUERETARO)<\/li><li>LUIS ALBERTO CACERES (CINVESTAV QUERETARO)<\/li><li>JULIE ANDREA RINCON (CINVESTAV QUERETARO)<\/li><\/ul>\n\n\n\n<h4 class=\"wp-block-heading\"><strong>BECAS DE INVESTIGACI\u00d3N:<\/strong><\/h4>\n\n\n\n<ul class=\"wp-block-list\"><li>Beca Iberoam\u00e9rica J\u00f3venes Profesores e Investigadores del Banco Santander Espa\u00f1a \u2013 noviembre de 2013<\/li><li>Joven Investigadora Colciencias Johanna Monsalve 2014<\/li><li>Joven Investigadora Colciencias Katherine Monsalve 2015<\/li><li>Joven Investigador Colciencias Luis Alberto C\u00e1ceres 2009<\/li><\/ul>\n\n\n\n<h4 class=\"wp-block-heading\"><em><strong>Como resultados demostrables del trabajo realizado en la red, el balance en la UTP es:<\/strong><\/em><\/h4>\n\n\n\n<ol class=\"wp-block-list\"><li>Estudiantes que han obtenido su t\u00edtulo de pregrado en el marco de los proyectos de investigaci\u00f3n de la red: INGENIER\u00cdA F\u00cdSICA: 7<\/li><li>Participaci\u00f3n en eventos nacionales e internacionales 4<\/li><li>Art\u00edculos publicados en revistas indexadas: 2<\/li><li>Memorias de Encuentros de Semilleros: 5<\/li><\/ol>\n\n\n\n<p><\/p>\n","protected":false},"excerpt":{"rendered":"<p>RED NUEVOS MATERIALES UTP-CINVESTAV OBJETIVO: A partir del 2009 se inicia una colaboraci\u00f3n acad\u00e9mica entre la Dra. Beatriz Cruz Mu\u00f1oz del grupo de Propiedades Magn\u00e9ticas y Magneto-\u00f3pticas de Nuevos Materiales <a href=\"https:\/\/academia.utp.edu.co\/propiedades-magneticas-y-magnetoopticas-de-nuevos-materiales\/redes\/red-nuevos-materiales-utp-cinvestavqueretaro\/\" rel=\"nofollow\"><span class=\"sr-only\">Leer m\u00e1sRED NUEVOS MATERIALES UTP-CINVESTAV(Quer\u00e9taro)<\/span>[&hellip;]<\/a><\/p>\n","protected":false},"author":781,"featured_media":0,"parent":104721,"menu_order":0,"comment_status":"closed","ping_status":"closed","template":"","meta":{"footnotes":""},"class_list":["post-105621","page","type-page","status-publish","hentry"],"_links":{"self":[{"href":"https:\/\/academia.utp.edu.co\/propiedades-magneticas-y-magnetoopticas-de-nuevos-materiales\/wp-json\/wp\/v2\/pages\/105621","targetHints":{"allow":["GET"]}}],"collection":[{"href":"https:\/\/academia.utp.edu.co\/propiedades-magneticas-y-magnetoopticas-de-nuevos-materiales\/wp-json\/wp\/v2\/pages"}],"about":[{"href":"https:\/\/academia.utp.edu.co\/propiedades-magneticas-y-magnetoopticas-de-nuevos-materiales\/wp-json\/wp\/v2\/types\/page"}],"author":[{"embeddable":true,"href":"https:\/\/academia.utp.edu.co\/propiedades-magneticas-y-magnetoopticas-de-nuevos-materiales\/wp-json\/wp\/v2\/users\/781"}],"replies":[{"embeddable":true,"href":"https:\/\/academia.utp.edu.co\/propiedades-magneticas-y-magnetoopticas-de-nuevos-materiales\/wp-json\/wp\/v2\/comments?post=105621"}],"version-history":[{"count":11,"href":"https:\/\/academia.utp.edu.co\/propiedades-magneticas-y-magnetoopticas-de-nuevos-materiales\/wp-json\/wp\/v2\/pages\/105621\/revisions"}],"predecessor-version":[{"id":108381,"href":"https:\/\/academia.utp.edu.co\/propiedades-magneticas-y-magnetoopticas-de-nuevos-materiales\/wp-json\/wp\/v2\/pages\/105621\/revisions\/108381"}],"up":[{"embeddable":true,"href":"https:\/\/academia.utp.edu.co\/propiedades-magneticas-y-magnetoopticas-de-nuevos-materiales\/wp-json\/wp\/v2\/pages\/104721"}],"wp:attachment":[{"href":"https:\/\/academia.utp.edu.co\/propiedades-magneticas-y-magnetoopticas-de-nuevos-materiales\/wp-json\/wp\/v2\/media?parent=105621"}],"curies":[{"name":"wp","href":"https:\/\/api.w.org\/{rel}","templated":true}]}}