{"id":13821,"date":"2018-11-08T08:55:53","date_gmt":"2018-11-08T13:55:53","guid":{"rendered":"http:\/\/academia.utp.edu.co\/propiedades-magneticas-y-magnetoopticas-de-nuevos-materiales\/?page_id=13821"},"modified":"2019-10-07T10:06:16","modified_gmt":"2019-10-07T15:06:16","slug":"multimedia-descargas","status":"publish","type":"page","link":"https:\/\/academia.utp.edu.co\/propiedades-magneticas-y-magnetoopticas-de-nuevos-materiales\/nosotros\/multimedia-descargas\/","title":{"rendered":"Multimedia &amp; Descargas"},"content":{"rendered":"\n<hr class=\"wp-block-separator\" \/>\n\n\n\n<div class=\"wp-block-media-text alignwide\"><figure class=\"wp-block-media-text__media\"><img loading=\"lazy\" decoding=\"async\" width=\"730\" height=\"497\" src=\"https:\/\/academia.utp.edu.co\/propiedades-magneticas-y-magnetoopticas-de-nuevos-materiales\/files\/2019\/10\/arduino-cursos-730x497.jpg\" alt=\"\" class=\"wp-image-108471\" srcset=\"https:\/\/academia.utp.edu.co\/propiedades-magneticas-y-magnetoopticas-de-nuevos-materiales\/files\/2019\/10\/arduino-cursos-730x497.jpg 730w, https:\/\/academia.utp.edu.co\/propiedades-magneticas-y-magnetoopticas-de-nuevos-materiales\/files\/2019\/10\/arduino-cursos-730x497-300x204.jpg 300w\" sizes=\"auto, (max-width: 730px) 100vw, 730px\" \/><\/figure><div class=\"wp-block-media-text__content\">\n<p><strong>ARDUINO:<\/strong>\u00a0es una compa\u00f1\u00eda de fuente abierta y hardware abierto as\u00ed como un proyecto y comunidad internacional que dise\u00f1a y manufactura placas de desarrollo de hardware para construir dispositivos digitales y dispositivos interactivos que puedan detectar y controlar objetos del mundo real. <\/p>\n\n\n\n<p><a href=\"https:\/\/www.arduino.cc\/en\/Main\/Software\" target=\"_blank\" rel=\"noreferrer noopener\">Descarga ARDUINO en este link<\/a><\/p>\n<\/div><\/div>\n\n\n\n<hr class=\"wp-block-separator\" \/>\n\n\n\n<div class=\"wp-block-media-text alignwide\"><figure class=\"wp-block-media-text__media\"><img loading=\"lazy\" decoding=\"async\" width=\"645\" height=\"256\" src=\"https:\/\/academia.utp.edu.co\/propiedades-magneticas-y-magnetoopticas-de-nuevos-materiales\/files\/2019\/10\/banner-logo.png\" alt=\"\" class=\"wp-image-108481\" srcset=\"https:\/\/academia.utp.edu.co\/propiedades-magneticas-y-magnetoopticas-de-nuevos-materiales\/files\/2019\/10\/banner-logo.png 645w, https:\/\/academia.utp.edu.co\/propiedades-magneticas-y-magnetoopticas-de-nuevos-materiales\/files\/2019\/10\/banner-logo-300x119.png 300w\" sizes=\"auto, (max-width: 645px) 100vw, 645px\" \/><\/figure><div class=\"wp-block-media-text__content\">\n<p><strong>VESTA:<\/strong>\u00a0<strong>V<\/strong>isualization for <strong>E<\/strong>lectronic ans <strong>ST<\/strong>ructural <strong>A<\/strong>nalysis, es un programa de visualizaci\u00f3n 3D para modelos estructurales, datos volum\u00e9tricos como densidades electr\u00f3n \/ nucleares y morfolog\u00edas de cristal. <\/p>\n\n\n\n<p><a href=\"http:\/\/jp-minerals.org\/vesta\/en\/download.html\">Descarga VESTA en este link<\/a><br \/><br \/>En el siguiente enlace se puede obtener archivos CIF para refinamiento en VESTA.\u00a0<a href=\"https:\/\/materialsproject.org\/\">materialsproject.org<\/a><\/p>\n<\/div><\/div>\n\n\n\n<hr class=\"wp-block-separator\" \/>\n\n\n\n<div class=\"wp-block-media-text alignwide\"><figure class=\"wp-block-media-text__media\"><img loading=\"lazy\" decoding=\"async\" width=\"432\" height=\"400\" src=\"https:\/\/academia.utp.edu.co\/propiedades-magneticas-y-magnetoopticas-de-nuevos-materiales\/files\/2019\/10\/1505842530.png\" alt=\"\" class=\"wp-image-108491\" srcset=\"https:\/\/academia.utp.edu.co\/propiedades-magneticas-y-magnetoopticas-de-nuevos-materiales\/files\/2019\/10\/1505842530.png 432w, https:\/\/academia.utp.edu.co\/propiedades-magneticas-y-magnetoopticas-de-nuevos-materiales\/files\/2019\/10\/1505842530-300x278.png 300w\" sizes=\"auto, (max-width: 432px) 100vw, 432px\" \/><\/figure><div class=\"wp-block-media-text__content\">\n<p><strong>Octave<\/strong>\u00a0o\u00a0<strong>GNUOctave:<\/strong>\u00a0es un programa y lenguaje de programaci\u00f3n para realizar c\u00e1lculos num\u00e9ricos. Como su nombre indica, Octave es parte del proyecto GNU. Es considerado el equivalente libre de MATLAB. <\/p>\n\n\n\n<p><a href=\"https:\/\/www.gnu.org\/software\/octave\/download.html\">Descarga OCTAVE en este link<\/a><\/p>\n<\/div><\/div>\n\n\n\n<hr class=\"wp-block-separator\" \/>\n\n\n\n<div class=\"wp-block-media-text alignwide\"><figure class=\"wp-block-media-text__media\"><img loading=\"lazy\" decoding=\"async\" width=\"334\" height=\"376\" src=\"https:\/\/academia.utp.edu.co\/propiedades-magneticas-y-magnetoopticas-de-nuevos-materiales\/files\/2019\/10\/inkscape-logo.png\" alt=\"\" class=\"wp-image-108501\" srcset=\"https:\/\/academia.utp.edu.co\/propiedades-magneticas-y-magnetoopticas-de-nuevos-materiales\/files\/2019\/10\/inkscape-logo.png 334w, https:\/\/academia.utp.edu.co\/propiedades-magneticas-y-magnetoopticas-de-nuevos-materiales\/files\/2019\/10\/inkscape-logo-266x300.png 266w\" sizes=\"auto, (max-width: 334px) 100vw, 334px\" \/><\/figure><div class=\"wp-block-media-text__content\">\n<p><strong>Inkscape:<\/strong>\u00a0es un editor de gr\u00e1ficos vectoriales libre y de c\u00f3digo abierto. Inkscape puede crear y editar diagramas, l\u00edneas, gr\u00e1ficos, logotipos, e ilustraciones complejas. El formato principal que utiliza el programa es Scalable Vector Graphics versi\u00f3n 1.1.<\/p>\n\n\n\n<p><a href=\"https:\/\/inkscape.org\/es\/release\/0.92.3\/\">Descarga INKSCAPE en este link<\/a><\/p>\n<\/div><\/div>\n\n\n\n<hr class=\"wp-block-separator\" \/>\n\n\n\n<div class=\"wp-block-media-text alignwide\"><figure class=\"wp-block-media-text__media\"><img loading=\"lazy\" decoding=\"async\" width=\"450\" height=\"350\" src=\"https:\/\/academia.utp.edu.co\/propiedades-magneticas-y-magnetoopticas-de-nuevos-materiales\/files\/2019\/10\/python-nedir.jpg\" alt=\"\" class=\"wp-image-108511\" srcset=\"https:\/\/academia.utp.edu.co\/propiedades-magneticas-y-magnetoopticas-de-nuevos-materiales\/files\/2019\/10\/python-nedir.jpg 450w, https:\/\/academia.utp.edu.co\/propiedades-magneticas-y-magnetoopticas-de-nuevos-materiales\/files\/2019\/10\/python-nedir-300x233.jpg 300w\" sizes=\"auto, (max-width: 450px) 100vw, 450px\" \/><\/figure><div class=\"wp-block-media-text__content\">\n<p><strong>Python<\/strong>\u00a0es un lenguaje de programaci\u00f3n interpretado cuya filosof\u00eda hace hincapi\u00e9 en una sintaxis que favorezca un c\u00f3digo legible. Se trata de un lenguaje de programaci\u00f3n multiparadigma, ya que soporta orientaci\u00f3n a objetos, programaci\u00f3n imperativa y, en menor medida, programaci\u00f3n funcional.\u00a0 <\/p>\n\n\n\n<p><a href=\"https:\/\/www.python.org\/downloads\/\">Descarga PHYTON en este link<\/a> <\/p>\n<\/div><\/div>\n\n\n\n<hr class=\"wp-block-separator\" \/>\n\n\n\n<div class=\"wp-block-media-text alignwide\"><figure class=\"wp-block-media-text__media\"><img loading=\"lazy\" decoding=\"async\" width=\"191\" height=\"195\" src=\"https:\/\/academia.utp.edu.co\/propiedades-magneticas-y-magnetoopticas-de-nuevos-materiales\/files\/2018\/11\/descarga-2.jpg\" alt=\"\" class=\"wp-image-42131\" \/><\/figure><div class=\"wp-block-media-text__content\">\n<p><strong>GSAS-II<\/strong>\u00a0es un proyecto Python \u00fanico y completo de c\u00f3digo abierto para la determinaci\u00f3n de estructuras cristalinas y la caracterizaci\u00f3n de materiales basados \u200b\u200ben difracci\u00f3n para s\u00f3lidos cristalinos en todas las escalas, desde perovskitas hasta prote\u00ednas, utilizando difracci\u00f3n en polvo y monocristal y con rayos X y sondas de neutrones.<\/p>\n\n\n\n<p><a href=\"https:\/\/subversion.xray.aps.anl.gov\/trac\/pyGSAS\">Descarga GSAS-II en este link<\/a> <\/p>\n<\/div><\/div>\n","protected":false},"excerpt":{"rendered":"<p>ARDUINO:\u00a0es una compa\u00f1\u00eda de fuente abierta y hardware abierto as\u00ed como un proyecto y comunidad internacional que dise\u00f1a y manufactura placas de desarrollo de hardware para construir dispositivos digitales y <a href=\"https:\/\/academia.utp.edu.co\/propiedades-magneticas-y-magnetoopticas-de-nuevos-materiales\/nosotros\/multimedia-descargas\/\" rel=\"nofollow\"><span class=\"sr-only\">Leer m\u00e1sMultimedia &amp; Descargas<\/span>[&hellip;]<\/a><\/p>\n","protected":false},"author":781,"featured_media":0,"parent":1061,"menu_order":0,"comment_status":"closed","ping_status":"closed","template":"","meta":{"footnotes":""},"class_list":["post-13821","page","type-page","status-publish","hentry"],"_links":{"self":[{"href":"https:\/\/academia.utp.edu.co\/propiedades-magneticas-y-magnetoopticas-de-nuevos-materiales\/wp-json\/wp\/v2\/pages\/13821","targetHints":{"allow":["GET"]}}],"collection":[{"href":"https:\/\/academia.utp.edu.co\/propiedades-magneticas-y-magnetoopticas-de-nuevos-materiales\/wp-json\/wp\/v2\/pages"}],"about":[{"href":"https:\/\/academia.utp.edu.co\/propiedades-magneticas-y-magnetoopticas-de-nuevos-materiales\/wp-json\/wp\/v2\/types\/page"}],"author":[{"embeddable":true,"href":"https:\/\/academia.utp.edu.co\/propiedades-magneticas-y-magnetoopticas-de-nuevos-materiales\/wp-json\/wp\/v2\/users\/781"}],"replies":[{"embeddable":true,"href":"https:\/\/academia.utp.edu.co\/propiedades-magneticas-y-magnetoopticas-de-nuevos-materiales\/wp-json\/wp\/v2\/comments?post=13821"}],"version-history":[{"count":44,"href":"https:\/\/academia.utp.edu.co\/propiedades-magneticas-y-magnetoopticas-de-nuevos-materiales\/wp-json\/wp\/v2\/pages\/13821\/revisions"}],"predecessor-version":[{"id":108521,"href":"https:\/\/academia.utp.edu.co\/propiedades-magneticas-y-magnetoopticas-de-nuevos-materiales\/wp-json\/wp\/v2\/pages\/13821\/revisions\/108521"}],"up":[{"embeddable":true,"href":"https:\/\/academia.utp.edu.co\/propiedades-magneticas-y-magnetoopticas-de-nuevos-materiales\/wp-json\/wp\/v2\/pages\/1061"}],"wp:attachment":[{"href":"https:\/\/academia.utp.edu.co\/propiedades-magneticas-y-magnetoopticas-de-nuevos-materiales\/wp-json\/wp\/v2\/media?parent=13821"}],"curies":[{"name":"wp","href":"https:\/\/api.w.org\/{rel}","templated":true}]}}