{"id":1901,"date":"2018-10-04T18:14:35","date_gmt":"2018-10-04T23:14:35","guid":{"rendered":"http:\/\/academia.utp.edu.co\/propiedades-magneticas-y-magnetoopticas-de-nuevos-materiales\/?page_id=1901"},"modified":"2018-11-28T14:13:26","modified_gmt":"2018-11-28T19:13:26","slug":"beatriz-cruz-munoz","status":"publish","type":"page","link":"https:\/\/academia.utp.edu.co\/propiedades-magneticas-y-magnetoopticas-de-nuevos-materiales\/nosotros\/integrantes\/beatriz-cruz-munoz\/","title":{"rendered":"PhD. Beatriz Cruz Mu\u00f1oz"},"content":{"rendered":"<table style=\"width: 100%;border-collapse: collapse;border-color: white\" border=\"0\">\n<tbody>\n<tr style=\"height: 132px\">\n<td style=\"width: 50%;height: 132px;background-color: #e4e4e4;text-align: left;vertical-align: middle\" colspan=\"2\">\n<h1 style=\"text-align: left;padding-left: 30px\"><span style=\"font-family: tahoma, arial, helvetica, sans-serif;color: #000000\">PhD. Beatriz Cruz Mu\u00f1oz<\/span><\/h1>\n<p style=\"text-align: left;padding-left: 30px\"><span style=\"font-family: tahoma, arial, helvetica, sans-serif;color: #000000\">DOCTORADO EN CIENCIAS &#8211; F\u00cdSICA<\/span><\/p>\n<\/td>\n<\/tr>\n<tr style=\"height: 296px\">\n<td style=\"width: 50%;height: 296px;text-align: center;vertical-align: middle\"><span style=\"font-family: tahoma, arial, helvetica, sans-serif\"><img loading=\"lazy\" decoding=\"async\" class=\"aligncenter size-full wp-image-1861\" src=\"https:\/\/academia.utp.edu.co\/propiedades-magneticas-y-magnetoopticas-de-nuevos-materiales\/files\/2018\/10\/images.jpg\" alt=\"\" width=\"224\" height=\"224\" srcset=\"https:\/\/academia.utp.edu.co\/propiedades-magneticas-y-magnetoopticas-de-nuevos-materiales\/files\/2018\/10\/images.jpg 224w, https:\/\/academia.utp.edu.co\/propiedades-magneticas-y-magnetoopticas-de-nuevos-materiales\/files\/2018\/10\/images-150x150.jpg 150w\" sizes=\"auto, (max-width: 224px) 100vw, 224px\" \/><\/span><\/p>\n<p style=\"text-align: center\">&nbsp;<\/p>\n<\/td>\n<td style=\"width: 50%;height: 296px;text-align: center;vertical-align: middle\">\n<p style=\"text-align: left\"><span style=\"color: #339966;font-family: tahoma, arial, helvetica, sans-serif\"><strong>Informaci\u00f3n:&nbsp;<\/strong><span style=\"color: #000000\">bcruz@utp.edu.co<\/span><\/span><\/p>\n<p style=\"text-align: left\"><span style=\"font-family: tahoma, arial, helvetica, sans-serif\"><a href=\"http:\/\/scienti.colciencias.gov.co:8081\/cvlac\/visualizador\/generarCurriculoCv.do?cod_rh=0000031542\">CvLac<\/a><\/span><\/p>\n<p style=\"text-align: left\"><span style=\"font-family: tahoma, arial, helvetica, sans-serif\"><a href=\"https:\/\/www.researchgate.net\/profile\/B_Cruz2\">ResearchGate<\/a><\/span><\/p>\n<p style=\"text-align: left\"><span style=\"font-family: tahoma, arial, helvetica, sans-serif\"><a href=\"https:\/\/scholar.google.com\/citations?user=kXP7J2YAAAAJ&amp;hl=es\">Google Scholar<\/a><\/span><\/p>\n<p style=\"text-align: left\"><span style=\"font-family: tahoma, arial, helvetica, sans-serif;color: #000000\">ORCID:&nbsp;0000-0000-0000-0000<\/span><\/p>\n<p style=\"text-align: left\"><span style=\"font-family: tahoma, arial, helvetica, sans-serif;color: #000000\">Scopus-ID:&nbsp;0000000000<\/span><\/p>\n<\/td>\n<\/tr>\n<\/tbody>\n<\/table>\n<p>&nbsp;<\/p>\n","protected":false},"excerpt":{"rendered":"<p>PhD. Beatriz Cruz Mu\u00f1oz DOCTORADO EN CIENCIAS &#8211; F\u00cdSICA &nbsp; Informaci\u00f3n:&nbsp;bcruz@utp.edu.co CvLac ResearchGate Google Scholar ORCID:&nbsp;0000-0000-0000-0000 Scopus-ID:&nbsp;0000000000 &nbsp;<\/p>\n","protected":false},"author":781,"featured_media":0,"parent":1521,"menu_order":0,"comment_status":"closed","ping_status":"closed","template":"","meta":{"footnotes":""},"class_list":["post-1901","page","type-page","status-publish","hentry"],"_links":{"self":[{"href":"https:\/\/academia.utp.edu.co\/propiedades-magneticas-y-magnetoopticas-de-nuevos-materiales\/wp-json\/wp\/v2\/pages\/1901","targetHints":{"allow":["GET"]}}],"collection":[{"href":"https:\/\/academia.utp.edu.co\/propiedades-magneticas-y-magnetoopticas-de-nuevos-materiales\/wp-json\/wp\/v2\/pages"}],"about":[{"href":"https:\/\/academia.utp.edu.co\/propiedades-magneticas-y-magnetoopticas-de-nuevos-materiales\/wp-json\/wp\/v2\/types\/page"}],"author":[{"embeddable":true,"href":"https:\/\/academia.utp.edu.co\/propiedades-magneticas-y-magnetoopticas-de-nuevos-materiales\/wp-json\/wp\/v2\/users\/781"}],"replies":[{"embeddable":true,"href":"https:\/\/academia.utp.edu.co\/propiedades-magneticas-y-magnetoopticas-de-nuevos-materiales\/wp-json\/wp\/v2\/comments?post=1901"}],"version-history":[{"count":20,"href":"https:\/\/academia.utp.edu.co\/propiedades-magneticas-y-magnetoopticas-de-nuevos-materiales\/wp-json\/wp\/v2\/pages\/1901\/revisions"}],"predecessor-version":[{"id":83951,"href":"https:\/\/academia.utp.edu.co\/propiedades-magneticas-y-magnetoopticas-de-nuevos-materiales\/wp-json\/wp\/v2\/pages\/1901\/revisions\/83951"}],"up":[{"embeddable":true,"href":"https:\/\/academia.utp.edu.co\/propiedades-magneticas-y-magnetoopticas-de-nuevos-materiales\/wp-json\/wp\/v2\/pages\/1521"}],"wp:attachment":[{"href":"https:\/\/academia.utp.edu.co\/propiedades-magneticas-y-magnetoopticas-de-nuevos-materiales\/wp-json\/wp\/v2\/media?parent=1901"}],"curies":[{"name":"wp","href":"https:\/\/api.w.org\/{rel}","templated":true}]}}